{"id":874,"date":"2025-10-11T07:53:12","date_gmt":"2025-10-11T05:53:12","guid":{"rendered":"http:\/\/kotlinafishing.pl\/?post_type=product&#038;p=874"},"modified":"2026-01-29T15:27:15","modified_gmt":"2026-01-29T14:27:15","slug":"plecionka-mikado-dreamline-competition-150m-fluo-zielona","status":"publish","type":"product","link":"https:\/\/kotlinafishing.pl\/?product=plecionka-mikado-dreamline-competition-150m-fluo-zielona","title":{"rendered":"Plecionka Mikado Dreamline Competition 150m (fluo zielona)"},"content":{"rendered":"<p>Plecionka <strong>Dream Line<\/strong> to zaawansowana technicznie linka speciona z o\u015bmiu mikrow\u0142\u00f3kien o zag\u0119szczonej strukturze. Jej \u015bliska pow\u0142oka, du\u017ca wytrzyma\u0142o\u015b\u0107 oraz podwy\u017cszona odporno\u015b\u0107 na przetarcia to parametry, kt\u00f3re doceni\u0105 najbardziej wymagaj\u0105cy w\u0119dkarze.<\/p>\n","protected":false},"excerpt":{"rendered":"<p>Plecionka <strong>Dream Line<\/strong> to zaawansowana technicznie linka speciona z o\u015bmiu mikrow\u0142\u00f3kien o zag\u0119szczonej strukturze. Jej \u015bliska pow\u0142oka, du\u017ca wytrzyma\u0142o\u015b\u0107 oraz podwy\u017cszona odporno\u015b\u0107 na przetarcia to parametry, kt\u00f3re doceni\u0105 najbardziej wymagaj\u0105cy w\u0119dkarze.<\/p>\n","protected":false},"featured_media":979,"template":"","meta":[],"product_brand":[22],"product_cat":[175,63,19,21,60,174],"product_tag":[],"class_list":{"0":"post-874","1":"product","2":"type-product","3":"status-publish","4":"has-post-thumbnail","6":"product_brand-mikado","7":"product_cat-plecionki-zylki-plecionki-fluorocarbon","8":"product_cat-plecionki","9":"product_cat-grunt","10":"product_cat-spinning","11":"product_cat-zylki-plecionki","12":"product_cat-zylki-plecionki-fluorocarbon","14":"first","15":"instock","16":"shipping-taxable","17":"purchasable","18":"product-type-variable"},"_links":{"self":[{"href":"https:\/\/kotlinafishing.pl\/index.php?rest_route=\/wp\/v2\/product\/874","targetHints":{"allow":["GET"]}}],"collection":[{"href":"https:\/\/kotlinafishing.pl\/index.php?rest_route=\/wp\/v2\/product"}],"about":[{"href":"https:\/\/kotlinafishing.pl\/index.php?rest_route=\/wp\/v2\/types\/product"}],"wp:featuredmedia":[{"embeddable":true,"href":"https:\/\/kotlinafishing.pl\/index.php?rest_route=\/wp\/v2\/media\/979"}],"wp:attachment":[{"href":"https:\/\/kotlinafishing.pl\/index.php?rest_route=%2Fwp%2Fv2%2Fmedia&parent=874"}],"wp:term":[{"taxonomy":"product_brand","embeddable":true,"href":"https:\/\/kotlinafishing.pl\/index.php?rest_route=%2Fwp%2Fv2%2Fproduct_brand&post=874"},{"taxonomy":"product_cat","embeddable":true,"href":"https:\/\/kotlinafishing.pl\/index.php?rest_route=%2Fwp%2Fv2%2Fproduct_cat&post=874"},{"taxonomy":"product_tag","embeddable":true,"href":"https:\/\/kotlinafishing.pl\/index.php?rest_route=%2Fwp%2Fv2%2Fproduct_tag&post=874"}],"curies":[{"name":"wp","href":"https:\/\/api.w.org\/{rel}","templated":true}]}}