{"id":631,"date":"2025-09-26T10:09:28","date_gmt":"2025-09-26T08:09:28","guid":{"rendered":"http:\/\/kotlinafishing.pl\/?post_type=product&#038;p=631"},"modified":"2026-02-20T19:00:10","modified_gmt":"2026-02-20T18:00:10","slug":"haczyki-bezzadziorowe-drennan-carp-match","status":"publish","type":"product","link":"https:\/\/kotlinafishing.pl\/?product=haczyki-bezzadziorowe-drennan-carp-match","title":{"rendered":"Haczyki bezzadziorowe Drennan Carp Match (bez zadziora)"},"content":{"rendered":"<p><span class=\"citation-7\">Drennan Carp Match<\/span><span class=\"citation-7\">\u00a0to haczyki wyprodukowane ze <\/span><span class=\"citation-7\">\u015brednio grubego, super-wysokow\u0119glowego drutu stalowego<\/span><span class=\"citation-7 citation-end-7\">.<\/span> <span class=\"citation-6\">Charakteryzuj\u0105 si\u0119 <\/span><span class=\"citation-6\">specjalnym wygi\u0119ciem<\/span><span class=\"citation-6\"> i <\/span><span class=\"citation-6\">bardzo d\u0142ugim, zakrzywionym grotem<\/span><span class=\"citation-6 citation-end-6\">, co znacznie poprawia zar\u00f3wno zacinanie, jak i utrzymanie ryby.<\/span><\/p>\n<div class=\"source-inline-chip-container ng-star-inserted\"><\/div>\n<p><span class=\"citation-5\">Idealne do metody sp\u0142awikowej (waggler) lub \u0142owienia tyczk\u0105 (batem) oraz do szerokiej gamy przyn\u0119t, od <\/span><span class=\"citation-5\">robak\u00f3w<\/span><span class=\"citation-5\">\u00a0po <\/span><span class=\"citation-5\">kukurydz\u0119<\/span><span class=\"citation-5\">, <\/span><span class=\"citation-5\">mi\u0119so<\/span><span class=\"citation-5\"> i <\/span><span class=\"citation-5\">pellet<\/span><span class=\"citation-5 citation-end-5\">.<\/span> <span class=\"citation-4\">Doskonale nadaj\u0105 si\u0119 r\u00f3wnie\u017c do wi\u0105zania schludnych, wyczynowych <\/span><span class=\"citation-4\">przypon\u00f3w w\u0142osowych<\/span><span class=\"citation-4\">\u00a0z u\u017cyciem <\/span><span class=\"citation-4\">w\u0119z\u0142a bezw\u0119z\u0142owego.<\/span><\/p>\n<p>&nbsp;<\/p>\n<ul>\n<li>Szlifowany i trawiony chemicznie grot<\/li>\n<li>Super-wysokow\u0119glowy drut stalowy<\/li>\n<li>Bardzo d\u0142ugi, zakrzywiony grot<\/li>\n<li>Bezzadziorowe (Barbless)<\/li>\n<li>Z oczkiem (Eyed)<\/li>\n<li>Specjalne wygi\u0119cie<\/li>\n<li>Dziesi\u0119\u0107 haczyk\u00f3w w opakowaniu<\/li>\n<\/ul>\n","protected":false},"excerpt":{"rendered":"<p><span class=\"citation-7\">Drennan Carp Match<\/span><span class=\"citation-7\">\u00a0to haczyki wyprodukowane ze <\/span><span class=\"citation-7\">\u015brednio grubego, super-wysokow\u0119glowego drutu stalowego<\/span><span class=\"citation-7 citation-end-7\">.<\/span> <span class=\"citation-6\">Charakteryzuj\u0105 si\u0119 <\/span><span class=\"citation-6\">specjalnym wygi\u0119ciem<\/span><span class=\"citation-6\"> i <\/span><span class=\"citation-6\">bardzo d\u0142ugim, zakrzywionym grotem<\/span><span class=\"citation-6 citation-end-6\">, co znacznie poprawia zar\u00f3wno zacinanie, jak i utrzymanie ryby.<\/span><\/p>\n","protected":false},"featured_media":2952,"template":"","meta":[],"product_brand":[31],"product_cat":[159,19,18],"product_tag":[],"class_list":{"0":"post-631","1":"product","2":"type-product","3":"status-publish","4":"has-post-thumbnail","6":"product_brand-drennan","7":"product_cat-haczyki-splawik","8":"product_cat-grunt","9":"product_cat-splawik","11":"first","12":"instock","13":"shipping-taxable","14":"purchasable","15":"product-type-variable"},"_links":{"self":[{"href":"https:\/\/kotlinafishing.pl\/index.php?rest_route=\/wp\/v2\/product\/631","targetHints":{"allow":["GET"]}}],"collection":[{"href":"https:\/\/kotlinafishing.pl\/index.php?rest_route=\/wp\/v2\/product"}],"about":[{"href":"https:\/\/kotlinafishing.pl\/index.php?rest_route=\/wp\/v2\/types\/product"}],"wp:featuredmedia":[{"embeddable":true,"href":"https:\/\/kotlinafishing.pl\/index.php?rest_route=\/wp\/v2\/media\/2952"}],"wp:attachment":[{"href":"https:\/\/kotlinafishing.pl\/index.php?rest_route=%2Fwp%2Fv2%2Fmedia&parent=631"}],"wp:term":[{"taxonomy":"product_brand","embeddable":true,"href":"https:\/\/kotlinafishing.pl\/index.php?rest_route=%2Fwp%2Fv2%2Fproduct_brand&post=631"},{"taxonomy":"product_cat","embeddable":true,"href":"https:\/\/kotlinafishing.pl\/index.php?rest_route=%2Fwp%2Fv2%2Fproduct_cat&post=631"},{"taxonomy":"product_tag","embeddable":true,"href":"https:\/\/kotlinafishing.pl\/index.php?rest_route=%2Fwp%2Fv2%2Fproduct_tag&post=631"}],"curies":[{"name":"wp","href":"https:\/\/api.w.org\/{rel}","templated":true}]}}