{"id":560,"date":"2025-09-14T20:49:15","date_gmt":"2025-09-14T18:49:15","guid":{"rendered":"http:\/\/kotlinafishing.pl\/?post_type=product&#038;p=560"},"modified":"2026-03-03T15:21:27","modified_gmt":"2026-03-03T14:21:27","slug":"delphin-troutera-soft-lure-18m-05-6g-2-sklady","status":"publish","type":"product","link":"https:\/\/kotlinafishing.pl\/?product=delphin-troutera-soft-lure-18m-05-6g-2-sklady","title":{"rendered":"Delphin Troutera Soft Lure 1,8m 0,5-6g. (2 sk\u0142ady)"},"content":{"rendered":"<p>Jak sama nazwa wskazuje, <strong>TROUTERA SoftLURE<\/strong> to w\u0119dka zaprojektowana specjalnie do \u0142owienia pstr\u0105g\u00f3w na mi\u0119kkie przyn\u0119ty sztuczne. Dzi\u0119ki wyrafinowanej konstrukcji i doskona\u0142ym w\u0142a\u015bciwo\u015bciom, w\u0119dka ta stanie si\u0119 nieodzown\u0105 cz\u0119\u015bci\u0105 ekwipunku wi\u0119kszo\u015bci entuzjast\u00f3w \u0142owienia pstr\u0105g\u00f3w.<\/p>\n<p>Bardzo czu\u0142y, smuk\u0142y blank wykonany z w\u0119gla 24T sprawia, \u017ce w\u0119dka jest niezwykle lekka i umo\u017cliwia rzucanie nawet najmniejszymi przyn\u0119tami. W\u0119dka wyposa\u017cona jest w czu\u0142\u0105 szczyt\u00f3wk\u0119, umo\u017cliwiaj\u0105c\u0105 wykrycie nawet najbardziej subtelnych bra\u0144 ostro\u017cnych pstr\u0105g\u00f3w. Dzi\u0119ki parabolicznej akcji w\u0119dki mo\u017cna skutecznie prowadzi\u0107 ryby nawet przy u\u017cyciu bardzo cienkich \u017cy\u0142ek i cienkich haczyk\u00f3w. Precyzyjne prowadzenie delikatnej plecionki lub \u017cy\u0142ki jest dodatkowo wzmocnione przez jednostopkowe przelotki z wk\u0142adkami SIC zastosowane w w\u0119dce <strong>TROUTERA SoftLURE<\/strong>. Czarne owijki przelotek i same czarne przelotki idealnie pasuj\u0105 do og\u00f3lnego projektu w\u0119dki.<\/p>\n<p>Uderzaj\u0105cym wizualnie dodatkiem do w\u0119dki jest drewniany uchwyt ko\u0142owrotka, kt\u00f3ry doskonale uzupe\u0142nia korkow\u0105 r\u0119koje\u015b\u0107. Zastosowane materia\u0142y s\u0105 wysokiej jako\u015bci i odporne na niekorzystne warunki zewn\u0119trzne. Zar\u00f3wno r\u0119koje\u015b\u0107, jak i uchwyt ko\u0142owrotka zosta\u0142y zaprojektowane z my\u015bl\u0105 o wygodnym trzymaniu, nawet podczas d\u0142ugich godzin \u0142owienia. Jedn\u0105 z zalet uchwytu jest jego niewielka d\u0142ugo\u015b\u0107, kt\u00f3ra zapewnia wi\u0119ksz\u0105 manewrowo\u015b\u0107 podczas prowadzenia przyn\u0119ty, zak\u0142adania haczyka i walki z ryb\u0105.<\/p>\n<p><strong>Delphin TROUTERA SoftLURE<\/strong> od razu wyr\u00f3\u017cnia si\u0119 eleganckim designem. Ciemny blank, korkowa r\u0119koje\u015b\u0107, drewniany uchwyt ko\u0142owrotka oraz z\u0142ote i r\u00f3\u017cowe akcenty s\u0105 uzupe\u0142nione dekoracyjnymi owijkami inspirowanymi kolorami pstr\u0105ga t\u0119czowego. Po\u0142\u0105czenie tych cech daje w efekcie oryginaln\u0105, funkcjonaln\u0105 i stylow\u0105 w\u0119dk\u0119 spinningow\u0105, kt\u00f3ra zaskoczy niejednego w\u0119dkarza wyj\u0105tkow\u0105 r\u00f3wnowag\u0105 w\u0142a\u015bciwo\u015bci i niemal niewiarygodn\u0105 cen\u0105 zakupu.<\/p>\n<p>&nbsp;<\/p>\n<p>Specyfikacja:<\/p>\n<p><strong>Model:<\/strong> 180cm 0,5 \u2013 6 g<br \/>\n<strong>Ilo\u015b\u0107 sk\u0142ad\u00f3w:<\/strong> 2<br \/>\n<strong>\u015arednica blanku powy\u017cej r\u0119koje\u015bci:<\/strong> 7,10 mm<br \/>\n<strong>Ilo\u015b\u0107 przelotek:<\/strong> 8<br \/>\n<strong>D\u0142ugo\u015b\u0107 transportowa:<\/strong> 94,5 cm<br \/>\n<strong>Waga:<\/strong> 82 g<br \/>\n<strong>R\u0119koje\u015b\u0107:<\/strong> Cork, imitacja drewna<br \/>\n<strong>D\u0142ugo\u015b\u0107 uchwytu (od dolnika w\u0119dki do \u015brodka uchwytu ko\u0142owrotka):<\/strong> 18,5 cm<\/p>\n","protected":false},"excerpt":{"rendered":"<p>Jak sama nazwa wskazuje, <strong>TROUTERA SoftLURE<\/strong> to w\u0119dka zaprojektowana specjalnie do \u0142owienia pstr\u0105g\u00f3w na mi\u0119kkie przyn\u0119ty sztuczne. Dzi\u0119ki wyrafinowanej konstrukcji i doskona\u0142ym w\u0142a\u015bciwo\u015bciom, w\u0119dka ta stanie si\u0119 nieodzown\u0105 cz\u0119\u015bci\u0105 ekwipunku wi\u0119kszo\u015bci entuzjast\u00f3w \u0142owienia pstr\u0105g\u00f3w.<\/p>\n","protected":false},"featured_media":561,"template":"","meta":[],"product_brand":[97],"product_cat":[21,144,145],"product_tag":[],"class_list":{"0":"post-560","1":"product","2":"type-product","3":"status-publish","4":"has-post-thumbnail","6":"product_brand-delphin","7":"product_cat-spinning","8":"product_cat-wedki-spinning","9":"product_cat-wedki-spinningowe","11":"first","12":"instock","13":"shipping-taxable","14":"purchasable","15":"product-type-simple"},"_links":{"self":[{"href":"https:\/\/kotlinafishing.pl\/index.php?rest_route=\/wp\/v2\/product\/560","targetHints":{"allow":["GET"]}}],"collection":[{"href":"https:\/\/kotlinafishing.pl\/index.php?rest_route=\/wp\/v2\/product"}],"about":[{"href":"https:\/\/kotlinafishing.pl\/index.php?rest_route=\/wp\/v2\/types\/product"}],"wp:featuredmedia":[{"embeddable":true,"href":"https:\/\/kotlinafishing.pl\/index.php?rest_route=\/wp\/v2\/media\/561"}],"wp:attachment":[{"href":"https:\/\/kotlinafishing.pl\/index.php?rest_route=%2Fwp%2Fv2%2Fmedia&parent=560"}],"wp:term":[{"taxonomy":"product_brand","embeddable":true,"href":"https:\/\/kotlinafishing.pl\/index.php?rest_route=%2Fwp%2Fv2%2Fproduct_brand&post=560"},{"taxonomy":"product_cat","embeddable":true,"href":"https:\/\/kotlinafishing.pl\/index.php?rest_route=%2Fwp%2Fv2%2Fproduct_cat&post=560"},{"taxonomy":"product_tag","embeddable":true,"href":"https:\/\/kotlinafishing.pl\/index.php?rest_route=%2Fwp%2Fv2%2Fproduct_tag&post=560"}],"curies":[{"name":"wp","href":"https:\/\/api.w.org\/{rel}","templated":true}]}}