{"id":544,"date":"2025-09-14T20:32:34","date_gmt":"2025-09-14T18:32:34","guid":{"rendered":"http:\/\/kotlinafishing.pl\/?post_type=product&#038;p=544"},"modified":"2026-03-03T15:20:40","modified_gmt":"2026-03-03T14:20:40","slug":"delphin-redcode-228m-3-18g-2-sklady","status":"publish","type":"product","link":"https:\/\/kotlinafishing.pl\/?product=delphin-redcode-228m-3-18g-2-sklady","title":{"rendered":"Delphin RedCODE 2,28m 3-18g. (2 sk\u0142ady)"},"content":{"rendered":"<p>Szybki, lekki i niepodobny do \u017cadnej innej w\u0119dki. To mo\u017ce by\u0107 po prostu definicja <strong>Delphin RedCODE.<\/strong><\/p>\n<p>Seria <strong>RedCODE<\/strong> wprowadza nowy wymiar spinningowych w\u0119dzisk. Dopasowuj\u0105 si\u0119 do d\u0142oni dzi\u0119ki ergonomicznie ukszta\u0142towanemu uchwytowi z pianki EVA, kt\u00f3ry umo\u017cliwia bezpo\u015bredni kontakt z blankiem. Dzielona r\u0119koje\u015b\u0107 w kolorze czerwono-czarnym w kamufla\u017cu pomaga wywa\u017cy\u0107 seri\u0119 w\u0119dek <strong>RedCODE<\/strong>, nawet gdy u\u017cywasz ich przez ca\u0142y dzie\u0144. Blank wykonany z w\u0119gla 24T ma p\u00f3\u0142paraboliczn\u0105 akcj\u0119 w\u0119dziska, a branie bezpo\u015brednio przek\u0142ada si\u0119 na r\u0119koje\u015b\u0107 w\u0119dki, umo\u017cliwiaj\u0105c natychmiastow\u0105 reakcj\u0119 na zaci\u0119cie ryby. Ostatnie trzy przelotki maj\u0105 jasny bia\u0142y kolor, kt\u00f3ry pomo\u017ce zauwa\u017cy\u0107 nawet najmniejsze branie. Precyzyjny rozmiar i rozmieszczenie przelotek SiC zapewniaj\u0105 dok\u0142adne rzuty.<\/p>\n<p>Specyfikacja:<\/p>\n<p><strong>Model:<\/strong> 228 cm\/3-18 g<br \/>\n<strong>Liczba sk\u0142ad\u00f3w:<\/strong> 2<br \/>\n<strong>\u015arednica blanku nad uchwytem:<\/strong> 9,2 mm<br \/>\n<strong>Liczba przelotek:<\/strong> 9<br \/>\n<strong>Wymiary transportowe:<\/strong> 117,5 cm<br \/>\n<strong>Waga:<\/strong> 102g<br \/>\n<strong>R\u0119koje\u015b\u0107:<\/strong> dzielony uchwyt, pianka EVA<br \/>\n<strong>D\u0142ugo\u015b\u0107 r\u0119koje\u015bci (od do\u0142u w\u0119dziska do \u015brodka uchwytu ko\u0142owrotka):<\/strong> 29,5 cm<\/p>\n","protected":false},"excerpt":{"rendered":"<p>Szybki, lekki i niepodobny do \u017cadnej innej w\u0119dki. To mo\u017ce by\u0107 po prostu definicja <strong>Delphin RedCODE.<\/strong><\/p>\n","protected":false},"featured_media":547,"template":"","meta":[],"product_brand":[97],"product_cat":[21,144,145],"product_tag":[],"class_list":{"0":"post-544","1":"product","2":"type-product","3":"status-publish","4":"has-post-thumbnail","6":"product_brand-delphin","7":"product_cat-spinning","8":"product_cat-wedki-spinning","9":"product_cat-wedki-spinningowe","11":"first","12":"outofstock","13":"shipping-taxable","14":"purchasable","15":"product-type-simple"},"_links":{"self":[{"href":"https:\/\/kotlinafishing.pl\/index.php?rest_route=\/wp\/v2\/product\/544","targetHints":{"allow":["GET"]}}],"collection":[{"href":"https:\/\/kotlinafishing.pl\/index.php?rest_route=\/wp\/v2\/product"}],"about":[{"href":"https:\/\/kotlinafishing.pl\/index.php?rest_route=\/wp\/v2\/types\/product"}],"wp:featuredmedia":[{"embeddable":true,"href":"https:\/\/kotlinafishing.pl\/index.php?rest_route=\/wp\/v2\/media\/547"}],"wp:attachment":[{"href":"https:\/\/kotlinafishing.pl\/index.php?rest_route=%2Fwp%2Fv2%2Fmedia&parent=544"}],"wp:term":[{"taxonomy":"product_brand","embeddable":true,"href":"https:\/\/kotlinafishing.pl\/index.php?rest_route=%2Fwp%2Fv2%2Fproduct_brand&post=544"},{"taxonomy":"product_cat","embeddable":true,"href":"https:\/\/kotlinafishing.pl\/index.php?rest_route=%2Fwp%2Fv2%2Fproduct_cat&post=544"},{"taxonomy":"product_tag","embeddable":true,"href":"https:\/\/kotlinafishing.pl\/index.php?rest_route=%2Fwp%2Fv2%2Fproduct_tag&post=544"}],"curies":[{"name":"wp","href":"https:\/\/api.w.org\/{rel}","templated":true}]}}