{"id":543,"date":"2025-09-14T20:26:35","date_gmt":"2025-09-14T18:26:35","guid":{"rendered":"http:\/\/kotlinafishing.pl\/?post_type=product&#038;p=543"},"modified":"2026-03-03T15:19:34","modified_gmt":"2026-03-03T14:19:34","slug":"delphin-reaction-213m-1-7g-2-sklady","status":"publish","type":"product","link":"https:\/\/kotlinafishing.pl\/?product=delphin-reaction-213m-1-7g-2-sklady","title":{"rendered":"Delphin reaCtion 2,13m 1-7g (2 sk\u0142ady)"},"content":{"rendered":"<p>Smuk\u0142y blank, niska waga, matowe i b\u0142yszcz\u0105ce elementy konstrukcyjne \u2014 nie pomylisz tego nowego w\u0119dziska w\u015br\u00f3d innych spinningowych UL o nazwie <strong>reaCtion.<\/strong><\/p>\n<p>Nazwa <strong>Delphin reaCtion<\/strong> idealnie pasuje do jego mo\u017cliwo\u015bci. Pe\u0142ny kontakt z przyn\u0119t\u0105 oznacza, \u017ce nie przegapisz ani jednego brania. Blank jest zbudowany z lekkiego w\u0119gla 24T i przenosi wibracje na ca\u0142\u0105 d\u0142ugo\u015b\u0107 blanku. Kszta\u0142t oferuje pe\u0142n\u0105 akcj\u0119 paraboliczn\u0105, dzi\u0119ki czemu mo\u017cesz u\u017cywa\u0107 nawet najcie\u0144szych \u017cy\u0142ek i plecionek do spinningu UL. Kiedy zacinasz ryb\u0119, napi\u0119cie nie jest natychmiastowe, ale stopniowo, dok\u0142adnie odwrotnie ni\u017c w przypadku w\u0119dzisk o szczytowej akcji. Akcja w\u0119dki pozwala na bardziej precyzyjne rzuty, co jest tak wa\u017cne podczas \u0142owienia przyn\u0119tami UL. R\u0119koje\u015b\u0107 zosta\u0142a skr\u00f3cona co pozwala \u0142atwiej operowa\u0107 w\u0119dziskiem, nawet w trudnych warunkach.<\/p>\n<p>Czu\u0142o\u015b\u0107 blanku jest zwi\u0119kszona dzi\u0119ki pe\u0142nej w\u0119glowej szczyt\u00f3wce. Jest to szczeg\u00f3lnie przydatne przy \u0142owieniu na drobne przyn\u0119ty mi\u0119kkie z mikro jigi.<\/p>\n<p><strong>Delphin reaCtion<\/strong> to w pe\u0142ni paraboliczna, ultralekka i niezwykle czu\u0142a w\u0119dka. Idealny wyb\u00f3r do techniki UL.<\/p>\n<p>&nbsp;<\/p>\n<p>Specyfikacja:<\/p>\n<p><strong>Model:<\/strong> 213 cm \/1-7g\/<br \/>\n<strong>Liczba cz\u0119\u015bci:<\/strong> 2<br \/>\n<strong>\u015arednica blanku nad uchwytem:<\/strong> 7,7 mm<br \/>\n<strong>Liczba przelotek:<\/strong> 9<br \/>\n<strong>Wymiary transportowe:<\/strong> 109,5 cm<br \/>\n<strong>Waga:<\/strong> 86g<br \/>\n<strong>R\u0119koje\u015b\u0107:<\/strong> dzielony uchwyt, pianka EVA<br \/>\n<strong>D\u0142ugo\u015b\u0107 r\u0119koje\u015bci (od dolnika w\u0119dziska do \u015brodka uchwytu ko\u0142owrotka):<\/strong> 28 cm<\/p>\n","protected":false},"excerpt":{"rendered":"<p>Smuk\u0142y blank, niska waga, matowe i b\u0142yszcz\u0105ce elementy konstrukcyjne \u2014 nie pomylisz tego nowego w\u0119dziska w\u015br\u00f3d innych spinningowych UL o nazwie <strong>reaCtion.<\/strong><\/p>\n<p>&nbsp;<\/p>\n","protected":false},"featured_media":542,"template":"","meta":[],"product_brand":[97],"product_cat":[21,144,145],"product_tag":[],"class_list":{"0":"post-543","1":"product","2":"type-product","3":"status-publish","4":"has-post-thumbnail","6":"product_brand-delphin","7":"product_cat-spinning","8":"product_cat-wedki-spinning","9":"product_cat-wedki-spinningowe","11":"first","12":"instock","13":"shipping-taxable","14":"purchasable","15":"product-type-simple"},"_links":{"self":[{"href":"https:\/\/kotlinafishing.pl\/index.php?rest_route=\/wp\/v2\/product\/543","targetHints":{"allow":["GET"]}}],"collection":[{"href":"https:\/\/kotlinafishing.pl\/index.php?rest_route=\/wp\/v2\/product"}],"about":[{"href":"https:\/\/kotlinafishing.pl\/index.php?rest_route=\/wp\/v2\/types\/product"}],"wp:featuredmedia":[{"embeddable":true,"href":"https:\/\/kotlinafishing.pl\/index.php?rest_route=\/wp\/v2\/media\/542"}],"wp:attachment":[{"href":"https:\/\/kotlinafishing.pl\/index.php?rest_route=%2Fwp%2Fv2%2Fmedia&parent=543"}],"wp:term":[{"taxonomy":"product_brand","embeddable":true,"href":"https:\/\/kotlinafishing.pl\/index.php?rest_route=%2Fwp%2Fv2%2Fproduct_brand&post=543"},{"taxonomy":"product_cat","embeddable":true,"href":"https:\/\/kotlinafishing.pl\/index.php?rest_route=%2Fwp%2Fv2%2Fproduct_cat&post=543"},{"taxonomy":"product_tag","embeddable":true,"href":"https:\/\/kotlinafishing.pl\/index.php?rest_route=%2Fwp%2Fv2%2Fproduct_tag&post=543"}],"curies":[{"name":"wp","href":"https:\/\/api.w.org\/{rel}","templated":true}]}}