{"id":465,"date":"2025-09-13T08:55:46","date_gmt":"2025-09-13T06:55:46","guid":{"rendered":"http:\/\/kotlinafishing.pl\/?post_type=product&#038;p=465"},"modified":"2026-01-29T14:43:19","modified_gmt":"2026-01-29T13:43:19","slug":"mikado-trython-carp-13-39m-35lb-3-sklady","status":"publish","type":"product","link":"https:\/\/kotlinafishing.pl\/?product=mikado-trython-carp-13-39m-35lb-3-sklady","title":{"rendered":"Mikado Trython Carp 13&#8242; 3,9m 3,5lb (3 sk\u0142ady)"},"content":{"rendered":"<p><strong>Trython Carp<\/strong> to \u015bwietnej jako\u015bci w\u0119dki karpiowe z carbonowym blankiem typu slim. Bardzo szybkie, lekkie i jednocze\u015bnie piekielnie mocne. Wyko\u0144czone sprawdzonym uchwytem ko\u0142owrotka DPS oraz przelotkami SIC. D\u0142ugo\u015bci 12 i 13ft z przelotk\u0105 startow\u0105 50mm.<\/p>\n<div class=\"col-6\">\n<div class=\"d-flex justify-content-between py-2 border-bottom border-1 border-info\"><strong>Krzywa ugi\u0119cia (lbs):<\/strong> <span class=\"fw-bold\">3,5<\/span><\/div>\n<\/div>\n<div class=\"col-6\">\n<div class=\"d-flex justify-content-between py-2 border-bottom border-1 border-info\"><strong>D\u0142ugo\u015b\u0107 (cm):<\/strong> <span class=\"fw-bold\">390<\/span><\/div>\n<\/div>\n<div class=\"col-6\">\n<div class=\"d-flex justify-content-between py-2 border-bottom border-1 border-info\"><strong>D\u0142. transport. (cm):<\/strong> <span class=\"fw-bold\">136<\/span><\/div>\n<\/div>\n<div class=\"col-6\">\n<div class=\"d-flex justify-content-between py-2 border-bottom border-1 border-info\"><strong>Ilo\u015b\u0107 sekcji (szt):<\/strong> <span class=\"fw-bold\">3<\/span><\/div>\n<\/div>\n<div class=\"col-6\">\n<div class=\"d-flex justify-content-between py-2 border-bottom border-1 border-info\"><strong>Waga (g):<\/strong> <span class=\"fw-bold\">420<\/span><\/div>\n<\/div>\n","protected":false},"excerpt":{"rendered":"<p><strong>Trython Carp<\/strong> to \u015bwietnej jako\u015bci w\u0119dki karpiowe z carbonowym blankiem typu slim. Bardzo szybkie, lekkie i jednocze\u015bnie piekielnie mocne. Wyko\u0144czone sprawdzonym uchwytem ko\u0142owrotka DPS oraz przelotkami SIC. D\u0142ugo\u015bci 12 i 13ft z przelotk\u0105 startow\u0105 50mm.<\/p>\n","protected":false},"featured_media":489,"template":"","meta":[],"product_brand":[22],"product_cat":[20,142,141],"product_tag":[],"class_list":{"0":"post-465","1":"product","2":"type-product","3":"status-publish","4":"has-post-thumbnail","6":"product_brand-mikado","7":"product_cat-karp","8":"product_cat-wedki-karp","9":"product_cat-wedki-karpiowe","11":"first","12":"outofstock","13":"shipping-taxable","14":"purchasable","15":"product-type-simple"},"_links":{"self":[{"href":"https:\/\/kotlinafishing.pl\/index.php?rest_route=\/wp\/v2\/product\/465","targetHints":{"allow":["GET"]}}],"collection":[{"href":"https:\/\/kotlinafishing.pl\/index.php?rest_route=\/wp\/v2\/product"}],"about":[{"href":"https:\/\/kotlinafishing.pl\/index.php?rest_route=\/wp\/v2\/types\/product"}],"wp:featuredmedia":[{"embeddable":true,"href":"https:\/\/kotlinafishing.pl\/index.php?rest_route=\/wp\/v2\/media\/489"}],"wp:attachment":[{"href":"https:\/\/kotlinafishing.pl\/index.php?rest_route=%2Fwp%2Fv2%2Fmedia&parent=465"}],"wp:term":[{"taxonomy":"product_brand","embeddable":true,"href":"https:\/\/kotlinafishing.pl\/index.php?rest_route=%2Fwp%2Fv2%2Fproduct_brand&post=465"},{"taxonomy":"product_cat","embeddable":true,"href":"https:\/\/kotlinafishing.pl\/index.php?rest_route=%2Fwp%2Fv2%2Fproduct_cat&post=465"},{"taxonomy":"product_tag","embeddable":true,"href":"https:\/\/kotlinafishing.pl\/index.php?rest_route=%2Fwp%2Fv2%2Fproduct_tag&post=465"}],"curies":[{"name":"wp","href":"https:\/\/api.w.org\/{rel}","templated":true}]}}