{"id":455,"date":"2025-09-09T09:35:26","date_gmt":"2025-09-09T07:35:26","guid":{"rendered":"http:\/\/kotlinafishing.pl\/?post_type=product&#038;p=455"},"modified":"2026-03-29T18:43:24","modified_gmt":"2026-03-29T16:43:24","slug":"osmo-pro-pellet-dark-0-9kg","status":"publish","type":"product","link":"https:\/\/kotlinafishing.pl\/?product=osmo-pro-pellet-dark-0-9kg","title":{"rendered":"Osmo Pro Pellet Dark &#8211; 0.9kg"},"content":{"rendered":"<p>Pellet Osmo Pro Dark\u00a0to mieszanka bogata w m\u0105czki oraz oleje rybne o mocnym aromacie, przeznaczona do wabienia ryb karpiowatych. W sk\u0142ad wchodz\u0105 niskot\u0142uszczowe pellety Low Feed\u00a0oraz stymulant Green Betain, kt\u00f3ry dodatkowo pobudza ryby do \u017cerowania. Pellet jest stabilny, zachowuje sw\u00f3j kszta\u0142t oraz struktur\u0119 w wyniku czego jest \u0142atwy do przygotowania i doskonale wabi ryby. Jest to mieszanka zawodnicza, kt\u00f3ra bardzo szybko pracuje w wodzie przez co szybko przyci\u0105ga ryby w nasze \u0142owisko. W\u00a0celu spowolnienia rozpadu na dnie nale\u017cy stosowa\u0107 produkt z zan\u0119t\u0105 oraz liquidami.<br \/>\n<strong>Rozmiar:<\/strong> 2mm<br \/>\n<strong>Opakowanie:<\/strong> 900g<\/p>\n","protected":false},"excerpt":{"rendered":"<p>Pellet Osmo Pro Dark\u00a0to mieszanka bogata w m\u0105czki oraz oleje rybne o mocnym aromacie, przeznaczona do wabienia ryb karpiowatych. W sk\u0142ad wchodz\u0105 niskot\u0142uszczowe pellety Low Feed\u00a0oraz stymulant Green Betain, kt\u00f3ry dodatkowo pobudza ryby do \u017cerowania. Pellet jest stabilny, zachowuje sw\u00f3j kszta\u0142t oraz struktur\u0119 w wyniku czego jest \u0142atwy do przygotowania i doskonale wabi ryby. Jest to mieszanka zawodnicza, kt\u00f3ra bardzo szybko pracuje w wodzie przez co szybko przyci\u0105ga ryby w nasze \u0142owisko. W\u00a0celu spowolnienia rozpadu na dnie nale\u017cy stosowa\u0107 produkt z zan\u0119t\u0105 oraz liquidami.<br \/>\n<strong>Rozmiar:<\/strong> 2mm<br \/>\n<strong>Opakowanie:<\/strong> 900g<\/p>\n","protected":false},"featured_media":2920,"template":"","meta":[],"product_brand":[25],"product_cat":[43,19,41],"product_tag":[],"class_list":{"0":"post-455","1":"product","2":"type-product","3":"status-publish","4":"has-post-thumbnail","6":"product_brand-osmo","7":"product_cat-pellety-zanetowe","8":"product_cat-grunt","9":"product_cat-zanety-przynety-dodatki-gliny","10":"pa_marka-osmo","12":"first","13":"outofstock","14":"shipping-taxable","15":"purchasable","16":"product-type-simple"},"_links":{"self":[{"href":"https:\/\/kotlinafishing.pl\/index.php?rest_route=\/wp\/v2\/product\/455","targetHints":{"allow":["GET"]}}],"collection":[{"href":"https:\/\/kotlinafishing.pl\/index.php?rest_route=\/wp\/v2\/product"}],"about":[{"href":"https:\/\/kotlinafishing.pl\/index.php?rest_route=\/wp\/v2\/types\/product"}],"wp:featuredmedia":[{"embeddable":true,"href":"https:\/\/kotlinafishing.pl\/index.php?rest_route=\/wp\/v2\/media\/2920"}],"wp:attachment":[{"href":"https:\/\/kotlinafishing.pl\/index.php?rest_route=%2Fwp%2Fv2%2Fmedia&parent=455"}],"wp:term":[{"taxonomy":"product_brand","embeddable":true,"href":"https:\/\/kotlinafishing.pl\/index.php?rest_route=%2Fwp%2Fv2%2Fproduct_brand&post=455"},{"taxonomy":"product_cat","embeddable":true,"href":"https:\/\/kotlinafishing.pl\/index.php?rest_route=%2Fwp%2Fv2%2Fproduct_cat&post=455"},{"taxonomy":"product_tag","embeddable":true,"href":"https:\/\/kotlinafishing.pl\/index.php?rest_route=%2Fwp%2Fv2%2Fproduct_tag&post=455"}],"curies":[{"name":"wp","href":"https:\/\/api.w.org\/{rel}","templated":true}]}}