{"id":449,"date":"2025-09-09T09:23:43","date_gmt":"2025-09-09T07:23:43","guid":{"rendered":"http:\/\/kotlinafishing.pl\/?post_type=product&#038;p=449"},"modified":"2026-02-20T17:52:03","modified_gmt":"2026-02-20T16:52:03","slug":"marine-egg-wafters-eggstreame-fishing","status":"publish","type":"product","link":"https:\/\/kotlinafishing.pl\/?product=marine-egg-wafters-eggstreame-fishing","title":{"rendered":"Marine Egg Wafters &#8211; Eggstreame Fishing"},"content":{"rendered":"<p style=\"font-weight: 400;\"><b>Marine EGG<\/b><span style=\"font-weight: 400;\"> to przyn\u0119ta o <\/span><b>wyrazistym, rybnym aromacie<\/b><span style=\"font-weight: 400;\">, kt\u00f3ry dzia\u0142a skutecznie nawet na najbardziej ostro\u017cne karpie. Jej <\/span><b>ciemna, naturalna barwa<\/b><span style=\"font-weight: 400;\"> przypomina klasyczne pellety, dzi\u0119ki czemu idealnie komponuje si\u0119 z dnem i nie wzbudza podejrze\u0144.<\/span><\/p>\n<p style=\"font-weight: 400;\"><span style=\"font-weight: 400;\">Specjalnie zaprojektowany, <\/span><b>opatentowany kszta\u0142t inspirowany jajkiem<\/b><span style=\"font-weight: 400;\"> zapewnia \u015bwietny balans i prac\u0119 tu\u017c nad dnem, co zwi\u0119ksza szans\u0119 na szybkie branie.<\/span><\/p>\n<p style=\"font-weight: 400;\"><b>Marine EGG\u00a0\u2013 klasyczny smak, nowatorska forma, niezawodna skuteczno\u015b\u0107.<\/b><\/p>\n<p style=\"font-weight: 400;\"><b>Eggstreme Fishing \u2013 Przyn\u0119ty, kt\u00f3re zmieniaj\u0105 zasady gry<\/b><\/p>\n<p style=\"font-weight: 400;\">Firma\u00a0<b>Eggstreme Fishing<\/b>\u00a0prezentuje lini\u0119 przyn\u0119t do method feeder, kt\u00f3re wyznaczaj\u0105 nowy standard w nowoczesnym w\u0119dkarstwie. Ich\u00a0<b>innowacyjny, opatentowany kszta\u0142t inspirowany jajkiem<\/b>\u00a0to nie tylko estetyczny wyr\u00f3\u017cnik, ale przede wszystkim funkcjonalne rozwi\u0105zanie, kt\u00f3re wp\u0142ywa na prac\u0119 przyn\u0119ty i jej atrakcyjno\u015b\u0107 w wodzie.<\/p>\n<p style=\"font-weight: 400;\">Ka\u017cda przyn\u0119ta zosta\u0142a zaprojektowana z my\u015bl\u0105 o\u00a0<b>maksymalnej skuteczno\u015bci<\/b>:<\/p>\n<ul>\n<li>Unikalna geometria<span style=\"font-weight: 400;\"> zapewnia optymalny balans i naturalne zachowanie na dnie,<\/span><\/li>\n<\/ul>\n<ul style=\"font-weight: 400;\">\n<li><b>Zbalansowana wyporno\u015b\u0107<\/b> czyni przyn\u0119ty niezwykle kusz\u0105cymi dla ostro\u017cnych karpiowatych,<\/li>\n<li>Dzi\u0119ki swojej formie, przyn\u0119ty Egg <b>wyr\u00f3\u017cniaj\u0105 si\u0119 w ka\u017cdych warunkach<\/b>, pracuj\u0105c nawet przy minimalnym ruchu wody.<\/li>\n<\/ul>\n<p style=\"font-weight: 400;\">To w\u0142a\u015bnie po\u0142\u0105czenie kszta\u0142tu, wyporno\u015bci i kompozycji czyni te przyn\u0119ty\u00a0<b>jedynymi w swoim rodzaju<\/b>. Niezale\u017cnie od \u0142owiska czy techniki \u2013 Eggstreme Fishing to przyn\u0119ta, kt\u00f3rej karpie nie potrafi\u0105 si\u0119 oprze\u0107.<\/p>\n<p style=\"font-weight: 400;\"><b>Eggstreme Fishing \u2013 kszta\u0142t sukcesu zaczyna si\u0119 od jajka.<\/b><\/p>\n","protected":false},"excerpt":{"rendered":"<p><b>Marine EGG<\/b><span style=\"font-weight: 400;\"> to przyn\u0119ta o <\/span><b>wyrazistym, rybnym aromacie<\/b><span style=\"font-weight: 400;\">, kt\u00f3ry dzia\u0142a skutecznie nawet na najbardziej ostro\u017cne karpie. Jej <\/span><b>ciemna, naturalna barwa<\/b><span style=\"font-weight: 400;\"> przypomina klasyczne pellety, dzi\u0119ki czemu idealnie komponuje si\u0119 z dnem i nie wzbudza podejrze\u0144.<\/span><\/p>\n","protected":false},"featured_media":2913,"template":"","meta":[],"product_brand":[25],"product_cat":[44,19,41],"product_tag":[],"class_list":{"0":"post-449","1":"product","2":"type-product","3":"status-publish","4":"has-post-thumbnail","6":"product_brand-osmo","7":"product_cat-przynety-method-feeder","8":"product_cat-grunt","9":"product_cat-zanety-przynety-dodatki-gliny","10":"pa_marka-osmo","12":"first","13":"instock","14":"shipping-taxable","15":"purchasable","16":"product-type-simple"},"_links":{"self":[{"href":"https:\/\/kotlinafishing.pl\/index.php?rest_route=\/wp\/v2\/product\/449","targetHints":{"allow":["GET"]}}],"collection":[{"href":"https:\/\/kotlinafishing.pl\/index.php?rest_route=\/wp\/v2\/product"}],"about":[{"href":"https:\/\/kotlinafishing.pl\/index.php?rest_route=\/wp\/v2\/types\/product"}],"wp:featuredmedia":[{"embeddable":true,"href":"https:\/\/kotlinafishing.pl\/index.php?rest_route=\/wp\/v2\/media\/2913"}],"wp:attachment":[{"href":"https:\/\/kotlinafishing.pl\/index.php?rest_route=%2Fwp%2Fv2%2Fmedia&parent=449"}],"wp:term":[{"taxonomy":"product_brand","embeddable":true,"href":"https:\/\/kotlinafishing.pl\/index.php?rest_route=%2Fwp%2Fv2%2Fproduct_brand&post=449"},{"taxonomy":"product_cat","embeddable":true,"href":"https:\/\/kotlinafishing.pl\/index.php?rest_route=%2Fwp%2Fv2%2Fproduct_cat&post=449"},{"taxonomy":"product_tag","embeddable":true,"href":"https:\/\/kotlinafishing.pl\/index.php?rest_route=%2Fwp%2Fv2%2Fproduct_tag&post=449"}],"curies":[{"name":"wp","href":"https:\/\/api.w.org\/{rel}","templated":true}]}}