{"id":426,"date":"2025-09-09T08:32:39","date_gmt":"2025-09-09T06:32:39","guid":{"rendered":"http:\/\/kotlinafishing.pl\/?post_type=product&#038;p=426"},"modified":"2026-03-19T09:10:04","modified_gmt":"2026-03-19T08:10:04","slug":"osmo-mini-larwa-kraken","status":"publish","type":"product","link":"https:\/\/kotlinafishing.pl\/?product=osmo-mini-larwa-kraken","title":{"rendered":"Osmo Mini Larwa &#8211; Kraken"},"content":{"rendered":"<p>Nadesz\u0142a pora, aby mroczny potw\u00f3r z g\u0142\u0119bin ukaza\u0142 si\u0119 \u015bwiatu. \ud83d\ude08<br \/>\nKraken, nasza najnowsza przyn\u0119ta, powoli wynurza si\u0119 z odm\u0119t\u00f3w oceanu. \ud83d\udd25<br \/>\nOpracowanie tego potwora kosztowa\u0142o nas wiele trudu ale w ko\u0144cu uda\u0142o si\u0119 dobra\u0107 kolory do bardzo ciekawego, owocowo- rybnego aromatu.<br \/>\nSprawi\u0105 one, \u017ce niejeden karp b\u0119dzie chcia\u0142 stawi\u0107 czo\u0142a naszej oceanicznej bestii.<br \/>\nWyprany pomara\u0144cz i jedwabisty \u017c\u00f3\u0142ty z naszym unikalnym kszta\u0142tem larw idealnie wpasowuje si\u0119 w rybne gusta.<\/p>\n","protected":false},"excerpt":{"rendered":"<p>Nadesz\u0142a pora, aby mroczny potw\u00f3r z g\u0142\u0119bin ukaza\u0142 si\u0119 \u015bwiatu. \ud83d\ude08<br \/>\nKraken, nasza najnowsza przyn\u0119ta, powoli wynurza si\u0119 z odm\u0119t\u00f3w oceanu. \ud83d\udd25<br \/>\nOpracowanie tego potwora kosztowa\u0142o nas wiele trudu ale w ko\u0144cu uda\u0142o si\u0119 dobra\u0107 kolory do bardzo ciekawego, owocowo- rybnego aromatu.<br \/>\nSprawi\u0105 one, \u017ce niejeden karp b\u0119dzie chcia\u0142 stawi\u0107 czo\u0142a naszej oceanicznej bestii.<br \/>\nWyprany pomara\u0144cz i jedwabisty \u017c\u00f3\u0142ty z naszym unikalnym kszta\u0142tem larw idealnie wpasowuje si\u0119 w rybne gusta.<\/p>\n","protected":false},"featured_media":2910,"template":"","meta":[],"product_brand":[25],"product_cat":[44,19,41],"product_tag":[],"class_list":{"0":"post-426","1":"product","2":"type-product","3":"status-publish","4":"has-post-thumbnail","6":"product_brand-osmo","7":"product_cat-przynety-method-feeder","8":"product_cat-grunt","9":"product_cat-zanety-przynety-dodatki-gliny","10":"pa_marka-osmo","12":"first","13":"outofstock","14":"shipping-taxable","15":"purchasable","16":"product-type-simple"},"_links":{"self":[{"href":"https:\/\/kotlinafishing.pl\/index.php?rest_route=\/wp\/v2\/product\/426","targetHints":{"allow":["GET"]}}],"collection":[{"href":"https:\/\/kotlinafishing.pl\/index.php?rest_route=\/wp\/v2\/product"}],"about":[{"href":"https:\/\/kotlinafishing.pl\/index.php?rest_route=\/wp\/v2\/types\/product"}],"wp:featuredmedia":[{"embeddable":true,"href":"https:\/\/kotlinafishing.pl\/index.php?rest_route=\/wp\/v2\/media\/2910"}],"wp:attachment":[{"href":"https:\/\/kotlinafishing.pl\/index.php?rest_route=%2Fwp%2Fv2%2Fmedia&parent=426"}],"wp:term":[{"taxonomy":"product_brand","embeddable":true,"href":"https:\/\/kotlinafishing.pl\/index.php?rest_route=%2Fwp%2Fv2%2Fproduct_brand&post=426"},{"taxonomy":"product_cat","embeddable":true,"href":"https:\/\/kotlinafishing.pl\/index.php?rest_route=%2Fwp%2Fv2%2Fproduct_cat&post=426"},{"taxonomy":"product_tag","embeddable":true,"href":"https:\/\/kotlinafishing.pl\/index.php?rest_route=%2Fwp%2Fv2%2Fproduct_tag&post=426"}],"curies":[{"name":"wp","href":"https:\/\/api.w.org\/{rel}","templated":true}]}}