{"id":417,"date":"2025-09-09T08:10:23","date_gmt":"2025-09-09T06:10:23","guid":{"rendered":"http:\/\/kotlinafishing.pl\/?post_type=product&#038;p=417"},"modified":"2026-03-29T18:47:32","modified_gmt":"2026-03-29T16:47:32","slug":"pellet-lorpio-green-betaine-20mm-700g","status":"publish","type":"product","link":"https:\/\/kotlinafishing.pl\/?product=pellet-lorpio-green-betaine-20mm-700g","title":{"rendered":"Pellet LORPIO Green Betaine 2,0mm 700g"},"content":{"rendered":"<p>Pellet o du\u017cej zawarto\u015bci protein. Przeznaczony zw\u0142aszcza na liny, leszcze i karpie. Po nawil\u017ceniu wod\u0105 robi si\u0119 mi\u0119kki, idealnie nadaje si\u0119 do method feeder. W postaci suchej, strzelany z procy sprawdzi si\u0119 w metodach feeder bomb i pellet waggler. Odpowiedni na wszystkie pory roku, zielony kolor dobrze widoczny na wszystkich rodzajach dna. Stabilno\u015b\u0107 w wodzie od 2\u20135 godzin w zale\u017cno\u015bci od \u015brednicy.<\/p>\n","protected":false},"excerpt":{"rendered":"<p>Pellet o du\u017cej zawarto\u015bci protein. Przeznaczony zw\u0142aszcza na liny, leszcze i karpie. Po nawil\u017ceniu wod\u0105 robi si\u0119 mi\u0119kki, idealnie nadaje si\u0119 do method feeder. W postaci suchej, strzelany z procy sprawdzi si\u0119 w metodach feeder bomb i pellet waggler. Odpowiedni na wszystkie pory roku, zielony kolor dobrze widoczny na wszystkich rodzajach dna. Stabilno\u015b\u0107 w wodzie od 2\u20135 godzin w zale\u017cno\u015bci od \u015brednicy.<\/p>\n","protected":false},"featured_media":1613,"template":"","meta":[],"product_brand":[23],"product_cat":[43,19,18,41],"product_tag":[],"class_list":{"0":"post-417","1":"product","2":"type-product","3":"status-publish","4":"has-post-thumbnail","6":"product_brand-lorpio","7":"product_cat-pellety-zanetowe","8":"product_cat-grunt","9":"product_cat-splawik","10":"product_cat-zanety-przynety-dodatki-gliny","12":"first","13":"instock","14":"shipping-taxable","15":"purchasable","16":"product-type-simple"},"_links":{"self":[{"href":"https:\/\/kotlinafishing.pl\/index.php?rest_route=\/wp\/v2\/product\/417","targetHints":{"allow":["GET"]}}],"collection":[{"href":"https:\/\/kotlinafishing.pl\/index.php?rest_route=\/wp\/v2\/product"}],"about":[{"href":"https:\/\/kotlinafishing.pl\/index.php?rest_route=\/wp\/v2\/types\/product"}],"wp:featuredmedia":[{"embeddable":true,"href":"https:\/\/kotlinafishing.pl\/index.php?rest_route=\/wp\/v2\/media\/1613"}],"wp:attachment":[{"href":"https:\/\/kotlinafishing.pl\/index.php?rest_route=%2Fwp%2Fv2%2Fmedia&parent=417"}],"wp:term":[{"taxonomy":"product_brand","embeddable":true,"href":"https:\/\/kotlinafishing.pl\/index.php?rest_route=%2Fwp%2Fv2%2Fproduct_brand&post=417"},{"taxonomy":"product_cat","embeddable":true,"href":"https:\/\/kotlinafishing.pl\/index.php?rest_route=%2Fwp%2Fv2%2Fproduct_cat&post=417"},{"taxonomy":"product_tag","embeddable":true,"href":"https:\/\/kotlinafishing.pl\/index.php?rest_route=%2Fwp%2Fv2%2Fproduct_tag&post=417"}],"curies":[{"name":"wp","href":"https:\/\/api.w.org\/{rel}","templated":true}]}}