{"id":410,"date":"2025-09-09T07:55:16","date_gmt":"2025-09-09T05:55:16","guid":{"rendered":"http:\/\/kotlinafishing.pl\/?post_type=product&#038;p=410"},"modified":"2026-03-29T18:15:06","modified_gmt":"2026-03-29T16:15:06","slug":"lorpio-magnetic-tench-red-worm-2000g","status":"publish","type":"product","link":"https:\/\/kotlinafishing.pl\/?product=lorpio-magnetic-tench-red-worm-2000g","title":{"rendered":"Zan\u0119ta Lorpio MAGNETIC Tench Red Worm 2000g"},"content":{"rendered":"<p>Seria zan\u0119t <strong>MAGNETIC<\/strong> to produkt, kt\u00f3ry docenili w\u0119dkarze. Od momentu wprowadzenia do sprzeda\u017cy mo\u017cemy w pe\u0142ni stwierdzi\u0107, \u017ce seria przyj\u0119\u0142a si\u0119 doskonale. Dostali\u015bmy bardzo pozytywne opinie od w\u0119dkarzy. Szczeg\u00f3lnie ciesz\u0105 nas te od zawodnik\u00f3w, kt\u00f3rzy wygrali zawody w\u0119dkarskie stosuj\u0105c zan\u0119ty tej serii.<br \/>\n<strong>TENCH RED WORM<\/strong> ma jasnobr\u0105zowy kolor, \u015bredniej grubo\u015bci frakcj\u0119, specyficzny aromat, grubo mielone oleiste ziarna, smak dopasowany do upodoba\u0144 lin\u00f3w, karasi i innych ryb \u017ceruj\u0105cych z dna. Zan\u0119ta na wody stoj\u0105ce lub wolnop\u0142yn\u0105ce. Dobre dodatki na liny to ci\u0119te gnojaczki, kastery, kukurydza, bia\u0142e robaki.<\/p>\n","protected":false},"excerpt":{"rendered":"<p>Seria zan\u0119t <strong>MAGNETIC<\/strong> to produkt, kt\u00f3ry docenili w\u0119dkarze. Od momentu wprowadzenia do sprzeda\u017cy mo\u017cemy w pe\u0142ni stwierdzi\u0107, \u017ce seria przyj\u0119\u0142a si\u0119 doskonale. Dostali\u015bmy bardzo pozytywne opinie od w\u0119dkarzy. Szczeg\u00f3lnie ciesz\u0105 nas te od zawodnik\u00f3w, kt\u00f3rzy wygrali zawody w\u0119dkarskie stosuj\u0105c zan\u0119ty tej serii.<br \/>\n<strong>TENCH RED WORM<\/strong> ma jasnobr\u0105zowy kolor, \u015bredniej grubo\u015bci frakcj\u0119, specyficzny aromat, grubo mielone oleiste ziarna, smak dopasowany do upodoba\u0144 lin\u00f3w, karasi i innych ryb \u017ceruj\u0105cych z dna. Zan\u0119ta na wody stoj\u0105ce lub wolnop\u0142yn\u0105ce. Dobre dodatki na liny to ci\u0119te gnojaczki, kastery, kukurydza, bia\u0142e robaki.<\/p>\n","protected":false},"featured_media":1586,"template":"","meta":[],"product_brand":[23],"product_cat":[19,18,42,41],"product_tag":[],"class_list":{"0":"post-410","1":"product","2":"type-product","3":"status-publish","4":"has-post-thumbnail","6":"product_brand-lorpio","7":"product_cat-grunt","8":"product_cat-splawik","9":"product_cat-zanety-klasyczne","10":"product_cat-zanety-przynety-dodatki-gliny","12":"first","13":"outofstock","14":"shipping-taxable","15":"purchasable","16":"product-type-simple"},"_links":{"self":[{"href":"https:\/\/kotlinafishing.pl\/index.php?rest_route=\/wp\/v2\/product\/410","targetHints":{"allow":["GET"]}}],"collection":[{"href":"https:\/\/kotlinafishing.pl\/index.php?rest_route=\/wp\/v2\/product"}],"about":[{"href":"https:\/\/kotlinafishing.pl\/index.php?rest_route=\/wp\/v2\/types\/product"}],"wp:featuredmedia":[{"embeddable":true,"href":"https:\/\/kotlinafishing.pl\/index.php?rest_route=\/wp\/v2\/media\/1586"}],"wp:attachment":[{"href":"https:\/\/kotlinafishing.pl\/index.php?rest_route=%2Fwp%2Fv2%2Fmedia&parent=410"}],"wp:term":[{"taxonomy":"product_brand","embeddable":true,"href":"https:\/\/kotlinafishing.pl\/index.php?rest_route=%2Fwp%2Fv2%2Fproduct_brand&post=410"},{"taxonomy":"product_cat","embeddable":true,"href":"https:\/\/kotlinafishing.pl\/index.php?rest_route=%2Fwp%2Fv2%2Fproduct_cat&post=410"},{"taxonomy":"product_tag","embeddable":true,"href":"https:\/\/kotlinafishing.pl\/index.php?rest_route=%2Fwp%2Fv2%2Fproduct_tag&post=410"}],"curies":[{"name":"wp","href":"https:\/\/api.w.org\/{rel}","templated":true}]}}