{"id":404,"date":"2025-09-04T17:09:50","date_gmt":"2025-09-04T15:09:50","guid":{"rendered":"http:\/\/kotlinafishing.pl\/?post_type=product&#038;p=404"},"modified":"2026-04-01T16:23:41","modified_gmt":"2026-04-01T14:23:41","slug":"lorpio-magnetic-bream-leszcz-2000g","status":"publish","type":"product","link":"https:\/\/kotlinafishing.pl\/?product=lorpio-magnetic-bream-leszcz-2000g","title":{"rendered":"Zan\u0119ta Lorpio MAGNETIC Bream Leszcz 2000g"},"content":{"rendered":"<p>Seria zan\u0119t <strong>MAGNETIC<\/strong> to produkt, kt\u00f3ry docenili w\u0119dkarze. Od momentu wprowadzenia do sprzeda\u017cy mo\u017cemy w pe\u0142ni stwierdzi\u0107, \u017ce seria przyj\u0119\u0142a si\u0119 doskonale. Dostali\u015bmy bardzo pozytywne opinie od w\u0119dkarzy. Szczeg\u00f3lnie ciesz\u0105 nas te od zawodnik\u00f3w, kt\u00f3rzy wygrali zawody w\u0119dkarskie stosuj\u0105c zan\u0119ty tej serii.<br \/>\n<strong>MAGNETIC BREAM<\/strong> to zan\u0119ta o jasnobr\u0105zowej barwie, na leszcze, o \u015bredniej frakcji, s\u0142odko-s\u0142ony smak i aromat kokosowo-karmelowy. Dobra na wody stoj\u0105ce, kana\u0142y i rzeki o \u015brednim uci\u0105gu wody. Przy po\u0142owie leszczy wskazane jest doci\u0105\u017cenie zan\u0119ty glin\u0105 (nawet na wod\u0119 stoj\u0105c\u0105) oraz uzupe\u0142nienie przyn\u0119tami zan\u0119towymi np. ochotka zan\u0119towa, ci\u0119te gnojaki, kastery lub bia\u0142e robaki.<\/p>\n","protected":false},"excerpt":{"rendered":"<p>Seria zan\u0119t <strong>MAGNETIC<\/strong> to produkt, kt\u00f3ry docenili w\u0119dkarze. Od momentu wprowadzenia do sprzeda\u017cy mo\u017cemy w pe\u0142ni stwierdzi\u0107, \u017ce seria przyj\u0119\u0142a si\u0119 doskonale. Dostali\u015bmy bardzo pozytywne opinie od w\u0119dkarzy. Szczeg\u00f3lnie ciesz\u0105 nas te od zawodnik\u00f3w, kt\u00f3rzy wygrali zawody w\u0119dkarskie stosuj\u0105c zan\u0119ty tej serii.<br \/>\n<strong>MAGNETIC BREAM<\/strong> to zan\u0119ta o jasnobr\u0105zowej barwie, na leszcze, o \u015bredniej frakcji, s\u0142odko-s\u0142ony smak i aromat kokosowo-karmelowy. Dobra na wody stoj\u0105ce, kana\u0142y i rzeki o \u015brednim uci\u0105gu wody. Przy po\u0142owie leszczy wskazane jest doci\u0105\u017cenie zan\u0119ty glin\u0105 (nawet na wod\u0119 stoj\u0105c\u0105) oraz uzupe\u0142nienie przyn\u0119tami zan\u0119towymi np. ochotka zan\u0119towa, ci\u0119te gnojaki, kastery lub bia\u0142e robaki.<\/p>\n","protected":false},"featured_media":1584,"template":"","meta":[],"product_brand":[23],"product_cat":[19,18,42,41],"product_tag":[],"class_list":{"0":"post-404","1":"product","2":"type-product","3":"status-publish","4":"has-post-thumbnail","6":"product_brand-lorpio","7":"product_cat-grunt","8":"product_cat-splawik","9":"product_cat-zanety-klasyczne","10":"product_cat-zanety-przynety-dodatki-gliny","12":"first","13":"instock","14":"shipping-taxable","15":"purchasable","16":"product-type-simple"},"_links":{"self":[{"href":"https:\/\/kotlinafishing.pl\/index.php?rest_route=\/wp\/v2\/product\/404","targetHints":{"allow":["GET"]}}],"collection":[{"href":"https:\/\/kotlinafishing.pl\/index.php?rest_route=\/wp\/v2\/product"}],"about":[{"href":"https:\/\/kotlinafishing.pl\/index.php?rest_route=\/wp\/v2\/types\/product"}],"wp:featuredmedia":[{"embeddable":true,"href":"https:\/\/kotlinafishing.pl\/index.php?rest_route=\/wp\/v2\/media\/1584"}],"wp:attachment":[{"href":"https:\/\/kotlinafishing.pl\/index.php?rest_route=%2Fwp%2Fv2%2Fmedia&parent=404"}],"wp:term":[{"taxonomy":"product_brand","embeddable":true,"href":"https:\/\/kotlinafishing.pl\/index.php?rest_route=%2Fwp%2Fv2%2Fproduct_brand&post=404"},{"taxonomy":"product_cat","embeddable":true,"href":"https:\/\/kotlinafishing.pl\/index.php?rest_route=%2Fwp%2Fv2%2Fproduct_cat&post=404"},{"taxonomy":"product_tag","embeddable":true,"href":"https:\/\/kotlinafishing.pl\/index.php?rest_route=%2Fwp%2Fv2%2Fproduct_tag&post=404"}],"curies":[{"name":"wp","href":"https:\/\/api.w.org\/{rel}","templated":true}]}}