{"id":381,"date":"2025-09-02T17:14:57","date_gmt":"2025-09-02T15:14:57","guid":{"rendered":"http:\/\/kotlinafishing.pl\/?post_type=product&#038;p=381"},"modified":"2026-02-04T20:26:18","modified_gmt":"2026-02-04T19:26:18","slug":"barwnik-czarny-leszczomstop-100g","status":"publish","type":"product","link":"https:\/\/kotlinafishing.pl\/?product=barwnik-czarny-leszczomstop-100g","title":{"rendered":"Barwnik czarny LeszczomStop 100g"},"content":{"rendered":"<p><strong>Barwnik czarny<\/strong> s\u0142u\u017c\u0105cy do barwienia zan\u0119t oraz glin. Opakowanie 100g<\/p>\n","protected":false},"excerpt":{"rendered":"<p><strong>Barwnik czarny<\/strong> s\u0142u\u017c\u0105cy do barwienia zan\u0119t oraz glin. Opakowanie 100g<\/p>\n","protected":false},"featured_media":2605,"template":"","meta":[],"product_brand":[139],"product_cat":[47,19,18,41],"product_tag":[],"class_list":{"0":"post-381","1":"product","2":"type-product","3":"status-publish","4":"has-post-thumbnail","6":"product_brand-leszczomstop","7":"product_cat-gliny-i-kleje","8":"product_cat-grunt","9":"product_cat-splawik","10":"product_cat-zanety-przynety-dodatki-gliny","12":"first","13":"instock","14":"shipping-taxable","15":"purchasable","16":"product-type-simple"},"_links":{"self":[{"href":"https:\/\/kotlinafishing.pl\/index.php?rest_route=\/wp\/v2\/product\/381","targetHints":{"allow":["GET"]}}],"collection":[{"href":"https:\/\/kotlinafishing.pl\/index.php?rest_route=\/wp\/v2\/product"}],"about":[{"href":"https:\/\/kotlinafishing.pl\/index.php?rest_route=\/wp\/v2\/types\/product"}],"wp:featuredmedia":[{"embeddable":true,"href":"https:\/\/kotlinafishing.pl\/index.php?rest_route=\/wp\/v2\/media\/2605"}],"wp:attachment":[{"href":"https:\/\/kotlinafishing.pl\/index.php?rest_route=%2Fwp%2Fv2%2Fmedia&parent=381"}],"wp:term":[{"taxonomy":"product_brand","embeddable":true,"href":"https:\/\/kotlinafishing.pl\/index.php?rest_route=%2Fwp%2Fv2%2Fproduct_brand&post=381"},{"taxonomy":"product_cat","embeddable":true,"href":"https:\/\/kotlinafishing.pl\/index.php?rest_route=%2Fwp%2Fv2%2Fproduct_cat&post=381"},{"taxonomy":"product_tag","embeddable":true,"href":"https:\/\/kotlinafishing.pl\/index.php?rest_route=%2Fwp%2Fv2%2Fproduct_tag&post=381"}],"curies":[{"name":"wp","href":"https:\/\/api.w.org\/{rel}","templated":true}]}}