{"id":3711,"date":"2026-04-09T10:04:03","date_gmt":"2026-04-09T08:04:03","guid":{"rendered":"https:\/\/kotlinafishing.pl\/?post_type=product&#038;p=3711"},"modified":"2026-04-09T10:06:23","modified_gmt":"2026-04-09T08:06:23","slug":"podajnik-aperio-mikado-rozm-l","status":"publish","type":"product","link":"https:\/\/kotlinafishing.pl\/?product=podajnik-aperio-mikado-rozm-l","title":{"rendered":"Podajnik Aperio Mikado rozm. L"},"content":{"rendered":"<p>Aperio to nowatorski koszyczek do metody, w ca\u0142o\u015bci zaprojektowany i stworzony przez zesp\u00f3\u0142 tester\u00f3w Mikado. Zar\u00f3wno kszta\u0142t, jak i\u00a0konstrukcja zosta\u0142y przez nas zastrze\u017cone w\u00a0EUIPO. Tworz\u0105c APERIO, przy\u015bwieca\u0142 nam nadrz\u0119dny cel &#8211; zaprojektowa\u0107 koszyczek maksymalnie prosty w\u00a0obs\u0142udze, kt\u00f3ry jednocze\u015bnie wyeliminuje wszystkie mankamenty istniej\u0105cych ju\u017c na rynku koszyczk\u00f3w do metody. Wielomiesi\u0119czne testy na r\u00f3\u017cnych \u0142owiskach utwierdzi\u0142y nas w\u00a0przekonaniu, \u017ce \u0142owienie przy pomocy koszyczka otwartego daje w\u0119dkarzowi wi\u0119ksz\u0105 ilo\u015b\u0107 bra\u0144, ni\u017c przy zastosowaniu wersji z\u00a0\u017cebrami. W\u00a0oparciu o\u00a0ten wniosek, zacz\u0119li\u015bmy tworzy\u0107 kolejne wersje prototyp\u00f3w, kt\u00f3re po wielu godzinach sp\u0119dzonych nad wod\u0105 i\u00a0po licznych modyfikacjach, pozwoli\u0142y nam zaprezentowa\u0107 model APERIO. Podstawowe cechy u\u017cytkowe zapewniaj\u0105ce bezproblemowe i satysfakcjonuj\u0105ce po\u0142owy przy u\u017cyciu koszyczka APERIO, to: 1. Mo\u017cliwo\u015b\u0107 \u0142owienia koszyczkiem zar\u00f3wno z u\u017cyciem formy do zan\u0119ty, jak i bez niej. 2. Pochylone do wewn\u0105trz, podwy\u017cszone \u015bcianki \u2013 gwarantuj\u0105 lepsze trzymanie zan\u0119ty wewn\u0105trz koszyczka przy dalekich rzutach. 3. Podajnik dla haczyka z przyn\u0119t\u0105. Przyn\u0119ta umieszczona na podajniku koszyczka APERIO pozostaje doskonale zaprezentowana \u017ceruj\u0105cym rybom nawet, gdy zan\u0119ta zostanie ca\u0142kowicie wyp\u0142ukana z koszyczka. 4. Bezproblemowe przewlekanie \u017cy\u0142ki i jej ochrona wewn\u0105trz koszyczka. Umieszczona wewn\u0105trz rurka pozwala na b\u0142yskawiczne przewlekanie \u017cy\u0142ki g\u0142\u00f3wnej i jednocze\u015bnie chroni j\u0105 na tym odcinku podczas \u0142owienia. 5. Mo\u017cliwo\u015b\u0107 po\u0142owu zar\u00f3wno koszyczkiem przelotowym, jak i sta\u0142ym. 6. Otwory u\u0142atwiaj\u0105ce rotacj\u0119 wody i szybsze rozmywanie zan\u0119ty.<\/p>\n","protected":false},"excerpt":{"rendered":"<p>Aperio to nowatorski koszyczek do metody, w ca\u0142o\u015bci zaprojektowany i stworzony przez zesp\u00f3\u0142 tester\u00f3w Mikado. Zar\u00f3wno kszta\u0142t, jak i konstrukcja zosta\u0142y przez nas zastrze\u017cone w EUIPO. Tworz\u0105c APERIO, przy\u015bwieca\u0142 nam nadrz\u0119dny cel &#8211; zaprojektowa\u0107 koszyczek maksymalnie prosty w obs\u0142udze, kt\u00f3ry jednocze\u015bnie wyeliminuje wszystkie mankamenty istniej\u0105cych ju\u017c na rynku koszyczk\u00f3w do metody.<\/p>\n","protected":false},"featured_media":3717,"template":"","meta":[],"product_brand":[22],"product_cat":[34,55,19],"product_tag":[],"class_list":{"0":"post-3711","1":"product","2":"type-product","3":"status-publish","4":"has-post-thumbnail","6":"product_brand-mikado","7":"product_cat-koszyczki-podajniki-foremki","8":"product_cat-podajniki-do-methody","9":"product_cat-grunt","11":"first","12":"instock","13":"shipping-taxable","14":"purchasable","15":"product-type-variable"},"_links":{"self":[{"href":"https:\/\/kotlinafishing.pl\/index.php?rest_route=\/wp\/v2\/product\/3711","targetHints":{"allow":["GET"]}}],"collection":[{"href":"https:\/\/kotlinafishing.pl\/index.php?rest_route=\/wp\/v2\/product"}],"about":[{"href":"https:\/\/kotlinafishing.pl\/index.php?rest_route=\/wp\/v2\/types\/product"}],"wp:featuredmedia":[{"embeddable":true,"href":"https:\/\/kotlinafishing.pl\/index.php?rest_route=\/wp\/v2\/media\/3717"}],"wp:attachment":[{"href":"https:\/\/kotlinafishing.pl\/index.php?rest_route=%2Fwp%2Fv2%2Fmedia&parent=3711"}],"wp:term":[{"taxonomy":"product_brand","embeddable":true,"href":"https:\/\/kotlinafishing.pl\/index.php?rest_route=%2Fwp%2Fv2%2Fproduct_brand&post=3711"},{"taxonomy":"product_cat","embeddable":true,"href":"https:\/\/kotlinafishing.pl\/index.php?rest_route=%2Fwp%2Fv2%2Fproduct_cat&post=3711"},{"taxonomy":"product_tag","embeddable":true,"href":"https:\/\/kotlinafishing.pl\/index.php?rest_route=%2Fwp%2Fv2%2Fproduct_tag&post=3711"}],"curies":[{"name":"wp","href":"https:\/\/api.w.org\/{rel}","templated":true}]}}