{"id":3640,"date":"2026-04-02T16:40:29","date_gmt":"2026-04-02T14:40:29","guid":{"rendered":"https:\/\/kotlinafishing.pl\/?post_type=product&#038;p=3640"},"modified":"2026-04-03T17:21:16","modified_gmt":"2026-04-03T15:21:16","slug":"3d-worms-wafters-duo-ananas-8mm-matchpro-op-20g","status":"publish","type":"product","link":"https:\/\/kotlinafishing.pl\/?product=3d-worms-wafters-duo-ananas-8mm-matchpro-op-20g","title":{"rendered":"3D Worms Wafters Duo Ananas 8mm MatchPro  (op. 20g)"},"content":{"rendered":"<p>Najnowszej generacji przyn\u0119ty w\u0119dkarskie o fantastycznych w\u0142a\u015bciwo\u015bciach! Idealny balans w wodzie powoduje, \u017ce ryby nie czuj\u0105 oporu podczas pobierania przyn\u0119ty. Dzi\u0119ki ciekawemu i niestandardowemu kszta\u0142towi, mamy znacznie wi\u0119ksze szanse na z\u0142owienie bardzo du\u017cej ryby. Intensywny i d\u0142ugo utrzymuj\u0105cy si\u0119 aromat sprawia, \u017ce WORMS 3d jest skuteczny bardzo d\u0142ugo w wodzie! Ta przyn\u0119ta by\u0142a sekretem kilku czo\u0142owych zawodnik\u00f3w method feeder ! Teraz dost\u0119pna dla ka\u017cdego !<\/p>\n<p><strong>Smak \/ Aromat<\/strong> &#8211; Ananas<\/p>\n<p><strong>Kolor:<\/strong> \u017b\u00f3\u0142to-bia\u0142y<\/p>\n<p><strong>Rozmiar:<\/strong> 8mm<\/p>\n<p><strong>Zachowanie w wodzie:<\/strong> Balans<\/p>\n","protected":false},"excerpt":{"rendered":"<p>Najnowszej generacji przyn\u0119ty w\u0119dkarskie o fantastycznych w\u0142a\u015bciwo\u015bciach! Idealny balans w wodzie powoduje, \u017ce ryby nie czuj\u0105 oporu podczas pobierania przyn\u0119ty. Dzi\u0119ki ciekawemu i niestandardowemu kszta\u0142towi, mamy znacznie wi\u0119ksze szanse na z\u0142owienie bardzo du\u017cej ryby. Intensywny i d\u0142ugo utrzymuj\u0105cy si\u0119 aromat sprawia, \u017ce WORMS 3d jest skuteczny bardzo d\u0142ugo w wodzie! Ta przyn\u0119ta by\u0142a sekretem kilku czo\u0142owych zawodnik\u00f3w method feeder ! Teraz dost\u0119pna dla ka\u017cdego !<\/p>\n","protected":false},"featured_media":3690,"template":"","meta":[],"product_brand":[24],"product_cat":[44,19,41],"product_tag":[],"class_list":{"0":"post-3640","1":"product","2":"type-product","3":"status-publish","4":"has-post-thumbnail","6":"product_brand-matchpro","7":"product_cat-przynety-method-feeder","8":"product_cat-grunt","9":"product_cat-zanety-przynety-dodatki-gliny","11":"first","12":"instock","13":"shipping-taxable","14":"purchasable","15":"product-type-simple"},"_links":{"self":[{"href":"https:\/\/kotlinafishing.pl\/index.php?rest_route=\/wp\/v2\/product\/3640","targetHints":{"allow":["GET"]}}],"collection":[{"href":"https:\/\/kotlinafishing.pl\/index.php?rest_route=\/wp\/v2\/product"}],"about":[{"href":"https:\/\/kotlinafishing.pl\/index.php?rest_route=\/wp\/v2\/types\/product"}],"wp:featuredmedia":[{"embeddable":true,"href":"https:\/\/kotlinafishing.pl\/index.php?rest_route=\/wp\/v2\/media\/3690"}],"wp:attachment":[{"href":"https:\/\/kotlinafishing.pl\/index.php?rest_route=%2Fwp%2Fv2%2Fmedia&parent=3640"}],"wp:term":[{"taxonomy":"product_brand","embeddable":true,"href":"https:\/\/kotlinafishing.pl\/index.php?rest_route=%2Fwp%2Fv2%2Fproduct_brand&post=3640"},{"taxonomy":"product_cat","embeddable":true,"href":"https:\/\/kotlinafishing.pl\/index.php?rest_route=%2Fwp%2Fv2%2Fproduct_cat&post=3640"},{"taxonomy":"product_tag","embeddable":true,"href":"https:\/\/kotlinafishing.pl\/index.php?rest_route=%2Fwp%2Fv2%2Fproduct_tag&post=3640"}],"curies":[{"name":"wp","href":"https:\/\/api.w.org\/{rel}","templated":true}]}}