{"id":3615,"date":"2026-04-01T17:22:13","date_gmt":"2026-04-01T15:22:13","guid":{"rendered":"https:\/\/kotlinafishing.pl\/?post_type=product&#038;p=3615"},"modified":"2026-04-13T16:41:09","modified_gmt":"2026-04-13T14:41:09","slug":"nerka-dragon","status":"publish","type":"product","link":"https:\/\/kotlinafishing.pl\/?product=nerka-dragon","title":{"rendered":"Pas biodrowy Dragon DGN"},"content":{"rendered":"<p>Doskona\u0142a propozycja dla w\u0119dkuj\u0105cych z zaro\u015bni\u0119tych brzeg\u00f3w, z tak\u017ce spinningist\u00f3w i muszkarzy zabieraj\u0105cych na stanowisko niewiele ekwipunku.<\/p>\n<p><strong>Wymiary:\u00a0<\/strong>62x10x16cm<\/p>\n<p><strong>Waga:\u00a0<\/strong>350g.<\/p>\n","protected":false},"excerpt":{"rendered":"<p>Doskona\u0142a propozycja dla w\u0119dkuj\u0105cych z zaro\u015bni\u0119tych brzeg\u00f3w, z tak\u017ce spinningist\u00f3w i muszkarzy zabieraj\u0105cych na stanowisko niewiele ekwipunku.<\/p>\n<p><strong>Wymiary:\u00a0<\/strong>62x10x16cm<\/p>\n<p><strong>Waga:\u00a0<\/strong>350g.<\/p>\n","protected":false},"featured_media":3630,"template":"","meta":[],"product_brand":[99],"product_cat":[218,21],"product_tag":[],"class_list":{"0":"post-3615","1":"product","2":"type-product","3":"status-publish","4":"has-post-thumbnail","6":"product_brand-dragon","7":"product_cat-torby-i-plecaki-spinningowe","8":"product_cat-spinning","10":"first","11":"outofstock","12":"shipping-taxable","13":"purchasable","14":"product-type-simple"},"_links":{"self":[{"href":"https:\/\/kotlinafishing.pl\/index.php?rest_route=\/wp\/v2\/product\/3615","targetHints":{"allow":["GET"]}}],"collection":[{"href":"https:\/\/kotlinafishing.pl\/index.php?rest_route=\/wp\/v2\/product"}],"about":[{"href":"https:\/\/kotlinafishing.pl\/index.php?rest_route=\/wp\/v2\/types\/product"}],"wp:featuredmedia":[{"embeddable":true,"href":"https:\/\/kotlinafishing.pl\/index.php?rest_route=\/wp\/v2\/media\/3630"}],"wp:attachment":[{"href":"https:\/\/kotlinafishing.pl\/index.php?rest_route=%2Fwp%2Fv2%2Fmedia&parent=3615"}],"wp:term":[{"taxonomy":"product_brand","embeddable":true,"href":"https:\/\/kotlinafishing.pl\/index.php?rest_route=%2Fwp%2Fv2%2Fproduct_brand&post=3615"},{"taxonomy":"product_cat","embeddable":true,"href":"https:\/\/kotlinafishing.pl\/index.php?rest_route=%2Fwp%2Fv2%2Fproduct_cat&post=3615"},{"taxonomy":"product_tag","embeddable":true,"href":"https:\/\/kotlinafishing.pl\/index.php?rest_route=%2Fwp%2Fv2%2Fproduct_tag&post=3615"}],"curies":[{"name":"wp","href":"https:\/\/api.w.org\/{rel}","templated":true}]}}