{"id":3614,"date":"2026-04-01T17:19:07","date_gmt":"2026-04-01T15:19:07","guid":{"rendered":"https:\/\/kotlinafishing.pl\/?post_type=product&#038;p=3614"},"modified":"2026-04-02T15:28:59","modified_gmt":"2026-04-02T13:28:59","slug":"plecak-delphin-classa","status":"publish","type":"product","link":"https:\/\/kotlinafishing.pl\/?product=plecak-delphin-classa","title":{"rendered":"Plecak Delphin Classa"},"content":{"rendered":"<p>Doskona\u0142y towarzysz podczas w\u0119dkowania. Tak mo\u017cna scharakteryzowa\u0107 plecak Delphin CLASSA. Ca\u0142o\u015b\u0107 wykonana z wysokiej jako\u015bci tkaniny w kolorze zielonym. W dolnej cz\u0119\u015bci plecaka jest gumowana wodoodporna warstwa, dzi\u0119ki kt\u00f3rej bez obaw mo\u017cna go zostawi\u0107 w trawie pokrytej ros\u0105. CLASSA ma du\u017c\u0105 wewn\u0119trzn\u0105 przestrze\u0144, do kt\u00f3rej jest \u0142atwy dost\u0119p przez du\u017c\u0105 pokryw\u0119, zamykan\u0105 za pomoc\u0105 praktycznego i wysokiej jako\u015bci zamka b\u0142yskawicznego. Z przodu plecaka znajduje si\u0119 du\u017ca kiesze\u0144, na kt\u00f3rej jest mniejsza kiesze\u0144 zapinana na zamek. Mo\u017cesz w nim wygodnie przechowywa\u0107 wa\u017cne przedmioty, takie jak dokumenty, portfel czy telefon kom\u00f3rkowy. Po obu stronach plecaka znajduj\u0105 si\u0119 otwarte kieszenie z paskami. Nadaj\u0105 si\u0119 na przyk\u0142ad do trzymania d\u0142u\u017cszych rzeczy, takich jak podp\u00f3rki i niekt\u00f3re rodzaje w\u0119dek. Otwarta kiesze\u0144 w tym przypadku mo\u017ce s\u0142u\u017cy\u0107 jako uchwyt dla tych przedmiot\u00f3w. Mo\u017cna je r\u00f3wnie\u017c u\u017cy\u0107 do noszenia termosu lub butelki z wod\u0105. Niezaprzeczalnym atutem tego plecaka s\u0105 wysokiej jako\u015bci szelki z wype\u0142nieniem z pianki, co zmniejsza nacisk na ramiona podczas noszenia w pe\u0142ni za\u0142adowanego plecaka. W g\u00f3rnej cz\u0119\u015bci s\u0105 po\u0142\u0105czone, co tworzy wygodny uchwyt do noszenia plecaka w d\u0142oni.<\/p>\n<p><strong>Parametry techniczne:<\/strong><br \/>\n<strong>Wymiary cz\u0119\u015bci g\u0142\u00f3wnej:<\/strong> 50x23x30cm<br \/>\n<strong>Przednia kiesze\u0144:<\/strong> 20x4x23cm<br \/>\n<strong>Kiesze\u0144 boczna:<\/strong> 11x7x7cm<\/p>\n","protected":false},"excerpt":{"rendered":"<p>Doskona\u0142y towarzysz podczas w\u0119dkowania. Tak mo\u017cna scharakteryzowa\u0107 plecak Delphin CLASSA. Ca\u0142o\u015b\u0107 wykonana z wysokiej jako\u015bci tkaniny w kolorze zielonym.<\/p>\n","protected":false},"featured_media":3616,"template":"","meta":[],"product_brand":[97],"product_cat":[218,21],"product_tag":[],"class_list":{"0":"post-3614","1":"product","2":"type-product","3":"status-publish","4":"has-post-thumbnail","6":"product_brand-delphin","7":"product_cat-torby-i-plecaki-spinningowe","8":"product_cat-spinning","10":"first","11":"instock","12":"shipping-taxable","13":"purchasable","14":"product-type-simple"},"_links":{"self":[{"href":"https:\/\/kotlinafishing.pl\/index.php?rest_route=\/wp\/v2\/product\/3614","targetHints":{"allow":["GET"]}}],"collection":[{"href":"https:\/\/kotlinafishing.pl\/index.php?rest_route=\/wp\/v2\/product"}],"about":[{"href":"https:\/\/kotlinafishing.pl\/index.php?rest_route=\/wp\/v2\/types\/product"}],"wp:featuredmedia":[{"embeddable":true,"href":"https:\/\/kotlinafishing.pl\/index.php?rest_route=\/wp\/v2\/media\/3616"}],"wp:attachment":[{"href":"https:\/\/kotlinafishing.pl\/index.php?rest_route=%2Fwp%2Fv2%2Fmedia&parent=3614"}],"wp:term":[{"taxonomy":"product_brand","embeddable":true,"href":"https:\/\/kotlinafishing.pl\/index.php?rest_route=%2Fwp%2Fv2%2Fproduct_brand&post=3614"},{"taxonomy":"product_cat","embeddable":true,"href":"https:\/\/kotlinafishing.pl\/index.php?rest_route=%2Fwp%2Fv2%2Fproduct_cat&post=3614"},{"taxonomy":"product_tag","embeddable":true,"href":"https:\/\/kotlinafishing.pl\/index.php?rest_route=%2Fwp%2Fv2%2Fproduct_tag&post=3614"}],"curies":[{"name":"wp","href":"https:\/\/api.w.org\/{rel}","templated":true}]}}