{"id":3596,"date":"2026-04-01T16:01:50","date_gmt":"2026-04-01T14:01:50","guid":{"rendered":"https:\/\/kotlinafishing.pl\/?post_type=product&#038;p=3596"},"modified":"2026-04-03T16:08:09","modified_gmt":"2026-04-03T14:08:09","slug":"biedronka-11mm-m-r-baits-1szt","status":"publish","type":"product","link":"https:\/\/kotlinafishing.pl\/?product=biedronka-11mm-m-r-baits-1szt","title":{"rendered":"Biedronka 11mm M.R. Baits 1szt."},"content":{"rendered":"<p>Przed Tob\u0105<strong>\u00a0BIEDRONKA MRBAITS<\/strong>\u00a011 mm \u2013 absolutnie najmniejsza przyn\u0119ta w naszej ofercie, stworzona do sytuacji, w kt\u00f3rych ryby ignoruj\u0105 wszystko\u2026 poza czym\u015b ekstremalnie naturalnym.<\/p>\n<p>To nie jest zabawka. To narz\u0119dzie do \u0142owienia wtedy, kiedy inni ko\u0144cz\u0105 bez brania. Idealna imitacja mikro-owada Perfekcyjna na bia\u0142oryb, a nawet ostro\u017cne drapie\u017cniki Niezast\u0105piona przy du\u017cej presji w\u0119dkarskiej<\/p>\n<p>Zab\u00f3jcza w zimnej wodzie i przy chimerycznym \u017cerowaniu<\/p>\n<p>Ta przyn\u0119ta dzia\u0142a tam, gdzie klasyczne gumy przegrywaj\u0105.<\/p>\n<p>&nbsp;<\/p>\n<p><strong>Sprzedawane na sztuki.<\/strong><\/p>\n","protected":false},"excerpt":{"rendered":"<p>Przed Tob\u0105<strong>\u00a0BIEDRONKA MRBAITS<\/strong>\u00a011 mm \u2013 absolutnie najmniejsza przyn\u0119ta w naszej ofercie, stworzona do sytuacji, w kt\u00f3rych ryby ignoruj\u0105 wszystko\u2026 poza czym\u015b ekstremalnie naturalnym.<\/p>\n<p>To nie jest zabawka. To narz\u0119dzie do \u0142owienia wtedy, kiedy inni ko\u0144cz\u0105 bez brania. Idealna imitacja mikro-owada Perfekcyjna na bia\u0142oryb, a nawet ostro\u017cne drapie\u017cniki Niezast\u0105piona przy du\u017cej presji w\u0119dkarskiej<\/p>\n<p>Zab\u00f3jcza w zimnej wodzie i przy chimerycznym \u017cerowaniu<\/p>\n<p>Ta przyn\u0119ta dzia\u0142a tam, gdzie klasyczne gumy przegrywaj\u0105.<\/p>\n","protected":false},"featured_media":3661,"template":"","meta":[],"product_brand":[229],"product_cat":[195,251,194,21],"product_tag":[],"class_list":{"0":"post-3596","1":"product","2":"type-product","3":"status-publish","4":"has-post-thumbnail","6":"product_brand-m-r-baits","7":"product_cat-gumy","8":"product_cat-imitacje-robakow","9":"product_cat-przynety-spinningowe","10":"product_cat-spinning","11":"pa_dlugosc-11mm","12":"pa_marka-m-r-baits","14":"first","15":"instock","16":"shipping-taxable","17":"purchasable","18":"product-type-simple"},"_links":{"self":[{"href":"https:\/\/kotlinafishing.pl\/index.php?rest_route=\/wp\/v2\/product\/3596","targetHints":{"allow":["GET"]}}],"collection":[{"href":"https:\/\/kotlinafishing.pl\/index.php?rest_route=\/wp\/v2\/product"}],"about":[{"href":"https:\/\/kotlinafishing.pl\/index.php?rest_route=\/wp\/v2\/types\/product"}],"wp:featuredmedia":[{"embeddable":true,"href":"https:\/\/kotlinafishing.pl\/index.php?rest_route=\/wp\/v2\/media\/3661"}],"wp:attachment":[{"href":"https:\/\/kotlinafishing.pl\/index.php?rest_route=%2Fwp%2Fv2%2Fmedia&parent=3596"}],"wp:term":[{"taxonomy":"product_brand","embeddable":true,"href":"https:\/\/kotlinafishing.pl\/index.php?rest_route=%2Fwp%2Fv2%2Fproduct_brand&post=3596"},{"taxonomy":"product_cat","embeddable":true,"href":"https:\/\/kotlinafishing.pl\/index.php?rest_route=%2Fwp%2Fv2%2Fproduct_cat&post=3596"},{"taxonomy":"product_tag","embeddable":true,"href":"https:\/\/kotlinafishing.pl\/index.php?rest_route=%2Fwp%2Fv2%2Fproduct_tag&post=3596"}],"curies":[{"name":"wp","href":"https:\/\/api.w.org\/{rel}","templated":true}]}}