{"id":3565,"date":"2026-03-28T10:57:40","date_gmt":"2026-03-28T09:57:40","guid":{"rendered":"https:\/\/kotlinafishing.pl\/?post_type=product&#038;p=3565"},"modified":"2026-03-28T15:32:16","modified_gmt":"2026-03-28T14:32:16","slug":"przypony-method-feeder-mikado-mf14-plecionka-igla-z-zadziorem","status":"publish","type":"product","link":"https:\/\/kotlinafishing.pl\/?product=przypony-method-feeder-mikado-mf14-plecionka-igla-z-zadziorem","title":{"rendered":"Przypony Method Feeder Mikado MF14 \/ plecionka \/ ig\u0142a (z zadziorem)"},"content":{"rendered":"<p>Rozszerzona oferta przypon\u00f3w metodowych na grube ryby. Zwi\u0105zane na mocnej plecionce\u00a0<strong>Nihonto Fine Braid<\/strong>\u00a0w po\u0142\u0105czeniu z hakami\u00a0<strong>MF14<\/strong> zagwarantuj\u0105 nam pewny hol naprawd\u0119 du\u017cych ryb. Wyko\u0144czone ig\u0142\u0105.<\/p>\n","protected":false},"excerpt":{"rendered":"<p>Rozszerzona oferta przypon\u00f3w metodowych na grube ryby. Zwi\u0105zane na mocnej plecionce\u00a0<strong>Nihonto Fine Braid<\/strong>\u00a0w po\u0142\u0105czeniu z hakami\u00a0<strong>MF14<\/strong> zagwarantuj\u0105 nam pewny hol naprawd\u0119 du\u017cych ryb. Wyko\u0144czone ig\u0142\u0105.<\/p>\n","protected":false},"featured_media":3584,"template":"","meta":[],"product_brand":[22],"product_cat":[68,205,19],"product_tag":[],"class_list":{"0":"post-3565","1":"product","2":"type-product","3":"status-publish","4":"has-post-thumbnail","6":"product_brand-mikado","7":"product_cat-gotowe-przypony","8":"product_cat-haczyki-gotowe-przypony","9":"product_cat-grunt","10":"pa_marka-mikado","12":"first","13":"instock","14":"shipping-taxable","15":"purchasable","16":"product-type-variable"},"_links":{"self":[{"href":"https:\/\/kotlinafishing.pl\/index.php?rest_route=\/wp\/v2\/product\/3565","targetHints":{"allow":["GET"]}}],"collection":[{"href":"https:\/\/kotlinafishing.pl\/index.php?rest_route=\/wp\/v2\/product"}],"about":[{"href":"https:\/\/kotlinafishing.pl\/index.php?rest_route=\/wp\/v2\/types\/product"}],"wp:featuredmedia":[{"embeddable":true,"href":"https:\/\/kotlinafishing.pl\/index.php?rest_route=\/wp\/v2\/media\/3584"}],"wp:attachment":[{"href":"https:\/\/kotlinafishing.pl\/index.php?rest_route=%2Fwp%2Fv2%2Fmedia&parent=3565"}],"wp:term":[{"taxonomy":"product_brand","embeddable":true,"href":"https:\/\/kotlinafishing.pl\/index.php?rest_route=%2Fwp%2Fv2%2Fproduct_brand&post=3565"},{"taxonomy":"product_cat","embeddable":true,"href":"https:\/\/kotlinafishing.pl\/index.php?rest_route=%2Fwp%2Fv2%2Fproduct_cat&post=3565"},{"taxonomy":"product_tag","embeddable":true,"href":"https:\/\/kotlinafishing.pl\/index.php?rest_route=%2Fwp%2Fv2%2Fproduct_tag&post=3565"}],"curies":[{"name":"wp","href":"https:\/\/api.w.org\/{rel}","templated":true}]}}