{"id":353,"date":"2025-09-02T15:49:33","date_gmt":"2025-09-02T13:49:33","guid":{"rendered":"http:\/\/kotlinafishing.pl\/?post_type=product&#038;p=353"},"modified":"2026-03-29T18:16:12","modified_gmt":"2026-03-29T16:16:12","slug":"zaneta-champion-feed-wonder-black-2-kg","status":"publish","type":"product","link":"https:\/\/kotlinafishing.pl\/?product=zaneta-champion-feed-wonder-black-2-kg","title":{"rendered":"Zan\u0119ta Champion Feed WONDER BLACK 2 kg"},"content":{"rendered":"<p><strong>WONDER BLACK<\/strong> \u2013 najbardziej popularna i uznana super-zawodnicza zan\u0119ta Champion Feed. Jej najwi\u0119kszym atutem jest to, \u017ce pod ka\u017cdym wzgl\u0119dem jest uniwersalna i zawsze skuteczna. Przyci\u0105ga leszcze, p\u0142ocie, kr\u0105pie i wszystkie inne ryby spokojnego \u017ceru. W zale\u017cno\u015bci od nawil\u017cenia i rodzaju u\u017cytej gliny, mo\u017cna zastosowa\u0107 j\u0105 w ka\u017cdym \u0142owisku. Sprawdza\u00a0si\u0119 o ka\u017cdej porze roku. Je\u015bli chcemy zachowa\u0107 jej uniwersalny charakter (bo np. nie wiemy, jakie ryby b\u0119d\u0105 dominowa\u0142y), najlepiej zastosowa\u0107 j\u0105 samodzielnie. Na trudne kana\u0142owo-jeziorowe ryby idealnie komponuje si\u0119 z Worldcup lub Brasem.\u00a0W wodach p\u0142yn\u0105cych\u00a0\u015bwietnie dzia\u0142a w po\u0142\u0105czeniu z Brasem Zilver (szczeg\u00f3lnie na leszcze i kr\u0105pie), lub Voorn (na p\u0142ocie). Na wody z bogatym rybostanem \u015brednich i wi\u0119kszych ryb, moim bestsellerem jest mieszanka Wonder Black z Wonder Mix \u2013 na rzeki to po\u0142\u0105czenie nale\u017cy wzbogaci\u0107 mocno klej\u0105c\u0105 zan\u0119t\u0105 G\u00f3rek Breme, kt\u00f3ra powinna stanowi\u0107 od 30 do 50% sk\u0142adu mieszanki.<\/p>\n","protected":false},"excerpt":{"rendered":"<p><strong>WONDER BLACK<\/strong> \u2013 najbardziej popularna i uznana super-zawodnicza zan\u0119ta Champion Feed. Jej najwi\u0119kszym atutem jest to, \u017ce pod ka\u017cdym wzgl\u0119dem jest uniwersalna i zawsze skuteczna. Przyci\u0105ga leszcze, p\u0142ocie, kr\u0105pie i wszystkie inne ryby spokojnego \u017ceru. W zale\u017cno\u015bci od nawil\u017cenia i rodzaju u\u017cytej gliny, mo\u017cna zastosowa\u0107 j\u0105 w ka\u017cdym \u0142owisku. Sprawdza\u00a0si\u0119 o ka\u017cdej porze roku. Je\u015bli chcemy zachowa\u0107 jej uniwersalny charakter (bo np. nie wiemy, jakie ryby b\u0119d\u0105 dominowa\u0142y), najlepiej zastosowa\u0107 j\u0105 samodzielnie. Na trudne kana\u0142owo-jeziorowe ryby idealnie komponuje si\u0119 z Worldcup lub Brasem.\u00a0W wodach p\u0142yn\u0105cych\u00a0\u015bwietnie dzia\u0142a w po\u0142\u0105czeniu z Brasem Zilver (szczeg\u00f3lnie na leszcze i kr\u0105pie), lub Voorn (na p\u0142ocie). Na wody z bogatym rybostanem \u015brednich i wi\u0119kszych ryb, moim bestsellerem jest mieszanka Wonder Black z Wonder Mix \u2013 na rzeki to po\u0142\u0105czenie nale\u017cy wzbogaci\u0107 mocno klej\u0105c\u0105 zan\u0119t\u0105 G\u00f3rek Breme, kt\u00f3ra powinna stanowi\u0107 od 30 do 50% sk\u0142adu mieszanki.<\/p>\n","protected":false},"featured_media":1539,"template":"","meta":[],"product_brand":[30],"product_cat":[19,18,42,41],"product_tag":[],"class_list":{"0":"post-353","1":"product","2":"type-product","3":"status-publish","4":"has-post-thumbnail","6":"product_brand-champion-feed","7":"product_cat-grunt","8":"product_cat-splawik","9":"product_cat-zanety-klasyczne","10":"product_cat-zanety-przynety-dodatki-gliny","12":"first","13":"instock","14":"shipping-taxable","15":"purchasable","16":"product-type-simple"},"_links":{"self":[{"href":"https:\/\/kotlinafishing.pl\/index.php?rest_route=\/wp\/v2\/product\/353","targetHints":{"allow":["GET"]}}],"collection":[{"href":"https:\/\/kotlinafishing.pl\/index.php?rest_route=\/wp\/v2\/product"}],"about":[{"href":"https:\/\/kotlinafishing.pl\/index.php?rest_route=\/wp\/v2\/types\/product"}],"wp:featuredmedia":[{"embeddable":true,"href":"https:\/\/kotlinafishing.pl\/index.php?rest_route=\/wp\/v2\/media\/1539"}],"wp:attachment":[{"href":"https:\/\/kotlinafishing.pl\/index.php?rest_route=%2Fwp%2Fv2%2Fmedia&parent=353"}],"wp:term":[{"taxonomy":"product_brand","embeddable":true,"href":"https:\/\/kotlinafishing.pl\/index.php?rest_route=%2Fwp%2Fv2%2Fproduct_brand&post=353"},{"taxonomy":"product_cat","embeddable":true,"href":"https:\/\/kotlinafishing.pl\/index.php?rest_route=%2Fwp%2Fv2%2Fproduct_cat&post=353"},{"taxonomy":"product_tag","embeddable":true,"href":"https:\/\/kotlinafishing.pl\/index.php?rest_route=%2Fwp%2Fv2%2Fproduct_tag&post=353"}],"curies":[{"name":"wp","href":"https:\/\/api.w.org\/{rel}","templated":true}]}}