{"id":3520,"date":"2026-03-19T10:03:41","date_gmt":"2026-03-19T09:03:41","guid":{"rendered":"https:\/\/kotlinafishing.pl\/?post_type=product&#038;p=3520"},"modified":"2026-03-20T08:59:21","modified_gmt":"2026-03-20T07:59:21","slug":"liquid-booster-bream-lorpio","status":"publish","type":"product","link":"https:\/\/kotlinafishing.pl\/?product=liquid-booster-bream-lorpio","title":{"rendered":"Liquid Booster Bream Lorpio 250ml"},"content":{"rendered":"<p>Wielu w\u0119dkarzy przekona\u0142o si\u0119, \u017ce s\u0105 \u0142owiska gdzie aromatyczne i s\u0142odkie zan\u0119ty sprawdzaj\u0105 si\u0119 najlepiej. Kiedy uwa\u017casz, \u017ce twojej zan\u0119cie brakuje s\u0142odyczy i aromatu zastosuj Liquid Booster. To s\u0142odki i aromatyczny dopalacz do zan\u0119t, pelletu, mix\u00f3w itp. Liquid Booster nie rozpuszcza work\u00f3w i siatek z PVA.<\/p>\n","protected":false},"excerpt":{"rendered":"<p>Wielu w\u0119dkarzy przekona\u0142o si\u0119, \u017ce s\u0105 \u0142owiska gdzie aromatyczne i s\u0142odkie zan\u0119ty sprawdzaj\u0105 si\u0119 najlepiej. Kiedy uwa\u017casz, \u017ce twojej zan\u0119cie brakuje s\u0142odyczy i aromatu zastosuj Liquid Booster. To s\u0142odki i aromatyczny dopalacz do zan\u0119t, pelletu, mix\u00f3w itp. Liquid Booster nie rozpuszcza work\u00f3w i siatek z PVA.<\/p>\n","protected":false},"featured_media":3536,"template":"","meta":[],"product_brand":[23],"product_cat":[46,19,41],"product_tag":[],"class_list":{"0":"post-3520","1":"product","2":"type-product","3":"status-publish","4":"has-post-thumbnail","6":"product_brand-lorpio","7":"product_cat-dodatki-w-plynie","8":"product_cat-grunt","9":"product_cat-zanety-przynety-dodatki-gliny","11":"first","12":"instock","13":"shipping-taxable","14":"purchasable","15":"product-type-simple"},"_links":{"self":[{"href":"https:\/\/kotlinafishing.pl\/index.php?rest_route=\/wp\/v2\/product\/3520","targetHints":{"allow":["GET"]}}],"collection":[{"href":"https:\/\/kotlinafishing.pl\/index.php?rest_route=\/wp\/v2\/product"}],"about":[{"href":"https:\/\/kotlinafishing.pl\/index.php?rest_route=\/wp\/v2\/types\/product"}],"wp:featuredmedia":[{"embeddable":true,"href":"https:\/\/kotlinafishing.pl\/index.php?rest_route=\/wp\/v2\/media\/3536"}],"wp:attachment":[{"href":"https:\/\/kotlinafishing.pl\/index.php?rest_route=%2Fwp%2Fv2%2Fmedia&parent=3520"}],"wp:term":[{"taxonomy":"product_brand","embeddable":true,"href":"https:\/\/kotlinafishing.pl\/index.php?rest_route=%2Fwp%2Fv2%2Fproduct_brand&post=3520"},{"taxonomy":"product_cat","embeddable":true,"href":"https:\/\/kotlinafishing.pl\/index.php?rest_route=%2Fwp%2Fv2%2Fproduct_cat&post=3520"},{"taxonomy":"product_tag","embeddable":true,"href":"https:\/\/kotlinafishing.pl\/index.php?rest_route=%2Fwp%2Fv2%2Fproduct_tag&post=3520"}],"curies":[{"name":"wp","href":"https:\/\/api.w.org\/{rel}","templated":true}]}}