{"id":3501,"date":"2026-03-19T08:52:16","date_gmt":"2026-03-19T07:52:16","guid":{"rendered":"https:\/\/kotlinafishing.pl\/?post_type=product&#038;p=3501"},"modified":"2026-03-19T23:32:16","modified_gmt":"2026-03-19T22:32:16","slug":"przyrzad-do-wiazania-petel-preston","status":"publish","type":"product","link":"https:\/\/kotlinafishing.pl\/?product=przyrzad-do-wiazania-petel-preston","title":{"rendered":"Przyrz\u0105d do wi\u0105zania p\u0119tel Preston"},"content":{"rendered":"<p>Przyrz\u0105d s\u0142u\u017c\u0105cy do wyr\u00f3wnywania p\u0119tel podczas wi\u0105zania przypon\u00f3w czy zestaw\u00f3w. Posiada mo\u017cliwo\u015b\u0107 wi\u0105zania p\u0119tel w rozmiarach: 8, 10, 12 i 15mm.<\/p>\n","protected":false},"excerpt":{"rendered":"<p>Przyrz\u0105d s\u0142u\u017c\u0105cy do wyr\u00f3wnywania p\u0119tel podczas wi\u0105zania przypon\u00f3w czy zestaw\u00f3w. Posiada mo\u017cliwo\u015b\u0107 wi\u0105zania p\u0119tel w rozmiarach: 8, 10, 12 i 15mm.<\/p>\n","protected":false},"featured_media":3527,"template":"","meta":[],"product_brand":[108],"product_cat":[70,19,314],"product_tag":[],"class_list":{"0":"post-3501","1":"product","2":"type-product","3":"status-publish","4":"has-post-thumbnail","6":"product_brand-preston","7":"product_cat-akcesoria","8":"product_cat-grunt","9":"product_cat-wiazarki-do-haczykow-i-petli","10":"pa_marka-preston","12":"first","13":"instock","14":"shipping-taxable","15":"purchasable","16":"product-type-simple"},"_links":{"self":[{"href":"https:\/\/kotlinafishing.pl\/index.php?rest_route=\/wp\/v2\/product\/3501","targetHints":{"allow":["GET"]}}],"collection":[{"href":"https:\/\/kotlinafishing.pl\/index.php?rest_route=\/wp\/v2\/product"}],"about":[{"href":"https:\/\/kotlinafishing.pl\/index.php?rest_route=\/wp\/v2\/types\/product"}],"wp:featuredmedia":[{"embeddable":true,"href":"https:\/\/kotlinafishing.pl\/index.php?rest_route=\/wp\/v2\/media\/3527"}],"wp:attachment":[{"href":"https:\/\/kotlinafishing.pl\/index.php?rest_route=%2Fwp%2Fv2%2Fmedia&parent=3501"}],"wp:term":[{"taxonomy":"product_brand","embeddable":true,"href":"https:\/\/kotlinafishing.pl\/index.php?rest_route=%2Fwp%2Fv2%2Fproduct_brand&post=3501"},{"taxonomy":"product_cat","embeddable":true,"href":"https:\/\/kotlinafishing.pl\/index.php?rest_route=%2Fwp%2Fv2%2Fproduct_cat&post=3501"},{"taxonomy":"product_tag","embeddable":true,"href":"https:\/\/kotlinafishing.pl\/index.php?rest_route=%2Fwp%2Fv2%2Fproduct_tag&post=3501"}],"curies":[{"name":"wp","href":"https:\/\/api.w.org\/{rel}","templated":true}]}}