{"id":350,"date":"2025-09-02T15:42:39","date_gmt":"2025-09-02T13:42:39","guid":{"rendered":"http:\/\/kotlinafishing.pl\/?post_type=product&#038;p=350"},"modified":"2026-01-27T14:51:10","modified_gmt":"2026-01-27T13:51:10","slug":"zaneta-champion-feed-wonder-mix-2-kg","status":"publish","type":"product","link":"https:\/\/kotlinafishing.pl\/?product=zaneta-champion-feed-wonder-mix-2-kg","title":{"rendered":"Zan\u0119ta Champion Feed WONDER MIX 2 kg"},"content":{"rendered":"<p>WONDER MIX \u2013\u00a0to zan\u0119ta oparta o legendarn\u0105 ju\u017c receptur\u0119 belgijskich zawodnik\u00f3w. Jest to bardzo kaloryczna mieszanka do n\u0119cenia\u00a0wszystkich\u00a0ryb w okresie ich dobrego \u017cerowania \u2013 kiedy s\u0105 g\u0142odne i chc\u0105 dobrze zje\u015b\u0107. Wonder Mix posiada niezwykle przyjemny s\u0142odko-kukurydziany\u00a0zapach i smak\u00a0wynikaj\u0105cy\u00a0z jej sk\u0142adu.<\/p>\n","protected":false},"excerpt":{"rendered":"<p><strong>WONDER MIX<\/strong> \u2013\u00a0to zan\u0119ta oparta o legendarn\u0105 ju\u017c receptur\u0119 belgijskich zawodnik\u00f3w. Jest to bardzo kaloryczna mieszanka do n\u0119cenia\u00a0wszystkich\u00a0ryb w okresie ich dobrego \u017cerowania \u2013 kiedy s\u0105 g\u0142odne i chc\u0105 dobrze zje\u015b\u0107. Wonder Mix posiada niezwykle przyjemny s\u0142odko-kukurydziany\u00a0zapach i smak\u00a0wynikaj\u0105cy\u00a0z jej sk\u0142adu.<\/p>\n","protected":false},"featured_media":1542,"template":"","meta":[],"product_brand":[30],"product_cat":[19,18,42,41],"product_tag":[],"class_list":{"0":"post-350","1":"product","2":"type-product","3":"status-publish","4":"has-post-thumbnail","6":"product_brand-champion-feed","7":"product_cat-grunt","8":"product_cat-splawik","9":"product_cat-zanety-klasyczne","10":"product_cat-zanety-przynety-dodatki-gliny","12":"first","13":"instock","14":"shipping-taxable","15":"purchasable","16":"product-type-simple"},"_links":{"self":[{"href":"https:\/\/kotlinafishing.pl\/index.php?rest_route=\/wp\/v2\/product\/350","targetHints":{"allow":["GET"]}}],"collection":[{"href":"https:\/\/kotlinafishing.pl\/index.php?rest_route=\/wp\/v2\/product"}],"about":[{"href":"https:\/\/kotlinafishing.pl\/index.php?rest_route=\/wp\/v2\/types\/product"}],"wp:featuredmedia":[{"embeddable":true,"href":"https:\/\/kotlinafishing.pl\/index.php?rest_route=\/wp\/v2\/media\/1542"}],"wp:attachment":[{"href":"https:\/\/kotlinafishing.pl\/index.php?rest_route=%2Fwp%2Fv2%2Fmedia&parent=350"}],"wp:term":[{"taxonomy":"product_brand","embeddable":true,"href":"https:\/\/kotlinafishing.pl\/index.php?rest_route=%2Fwp%2Fv2%2Fproduct_brand&post=350"},{"taxonomy":"product_cat","embeddable":true,"href":"https:\/\/kotlinafishing.pl\/index.php?rest_route=%2Fwp%2Fv2%2Fproduct_cat&post=350"},{"taxonomy":"product_tag","embeddable":true,"href":"https:\/\/kotlinafishing.pl\/index.php?rest_route=%2Fwp%2Fv2%2Fproduct_tag&post=350"}],"curies":[{"name":"wp","href":"https:\/\/api.w.org\/{rel}","templated":true}]}}