{"id":3499,"date":"2026-03-19T08:37:35","date_gmt":"2026-03-19T07:37:35","guid":{"rendered":"https:\/\/kotlinafishing.pl\/?post_type=product&#038;p=3499"},"modified":"2026-03-28T12:25:39","modified_gmt":"2026-03-28T11:25:39","slug":"podajnik-escafeeder-arc-40g","status":"publish","type":"product","link":"https:\/\/kotlinafishing.pl\/?product=podajnik-escafeeder-arc-40g","title":{"rendered":"Podajnik Escafeeder ARC 40g"},"content":{"rendered":"<p>Podajniki Method Feeder ARC \u2013 Niezawodne i\u00a0wytrzyma\u0142e podajniki przeznaczone do\u00a0\u0142owienia na\u00a0method feeder. Niezawodny kszta\u0142t i\u00a0uk\u0142ad \u017ceberek pozwala na\u00a0pewne dostarczenie pelletu lub zan\u0119ty w\u00a0\u0142owisko a\u00a0jednocze\u015bnie idealn\u0105 prezentacj\u0119 przyn\u0119ty. Podajniki wyst\u0119puj\u0105 w\u00a0trzech podstawowych gramaturach \u2013 30g, 40g i\u00a050g.<\/p>\n<p>Podajnik Method Feeder ARC 30g jest najbardziej uniwersalnym ze\u00a0wzgl\u0119du na\u00a0wszechstronne zastosowanie, sprawdza si\u0119 praktycznie na\u00a0ka\u017cdej, nawet zamulonej wodzie. Po\u00a0wi\u0119ksze gramatury si\u0119gamy w\u00a0przypadku \u0142owienia dalej od\u00a0brzegu, na\u00a0wodach g\u0142\u0119bszych czy\u00a0w\u00a0czasie silnego bocznego wiatru. Kszta\u0142t \u017ceberek jest stworzony tak\u00a0aby przyn\u0119ta z\u00a0podajnika w\u00a0bardzo \u0142atwy spos\u00f3b mog\u0142a by\u0107 uwolniona. Przy stosowaniu podajnik\u00f3w w\u00a0g\u0142\u0119bszych wodach lub na\u00a0dystansie powinno si\u0119 doda\u0107 do\u00a0pelletu odrobin\u0119 zan\u0119ty w\u00a0celu mocniejszego sklejenia mieszanki.<\/p>\n","protected":false},"excerpt":{"rendered":"<p>Podajniki Method Feeder ARC \u2013 Niezawodne i\u00a0wytrzyma\u0142e podajniki przeznaczone do\u00a0\u0142owienia na\u00a0method feeder. Niezawodny kszta\u0142t i\u00a0uk\u0142ad \u017ceberek pozwala na\u00a0pewne dostarczenie pelletu lub zan\u0119ty w\u00a0\u0142owisko a\u00a0jednocze\u015bnie idealn\u0105 prezentacj\u0119 przyn\u0119ty. Podajniki wyst\u0119puj\u0105 w\u00a0trzech podstawowych gramaturach \u2013 30g, 40g i\u00a050g.<\/p>\n","protected":false},"featured_media":3525,"template":"","meta":[],"product_brand":[140],"product_cat":[34,55,19],"product_tag":[],"class_list":{"0":"post-3499","1":"product","2":"type-product","3":"status-publish","4":"has-post-thumbnail","6":"product_brand-escafeeder","7":"product_cat-koszyczki-podajniki-foremki","8":"product_cat-podajniki-do-methody","9":"product_cat-grunt","11":"first","12":"instock","13":"shipping-taxable","14":"purchasable","15":"product-type-simple"},"_links":{"self":[{"href":"https:\/\/kotlinafishing.pl\/index.php?rest_route=\/wp\/v2\/product\/3499","targetHints":{"allow":["GET"]}}],"collection":[{"href":"https:\/\/kotlinafishing.pl\/index.php?rest_route=\/wp\/v2\/product"}],"about":[{"href":"https:\/\/kotlinafishing.pl\/index.php?rest_route=\/wp\/v2\/types\/product"}],"wp:featuredmedia":[{"embeddable":true,"href":"https:\/\/kotlinafishing.pl\/index.php?rest_route=\/wp\/v2\/media\/3525"}],"wp:attachment":[{"href":"https:\/\/kotlinafishing.pl\/index.php?rest_route=%2Fwp%2Fv2%2Fmedia&parent=3499"}],"wp:term":[{"taxonomy":"product_brand","embeddable":true,"href":"https:\/\/kotlinafishing.pl\/index.php?rest_route=%2Fwp%2Fv2%2Fproduct_brand&post=3499"},{"taxonomy":"product_cat","embeddable":true,"href":"https:\/\/kotlinafishing.pl\/index.php?rest_route=%2Fwp%2Fv2%2Fproduct_cat&post=3499"},{"taxonomy":"product_tag","embeddable":true,"href":"https:\/\/kotlinafishing.pl\/index.php?rest_route=%2Fwp%2Fv2%2Fproduct_tag&post=3499"}],"curies":[{"name":"wp","href":"https:\/\/api.w.org\/{rel}","templated":true}]}}