{"id":3396,"date":"2026-03-11T19:56:29","date_gmt":"2026-03-11T18:56:29","guid":{"rendered":"https:\/\/kotlinafishing.pl\/?post_type=product&#038;p=3396"},"modified":"2026-03-16T10:53:00","modified_gmt":"2026-03-16T09:53:00","slug":"pudelko-mikado-dwustronne-na-przynety-h488-27-6x17-6x4-9cm","status":"publish","type":"product","link":"https:\/\/kotlinafishing.pl\/?product=pudelko-mikado-dwustronne-na-przynety-h488-27-6x17-6x4-9cm","title":{"rendered":"Pude\u0142ko Mikado dwustronne na przyn\u0119ty H488 (27.6&#215;17.6&#215;4.9cm)"},"content":{"rendered":"<p>Pude\u0142ka przeznaczone to przewo\u017cenia i przechowywania sztucznych przyn\u0119t spinningowych i morskich, takich jak woblery, pilkery itp.. Przezroczysta pokrywa pozwala szybko i \u0142atwo sprawdzi\u0107 zawarto\u015b\u0107 pude\u0142ka, bez jego otwierania.<\/p>\n","protected":false},"excerpt":{"rendered":"<p>Pude\u0142ka przeznaczone to przewo\u017cenia i przechowywania sztucznych przyn\u0119t spinningowych i morskich, takich jak woblery, pilkery itp.. Przezroczysta pokrywa pozwala szybko i \u0142atwo sprawdzi\u0107 zawarto\u015b\u0107 pude\u0142ka, bez jego otwierania.<\/p>\n","protected":false},"featured_media":3397,"template":"","meta":[],"product_brand":[22],"product_cat":[222,21],"product_tag":[],"class_list":{"0":"post-3396","1":"product","2":"type-product","3":"status-publish","4":"has-post-thumbnail","6":"product_brand-mikado","7":"product_cat-pudelka-spinningowe","8":"product_cat-spinning","9":"pa_marka-mikado","11":"first","12":"instock","13":"shipping-taxable","14":"purchasable","15":"product-type-simple"},"_links":{"self":[{"href":"https:\/\/kotlinafishing.pl\/index.php?rest_route=\/wp\/v2\/product\/3396","targetHints":{"allow":["GET"]}}],"collection":[{"href":"https:\/\/kotlinafishing.pl\/index.php?rest_route=\/wp\/v2\/product"}],"about":[{"href":"https:\/\/kotlinafishing.pl\/index.php?rest_route=\/wp\/v2\/types\/product"}],"wp:featuredmedia":[{"embeddable":true,"href":"https:\/\/kotlinafishing.pl\/index.php?rest_route=\/wp\/v2\/media\/3397"}],"wp:attachment":[{"href":"https:\/\/kotlinafishing.pl\/index.php?rest_route=%2Fwp%2Fv2%2Fmedia&parent=3396"}],"wp:term":[{"taxonomy":"product_brand","embeddable":true,"href":"https:\/\/kotlinafishing.pl\/index.php?rest_route=%2Fwp%2Fv2%2Fproduct_brand&post=3396"},{"taxonomy":"product_cat","embeddable":true,"href":"https:\/\/kotlinafishing.pl\/index.php?rest_route=%2Fwp%2Fv2%2Fproduct_cat&post=3396"},{"taxonomy":"product_tag","embeddable":true,"href":"https:\/\/kotlinafishing.pl\/index.php?rest_route=%2Fwp%2Fv2%2Fproduct_tag&post=3396"}],"curies":[{"name":"wp","href":"https:\/\/api.w.org\/{rel}","templated":true}]}}