{"id":3374,"date":"2026-03-11T19:29:49","date_gmt":"2026-03-11T18:29:49","guid":{"rendered":"https:\/\/kotlinafishing.pl\/?post_type=product&#038;p=3374"},"modified":"2026-03-16T10:48:24","modified_gmt":"2026-03-16T09:48:24","slug":"wobler-crazy-crank-62mm-19-7g-smelt-plywajacy","status":"publish","type":"product","link":"https:\/\/kotlinafishing.pl\/?product=wobler-crazy-crank-62mm-19-7g-smelt-plywajacy","title":{"rendered":"Wobler Mikado Crazy Crank &#8211; 62mm\/19.7g\/SMELT &#8211; p\u0142ywaj\u0105cy"},"content":{"rendered":"<p>P\u0119katy wobler z d\u0142u\u017cszym sterem o bardzo agresywnej pracy i dobrze wyczuwalnej pracy na kiju, kt\u00f3r\u0105 uwielbiaj\u0105 du\u017ce okonie, szczupaki oraz sumy. Tajna bro\u0144 na g\u0142\u0119bsze cz\u0119\u015bci zbiornika.<\/p>\n","protected":false},"excerpt":{"rendered":"<p>P\u0119katy wobler z d\u0142u\u017cszym sterem o bardzo agresywnej pracy i dobrze wyczuwalnej pracy na kiju, kt\u00f3r\u0105 uwielbiaj\u0105 du\u017ce okonie, szczupaki oraz sumy. Tajna bro\u0144 na g\u0142\u0119bsze cz\u0119\u015bci zbiornika.<\/p>\n","protected":false},"featured_media":3375,"template":"","meta":[],"product_brand":[22],"product_cat":[194,21,198],"product_tag":[],"class_list":{"0":"post-3374","1":"product","2":"type-product","3":"status-publish","4":"has-post-thumbnail","6":"product_brand-mikado","7":"product_cat-przynety-spinningowe","8":"product_cat-spinning","9":"product_cat-woblery","10":"pa_dlugosc-62mm","11":"pa_marka-mikado","13":"first","14":"instock","15":"shipping-taxable","16":"purchasable","17":"product-type-simple"},"_links":{"self":[{"href":"https:\/\/kotlinafishing.pl\/index.php?rest_route=\/wp\/v2\/product\/3374","targetHints":{"allow":["GET"]}}],"collection":[{"href":"https:\/\/kotlinafishing.pl\/index.php?rest_route=\/wp\/v2\/product"}],"about":[{"href":"https:\/\/kotlinafishing.pl\/index.php?rest_route=\/wp\/v2\/types\/product"}],"wp:featuredmedia":[{"embeddable":true,"href":"https:\/\/kotlinafishing.pl\/index.php?rest_route=\/wp\/v2\/media\/3375"}],"wp:attachment":[{"href":"https:\/\/kotlinafishing.pl\/index.php?rest_route=%2Fwp%2Fv2%2Fmedia&parent=3374"}],"wp:term":[{"taxonomy":"product_brand","embeddable":true,"href":"https:\/\/kotlinafishing.pl\/index.php?rest_route=%2Fwp%2Fv2%2Fproduct_brand&post=3374"},{"taxonomy":"product_cat","embeddable":true,"href":"https:\/\/kotlinafishing.pl\/index.php?rest_route=%2Fwp%2Fv2%2Fproduct_cat&post=3374"},{"taxonomy":"product_tag","embeddable":true,"href":"https:\/\/kotlinafishing.pl\/index.php?rest_route=%2Fwp%2Fv2%2Fproduct_tag&post=3374"}],"curies":[{"name":"wp","href":"https:\/\/api.w.org\/{rel}","templated":true}]}}