{"id":3183,"date":"2026-02-28T16:35:45","date_gmt":"2026-02-28T15:35:45","guid":{"rendered":"https:\/\/kotlinafishing.pl\/?post_type=product&#038;p=3183"},"modified":"2026-03-26T15:31:23","modified_gmt":"2026-03-26T14:31:23","slug":"delphin-ixtrek-3t","status":"publish","type":"product","link":"https:\/\/kotlinafishing.pl\/?product=delphin-ixtrek-3t","title":{"rendered":"Delphin IXTREK 3T"},"content":{"rendered":"<p>IXTREK rozszerza ofert\u0119 kompaktowych ko\u0142owrotk\u00f3w z przednim hamulcem o model wysokiej jako\u015bci w przyst\u0119pnej cenie. Niezale\u017cnie od tego, czy jeste\u015b fanem spinningu, feedera czy sp\u0142awika, z Delphin IXTREK to zawsze strza\u0142 w dziesi\u0105tk\u0119!<\/p>\n<p>Ciemna powierzchnia z czerwonymi dodatkami sprawia, \u017ce \u200b\u200bjest naprawd\u0119 ekskluzywny pod wzgl\u0119dem wzornictwa. Sercem ko\u0142owrotka jest wypr\u00f3bowany i przetestowany mechanizm z doskonale wywa\u017conym rotorem, dzi\u0119ki czemu jego u\u017cytkowanie jest bardzo p\u0142ynne i bezproblemowe. Korpus wykonany jest z lekkiego materia\u0142u kompozytowego, kt\u00f3ry zapewnia du\u017c\u0105 \u017cywotno\u015b\u0107 i doskona\u0142\u0105 odporno\u015b\u0107 na uszkodzenia mechaniczne.<\/p>\n<p>R\u0119koje\u015b\u0107 ko\u0142owrotka IXTREK mocuje si\u0119 do korpusu poprzez wkr\u0119cenie go w wewn\u0119trzn\u0105 nakr\u0119tk\u0119, co minimalizuje luz element\u00f3w i tworzy bardzo solidne po\u0142\u0105czenie. Ga\u0142ka samej r\u0119koje\u015bci pokryta jest gum\u0105, dzi\u0119ki czemu jest bardzo przyjemna i wygodna w dotyku.<\/p>\n<p>Ko\u0142owrotek dost\u0119pny jest w trzech r\u00f3\u017cnych rozmiarach, dzi\u0119ki czemu mo\u017cesz go u\u017cywa\u0107 niezale\u017cnie od wybranej techniki \u0142owienia. Poza tym istnieje mo\u017cliwo\u015b\u0107 dokupienia dodatkowych szpul metalowych dla ka\u017cdego rozmiaru osobno oraz dodatkowych podk\u0142adek w\u0119glowych.<\/p>\n<p><strong>Parametry techniczne:<\/strong><br \/>\nModel: Delphin IXTREK 3T<br \/>\nWydajno\u015b\u0107 linii mm \/ m: 0.14\/360, 0.18\/215, 0.20\/175<br \/>\nPrze\u0142o\u017cenie: 5.1: 1<br \/>\nLiczba \u0142o\u017cysk: 6+1<br \/>\nWaga: 254g<\/p>\n","protected":false},"excerpt":{"rendered":"<p>IXTREK rozszerza ofert\u0119 kompaktowych ko\u0142owrotk\u00f3w z przednim hamulcem o model wysokiej jako\u015bci w przyst\u0119pnej cenie. Niezale\u017cnie od tego, czy jeste\u015b fanem spinningu, feedera czy sp\u0142awika, z Delphin IXTREK to zawsze strza\u0142 w dziesi\u0105tk\u0119!<\/p>\n","protected":false},"featured_media":3201,"template":"","meta":[],"product_brand":[97],"product_cat":[38,39,294,295,115,122,19,21,18],"product_tag":[],"class_list":{"0":"post-3183","1":"product","2":"type-product","3":"status-publish","4":"has-post-thumbnail","6":"product_brand-delphin","7":"product_cat-kolowrotki","8":"product_cat-kolowrotki-feederowe","9":"product_cat-kolowrotki-spinningowe","10":"product_cat-kolowrotki-spinningowe-z-przednim-hamulcem","11":"product_cat-kolowrotki-splawikowe","12":"product_cat-kolowrotki-z-przednim-hamulcem","13":"product_cat-grunt","14":"product_cat-spinning","15":"product_cat-splawik","16":"pa_marka-delphin","18":"first","19":"outofstock","20":"shipping-taxable","21":"purchasable","22":"product-type-simple"},"_links":{"self":[{"href":"https:\/\/kotlinafishing.pl\/index.php?rest_route=\/wp\/v2\/product\/3183","targetHints":{"allow":["GET"]}}],"collection":[{"href":"https:\/\/kotlinafishing.pl\/index.php?rest_route=\/wp\/v2\/product"}],"about":[{"href":"https:\/\/kotlinafishing.pl\/index.php?rest_route=\/wp\/v2\/types\/product"}],"wp:featuredmedia":[{"embeddable":true,"href":"https:\/\/kotlinafishing.pl\/index.php?rest_route=\/wp\/v2\/media\/3201"}],"wp:attachment":[{"href":"https:\/\/kotlinafishing.pl\/index.php?rest_route=%2Fwp%2Fv2%2Fmedia&parent=3183"}],"wp:term":[{"taxonomy":"product_brand","embeddable":true,"href":"https:\/\/kotlinafishing.pl\/index.php?rest_route=%2Fwp%2Fv2%2Fproduct_brand&post=3183"},{"taxonomy":"product_cat","embeddable":true,"href":"https:\/\/kotlinafishing.pl\/index.php?rest_route=%2Fwp%2Fv2%2Fproduct_cat&post=3183"},{"taxonomy":"product_tag","embeddable":true,"href":"https:\/\/kotlinafishing.pl\/index.php?rest_route=%2Fwp%2Fv2%2Fproduct_tag&post=3183"}],"curies":[{"name":"wp","href":"https:\/\/api.w.org\/{rel}","templated":true}]}}