{"id":3136,"date":"2026-02-27T18:17:41","date_gmt":"2026-02-27T17:17:41","guid":{"rendered":"https:\/\/kotlinafishing.pl\/?post_type=product&#038;p=3136"},"modified":"2026-02-28T16:25:51","modified_gmt":"2026-02-28T15:25:51","slug":"odkazacz-matchpro-medic-spray-50ml","status":"publish","type":"product","link":"https:\/\/kotlinafishing.pl\/?product=odkazacz-matchpro-medic-spray-50ml","title":{"rendered":"Odka\u017cacz MatchPro Medic Spray 50ml"},"content":{"rendered":"<p>\u015arodek antybakteryjny przeznaczony do odka\u017cania ran u ryb.<\/p>\n<p><strong>Pojemno\u015b\u0107:<\/strong> 50ml<\/p>\n","protected":false},"excerpt":{"rendered":"<p>\u015arodek antybakteryjny przeznaczony do odka\u017cania ran u ryb.<\/p>\n<p><strong>Pojemno\u015b\u0107:<\/strong> 50ml<\/p>\n","protected":false},"featured_media":3168,"template":"","meta":[],"product_brand":[24],"product_cat":[70,291,19],"product_tag":[],"class_list":{"0":"post-3136","1":"product","2":"type-product","3":"status-publish","4":"has-post-thumbnail","6":"product_brand-matchpro","7":"product_cat-akcesoria","8":"product_cat-odkazacze","9":"product_cat-grunt","10":"pa_marka-mikado","12":"first","13":"instock","14":"shipping-taxable","15":"purchasable","16":"product-type-simple"},"_links":{"self":[{"href":"https:\/\/kotlinafishing.pl\/index.php?rest_route=\/wp\/v2\/product\/3136","targetHints":{"allow":["GET"]}}],"collection":[{"href":"https:\/\/kotlinafishing.pl\/index.php?rest_route=\/wp\/v2\/product"}],"about":[{"href":"https:\/\/kotlinafishing.pl\/index.php?rest_route=\/wp\/v2\/types\/product"}],"wp:featuredmedia":[{"embeddable":true,"href":"https:\/\/kotlinafishing.pl\/index.php?rest_route=\/wp\/v2\/media\/3168"}],"wp:attachment":[{"href":"https:\/\/kotlinafishing.pl\/index.php?rest_route=%2Fwp%2Fv2%2Fmedia&parent=3136"}],"wp:term":[{"taxonomy":"product_brand","embeddable":true,"href":"https:\/\/kotlinafishing.pl\/index.php?rest_route=%2Fwp%2Fv2%2Fproduct_brand&post=3136"},{"taxonomy":"product_cat","embeddable":true,"href":"https:\/\/kotlinafishing.pl\/index.php?rest_route=%2Fwp%2Fv2%2Fproduct_cat&post=3136"},{"taxonomy":"product_tag","embeddable":true,"href":"https:\/\/kotlinafishing.pl\/index.php?rest_route=%2Fwp%2Fv2%2Fproduct_tag&post=3136"}],"curies":[{"name":"wp","href":"https:\/\/api.w.org\/{rel}","templated":true}]}}