{"id":3121,"date":"2026-02-26T08:16:32","date_gmt":"2026-02-26T07:16:32","guid":{"rendered":"https:\/\/kotlinafishing.pl\/?post_type=product&#038;p=3121"},"modified":"2026-02-27T18:04:41","modified_gmt":"2026-02-27T17:04:41","slug":"czapka-z-daszkiem-mikado-olive-grey","status":"publish","type":"product","link":"https:\/\/kotlinafishing.pl\/?product=czapka-z-daszkiem-mikado-olive-grey","title":{"rendered":"Czapka z daszkiem Mikado Olive Grey"},"content":{"rendered":"<p>Czapka typu trucker w uniwersalnej kolorystyce zapewnia dobr\u0105 ochron\u0119 g\u0142owy przed s\u0142o\u0144cem oraz \u015bwietn\u0105 przewiewno\u015b\u0107.<\/p>\n","protected":false},"excerpt":{"rendered":"<p>Czapka typu trucker w uniwersalnej kolorystyce zapewnia dobr\u0105 ochron\u0119 g\u0142owy przed s\u0142o\u0144cem oraz \u015bwietn\u0105 przewiewno\u015b\u0107.<\/p>\n","protected":false},"featured_media":3163,"template":"","meta":[],"product_brand":[22],"product_cat":[290,258,33],"product_tag":[],"class_list":{"0":"post-3121","1":"product","2":"type-product","3":"status-publish","4":"has-post-thumbnail","6":"product_brand-mikado","7":"product_cat-czapki","8":"product_cat-odziez","9":"product_cat-promocje","10":"pa_marka-mikado","12":"first","13":"instock","14":"sale","15":"shipping-taxable","16":"purchasable","17":"product-type-simple"},"_links":{"self":[{"href":"https:\/\/kotlinafishing.pl\/index.php?rest_route=\/wp\/v2\/product\/3121","targetHints":{"allow":["GET"]}}],"collection":[{"href":"https:\/\/kotlinafishing.pl\/index.php?rest_route=\/wp\/v2\/product"}],"about":[{"href":"https:\/\/kotlinafishing.pl\/index.php?rest_route=\/wp\/v2\/types\/product"}],"wp:featuredmedia":[{"embeddable":true,"href":"https:\/\/kotlinafishing.pl\/index.php?rest_route=\/wp\/v2\/media\/3163"}],"wp:attachment":[{"href":"https:\/\/kotlinafishing.pl\/index.php?rest_route=%2Fwp%2Fv2%2Fmedia&parent=3121"}],"wp:term":[{"taxonomy":"product_brand","embeddable":true,"href":"https:\/\/kotlinafishing.pl\/index.php?rest_route=%2Fwp%2Fv2%2Fproduct_brand&post=3121"},{"taxonomy":"product_cat","embeddable":true,"href":"https:\/\/kotlinafishing.pl\/index.php?rest_route=%2Fwp%2Fv2%2Fproduct_cat&post=3121"},{"taxonomy":"product_tag","embeddable":true,"href":"https:\/\/kotlinafishing.pl\/index.php?rest_route=%2Fwp%2Fv2%2Fproduct_tag&post=3121"}],"curies":[{"name":"wp","href":"https:\/\/api.w.org\/{rel}","templated":true}]}}