{"id":3085,"date":"2026-02-25T10:14:31","date_gmt":"2026-02-25T09:14:31","guid":{"rendered":"https:\/\/kotlinafishing.pl\/?post_type=product&#038;p=3085"},"modified":"2026-02-25T23:13:50","modified_gmt":"2026-02-25T22:13:50","slug":"siatka-lorpio-super-team-match-34m-35x45cm","status":"publish","type":"product","link":"https:\/\/kotlinafishing.pl\/?product=siatka-lorpio-super-team-match-34m-35x45cm","title":{"rendered":"Siatka prostok\u0105tna Lorpio Super Team Match 3,4m 35x45cm"},"content":{"rendered":"<p>Prostok\u0105tna siatka o wymiarach obr\u0119czy 35&#215;45 cm. Wygodna w transporcie, bez problemu mie\u015bci si\u0119 w pokrowcu lub torbie w\u0119dkarskiej. Pierwsza obr\u0119cz oraz trzy ostatnie wykonane z mocnego aluminium, aby doci\u0105\u017cy\u0107 siatk\u0119 w wodzie. Siatka lepiej trzyma si\u0119 dna i jest mniej podatna na fal\u0119 lub pr\u0105d wody. Zastosowany szybkoschn\u0105cy materia\u0142 ogranicza wydzielanie przykrego zapachu po rybach. Uchwyt z mo\u017cliwo\u015bci\u0105 ustawienia siatki pod dowolnym k\u0105tem.<\/p>\n","protected":false},"excerpt":{"rendered":"<p>Prostok\u0105tna siatka o wymiarach obr\u0119czy 35&#215;45 cm. Wygodna w transporcie, bez problemu mie\u015bci si\u0119 w pokrowcu lub torbie w\u0119dkarskiej. Pierwsza obr\u0119cz oraz trzy ostatnie wykonane z mocnego aluminium, aby doci\u0105\u017cy\u0107 siatk\u0119 w wodzie. Siatka lepiej trzyma si\u0119 dna i jest mniej podatna na fal\u0119 lub pr\u0105d wody. Zastosowany szybkoschn\u0105cy materia\u0142 ogranicza wydzielanie przykrego zapachu po rybach. Uchwyt z mo\u017cliwo\u015bci\u0105 ustawienia siatki pod dowolnym k\u0105tem.<\/p>\n","protected":false},"featured_media":3113,"template":"","meta":[],"product_brand":[23],"product_cat":[81,80,19],"product_tag":[],"class_list":{"0":"post-3085","1":"product","2":"type-product","3":"status-publish","4":"has-post-thumbnail","6":"product_brand-lorpio","7":"product_cat-siatki","8":"product_cat-siatki-podbieraki-sztyce","9":"product_cat-grunt","10":"pa_marka-lorpio","12":"first","13":"instock","14":"shipping-taxable","15":"purchasable","16":"product-type-simple"},"_links":{"self":[{"href":"https:\/\/kotlinafishing.pl\/index.php?rest_route=\/wp\/v2\/product\/3085","targetHints":{"allow":["GET"]}}],"collection":[{"href":"https:\/\/kotlinafishing.pl\/index.php?rest_route=\/wp\/v2\/product"}],"about":[{"href":"https:\/\/kotlinafishing.pl\/index.php?rest_route=\/wp\/v2\/types\/product"}],"wp:featuredmedia":[{"embeddable":true,"href":"https:\/\/kotlinafishing.pl\/index.php?rest_route=\/wp\/v2\/media\/3113"}],"wp:attachment":[{"href":"https:\/\/kotlinafishing.pl\/index.php?rest_route=%2Fwp%2Fv2%2Fmedia&parent=3085"}],"wp:term":[{"taxonomy":"product_brand","embeddable":true,"href":"https:\/\/kotlinafishing.pl\/index.php?rest_route=%2Fwp%2Fv2%2Fproduct_brand&post=3085"},{"taxonomy":"product_cat","embeddable":true,"href":"https:\/\/kotlinafishing.pl\/index.php?rest_route=%2Fwp%2Fv2%2Fproduct_cat&post=3085"},{"taxonomy":"product_tag","embeddable":true,"href":"https:\/\/kotlinafishing.pl\/index.php?rest_route=%2Fwp%2Fv2%2Fproduct_tag&post=3085"}],"curies":[{"name":"wp","href":"https:\/\/api.w.org\/{rel}","templated":true}]}}