{"id":2878,"date":"2026-02-20T15:03:48","date_gmt":"2026-02-20T14:03:48","guid":{"rendered":"http:\/\/kotlinafishing.pl\/?post_type=product&#038;p=2878"},"modified":"2026-02-21T17:51:34","modified_gmt":"2026-02-21T16:51:34","slug":"koszyk-do-wstepnego-necenia-lorpio-open-medium-30g","status":"publish","type":"product","link":"https:\/\/kotlinafishing.pl\/?product=koszyk-do-wstepnego-necenia-lorpio-open-medium-30g","title":{"rendered":"Koszyk do wst\u0119pnego n\u0119cenia Lorpio Open Medium 30g"},"content":{"rendered":"<p>Koszyk przeznaczony do wst\u0119pnego n\u0119cenia tzw. szklanka o wymiarach 58x42mm i wadze 30g.<\/p>\n","protected":false},"excerpt":{"rendered":"<p>Koszyk przeznaczony do wst\u0119pnego n\u0119cenia tzw. szklanka o wymiarach 58x42mm i wadze 30g.<\/p>\n","protected":false},"featured_media":2976,"template":"","meta":[],"product_brand":[23],"product_cat":[208,34,33,19],"product_tag":[],"class_list":{"0":"post-2878","1":"product","2":"type-product","3":"status-publish","4":"has-post-thumbnail","6":"product_brand-lorpio","7":"product_cat-koszyczki-do-wstepnego-necenia","8":"product_cat-koszyczki-podajniki-foremki","9":"product_cat-promocje","10":"product_cat-grunt","11":"pa_marka-lorpio","13":"first","14":"instock","15":"sale","16":"shipping-taxable","17":"purchasable","18":"product-type-simple"},"_links":{"self":[{"href":"https:\/\/kotlinafishing.pl\/index.php?rest_route=\/wp\/v2\/product\/2878","targetHints":{"allow":["GET"]}}],"collection":[{"href":"https:\/\/kotlinafishing.pl\/index.php?rest_route=\/wp\/v2\/product"}],"about":[{"href":"https:\/\/kotlinafishing.pl\/index.php?rest_route=\/wp\/v2\/types\/product"}],"wp:featuredmedia":[{"embeddable":true,"href":"https:\/\/kotlinafishing.pl\/index.php?rest_route=\/wp\/v2\/media\/2976"}],"wp:attachment":[{"href":"https:\/\/kotlinafishing.pl\/index.php?rest_route=%2Fwp%2Fv2%2Fmedia&parent=2878"}],"wp:term":[{"taxonomy":"product_brand","embeddable":true,"href":"https:\/\/kotlinafishing.pl\/index.php?rest_route=%2Fwp%2Fv2%2Fproduct_brand&post=2878"},{"taxonomy":"product_cat","embeddable":true,"href":"https:\/\/kotlinafishing.pl\/index.php?rest_route=%2Fwp%2Fv2%2Fproduct_cat&post=2878"},{"taxonomy":"product_tag","embeddable":true,"href":"https:\/\/kotlinafishing.pl\/index.php?rest_route=%2Fwp%2Fv2%2Fproduct_tag&post=2878"}],"curies":[{"name":"wp","href":"https:\/\/api.w.org\/{rel}","templated":true}]}}