{"id":2717,"date":"2026-02-13T09:48:11","date_gmt":"2026-02-13T08:48:11","guid":{"rendered":"http:\/\/kotlinafishing.pl\/?post_type=product&#038;p=2717"},"modified":"2026-02-13T22:46:06","modified_gmt":"2026-02-13T21:46:06","slug":"zestaw-pojemnikow-eva-mikado-cage-bait-box-pro-system","status":"publish","type":"product","link":"https:\/\/kotlinafishing.pl\/?product=zestaw-pojemnikow-eva-mikado-cage-bait-box-pro-system","title":{"rendered":"Zestaw pojemnik\u00f3w EVA Mikado Cage Bait Box Pro System (38 x 28 x 10,5)"},"content":{"rendered":"<p>Profesjonalny komplet pojemnik\u00f3w zan\u0119towych z materia\u0142\u00f3w EVA. Zestaw zawiera du\u017cy, zamykany na suwak box, w kt\u00f3rego wn\u0119trzu kryj\u0105 si\u0119 kuwety na zan\u0119ty i przyn\u0119ty. Pokrywa zabezpiecza mieszanki przed s\u0142o\u0144cem i deszczem, a dodatkowa r\u0105czka u\u0142atwia transport.<\/p>\n","protected":false},"excerpt":{"rendered":"<p>Profesjonalny komplet pojemnik\u00f3w zan\u0119towych z materia\u0142\u00f3w EVA. Zestaw zawiera du\u017cy, zamykany na suwak box, w kt\u00f3rego wn\u0119trzu kryj\u0105 si\u0119 kuwety na zan\u0119ty i przyn\u0119ty. Pokrywa zabezpiecza mieszanki przed s\u0142o\u0144cem i deszczem, a dodatkowa r\u0105czka u\u0142atwia transport.<\/p>\n","protected":false},"featured_media":2724,"template":"","meta":[],"product_brand":[22],"product_cat":[53,19,49],"product_tag":[],"class_list":{"0":"post-2717","1":"product","2":"type-product","3":"status-publish","4":"has-post-thumbnail","6":"product_brand-mikado","7":"product_cat-pojemniki-eva","8":"product_cat-grunt","9":"product_cat-wiadra-miski-sita","10":"pa_marka-mikado","12":"first","13":"instock","14":"shipping-taxable","15":"purchasable","16":"product-type-simple"},"_links":{"self":[{"href":"https:\/\/kotlinafishing.pl\/index.php?rest_route=\/wp\/v2\/product\/2717","targetHints":{"allow":["GET"]}}],"collection":[{"href":"https:\/\/kotlinafishing.pl\/index.php?rest_route=\/wp\/v2\/product"}],"about":[{"href":"https:\/\/kotlinafishing.pl\/index.php?rest_route=\/wp\/v2\/types\/product"}],"wp:featuredmedia":[{"embeddable":true,"href":"https:\/\/kotlinafishing.pl\/index.php?rest_route=\/wp\/v2\/media\/2724"}],"wp:attachment":[{"href":"https:\/\/kotlinafishing.pl\/index.php?rest_route=%2Fwp%2Fv2%2Fmedia&parent=2717"}],"wp:term":[{"taxonomy":"product_brand","embeddable":true,"href":"https:\/\/kotlinafishing.pl\/index.php?rest_route=%2Fwp%2Fv2%2Fproduct_brand&post=2717"},{"taxonomy":"product_cat","embeddable":true,"href":"https:\/\/kotlinafishing.pl\/index.php?rest_route=%2Fwp%2Fv2%2Fproduct_cat&post=2717"},{"taxonomy":"product_tag","embeddable":true,"href":"https:\/\/kotlinafishing.pl\/index.php?rest_route=%2Fwp%2Fv2%2Fproduct_tag&post=2717"}],"curies":[{"name":"wp","href":"https:\/\/api.w.org\/{rel}","templated":true}]}}