{"id":2714,"date":"2026-02-13T09:36:31","date_gmt":"2026-02-13T08:36:31","guid":{"rendered":"http:\/\/kotlinafishing.pl\/?post_type=product&#038;p=2714"},"modified":"2026-02-13T22:50:01","modified_gmt":"2026-02-13T21:50:01","slug":"torba-mikado-hard-bottom-bag-355x22x26cm","status":"publish","type":"product","link":"https:\/\/kotlinafishing.pl\/?product=torba-mikado-hard-bottom-bag-355x22x26cm","title":{"rendered":"Torba Mikado Hard Bottom Bag (35,5x22x26cm)"},"content":{"rendered":"<p>Idealny porz\u0105dek na \u0142odzi czy pontonie to podstawa. Nasza torba, wyposa\u017cona w regulowany pasek, posiada du\u017c\u0105, podzielon\u0105 przegrodami komor\u0119 g\u0142\u00f3wn\u0105, mieszcz\u0105c\u0105 4 sporej wielko\u015bci pud\u0142a na przyn\u0119ty i szereg akcesori\u00f3w pochowanych w bocznych kieszeniach.<\/p>\n","protected":false},"excerpt":{"rendered":"<p>Idealny porz\u0105dek na \u0142odzi czy pontonie to podstawa. Nasza torba, wyposa\u017cona w regulowany pasek, posiada du\u017c\u0105, podzielon\u0105 przegrodami komor\u0119 g\u0142\u00f3wn\u0105, mieszcz\u0105c\u0105 4 sporej wielko\u015bci pud\u0142a na przyn\u0119ty i szereg akcesori\u00f3w pochowanych w bocznych kieszeniach.<\/p>\n","protected":false},"featured_media":2728,"template":"","meta":[],"product_brand":[22],"product_cat":[90,94,218,19,21],"product_tag":[],"class_list":{"0":"post-2714","1":"product","2":"type-product","3":"status-publish","4":"has-post-thumbnail","6":"product_brand-mikado","7":"product_cat-bagaz","8":"product_cat-torby","9":"product_cat-torby-i-plecaki-spinningowe","10":"product_cat-grunt","11":"product_cat-spinning","12":"pa_marka-mikado","14":"first","15":"instock","16":"shipping-taxable","17":"purchasable","18":"product-type-simple"},"_links":{"self":[{"href":"https:\/\/kotlinafishing.pl\/index.php?rest_route=\/wp\/v2\/product\/2714","targetHints":{"allow":["GET"]}}],"collection":[{"href":"https:\/\/kotlinafishing.pl\/index.php?rest_route=\/wp\/v2\/product"}],"about":[{"href":"https:\/\/kotlinafishing.pl\/index.php?rest_route=\/wp\/v2\/types\/product"}],"wp:featuredmedia":[{"embeddable":true,"href":"https:\/\/kotlinafishing.pl\/index.php?rest_route=\/wp\/v2\/media\/2728"}],"wp:attachment":[{"href":"https:\/\/kotlinafishing.pl\/index.php?rest_route=%2Fwp%2Fv2%2Fmedia&parent=2714"}],"wp:term":[{"taxonomy":"product_brand","embeddable":true,"href":"https:\/\/kotlinafishing.pl\/index.php?rest_route=%2Fwp%2Fv2%2Fproduct_brand&post=2714"},{"taxonomy":"product_cat","embeddable":true,"href":"https:\/\/kotlinafishing.pl\/index.php?rest_route=%2Fwp%2Fv2%2Fproduct_cat&post=2714"},{"taxonomy":"product_tag","embeddable":true,"href":"https:\/\/kotlinafishing.pl\/index.php?rest_route=%2Fwp%2Fv2%2Fproduct_tag&post=2714"}],"curies":[{"name":"wp","href":"https:\/\/api.w.org\/{rel}","templated":true}]}}