{"id":2706,"date":"2026-02-12T10:50:50","date_gmt":"2026-02-12T09:50:50","guid":{"rendered":"http:\/\/kotlinafishing.pl\/?post_type=product&#038;p=2706"},"modified":"2026-02-13T22:52:40","modified_gmt":"2026-02-13T21:52:40","slug":"stoper-gumowy-nachodzacy-na-wezel-mikado","status":"publish","type":"product","link":"https:\/\/kotlinafishing.pl\/?product=stoper-gumowy-nachodzacy-na-wezel-mikado","title":{"rendered":"Stoper gumowy nachodz\u0105cy na w\u0119ze\u0142 Mikado"},"content":{"rendered":"<p>Bardzo mi\u0119kkie silikonowe stopery, umo\u017cliwiaj\u0105ce os\u0142oni\u0119cie kr\u0119tlika lub w\u0119z\u0142a. Doskonale sprawdz\u0105 si\u0119 w technice feedera klasycznego. Dost\u0119pne w trzech rozmiarach.<\/p>\n","protected":false},"excerpt":{"rendered":"<p>Bardzo mi\u0119kkie silikonowe stopery, umo\u017cliwiaj\u0105ce os\u0142oni\u0119cie kr\u0119tlika lub w\u0119z\u0142a. Doskonale sprawdz\u0105 si\u0119 w technice feedera klasycznego. Dost\u0119pne w trzech rozmiarach.<\/p>\n","protected":false},"featured_media":2729,"template":"","meta":[],"product_brand":[22],"product_cat":[70,75,19],"product_tag":[],"class_list":{"0":"post-2706","1":"product","2":"type-product","3":"status-publish","4":"has-post-thumbnail","6":"product_brand-mikado","7":"product_cat-akcesoria","8":"product_cat-stopery","9":"product_cat-grunt","10":"pa_marka-mikado","12":"first","13":"instock","14":"shipping-taxable","15":"purchasable","16":"product-type-variable"},"_links":{"self":[{"href":"https:\/\/kotlinafishing.pl\/index.php?rest_route=\/wp\/v2\/product\/2706","targetHints":{"allow":["GET"]}}],"collection":[{"href":"https:\/\/kotlinafishing.pl\/index.php?rest_route=\/wp\/v2\/product"}],"about":[{"href":"https:\/\/kotlinafishing.pl\/index.php?rest_route=\/wp\/v2\/types\/product"}],"wp:featuredmedia":[{"embeddable":true,"href":"https:\/\/kotlinafishing.pl\/index.php?rest_route=\/wp\/v2\/media\/2729"}],"wp:attachment":[{"href":"https:\/\/kotlinafishing.pl\/index.php?rest_route=%2Fwp%2Fv2%2Fmedia&parent=2706"}],"wp:term":[{"taxonomy":"product_brand","embeddable":true,"href":"https:\/\/kotlinafishing.pl\/index.php?rest_route=%2Fwp%2Fv2%2Fproduct_brand&post=2706"},{"taxonomy":"product_cat","embeddable":true,"href":"https:\/\/kotlinafishing.pl\/index.php?rest_route=%2Fwp%2Fv2%2Fproduct_cat&post=2706"},{"taxonomy":"product_tag","embeddable":true,"href":"https:\/\/kotlinafishing.pl\/index.php?rest_route=%2Fwp%2Fv2%2Fproduct_tag&post=2706"}],"curies":[{"name":"wp","href":"https:\/\/api.w.org\/{rel}","templated":true}]}}