{"id":2694,"date":"2026-02-12T10:15:11","date_gmt":"2026-02-12T09:15:11","guid":{"rendered":"http:\/\/kotlinafishing.pl\/?post_type=product&#038;p=2694"},"modified":"2026-02-13T22:55:47","modified_gmt":"2026-02-13T21:55:47","slug":"amortyzator-feeder-gum-mikado-10mm-10m-przezroczysty","status":"publish","type":"product","link":"https:\/\/kotlinafishing.pl\/?product=amortyzator-feeder-gum-mikado-10mm-10m-przezroczysty","title":{"rendered":"Amortyzator Feeder Gum Mikado 1,0mm \/ 10m (przezroczysty)"},"content":{"rendered":"<p>Amortyzator u\u017cywany w technikach feederowych. Zamontowany pomi\u0119dzy przyponem a koszykiem zan\u0119towym zapobiega zerwaniu przyponu przy agresywnym braniu, ale te\u017c amortyzuje uderzenia ryby podczas holu.<\/p>\n","protected":false},"excerpt":{"rendered":"<p>Amortyzator u\u017cywany w technikach feederowych. Zamontowany pomi\u0119dzy przyponem a koszykiem zan\u0119towym zapobiega zerwaniu przyponu przy agresywnym braniu, ale te\u017c amortyzuje uderzenia ryby podczas holu.<\/p>\n","protected":false},"featured_media":2731,"template":"","meta":[],"product_brand":[22],"product_cat":[70,77,19],"product_tag":[],"class_list":{"0":"post-2694","1":"product","2":"type-product","3":"status-publish","4":"has-post-thumbnail","6":"product_brand-mikado","7":"product_cat-akcesoria","8":"product_cat-feeder-gumy","9":"product_cat-grunt","10":"pa_marka-mikado","12":"first","13":"instock","14":"shipping-taxable","15":"purchasable","16":"product-type-simple"},"_links":{"self":[{"href":"https:\/\/kotlinafishing.pl\/index.php?rest_route=\/wp\/v2\/product\/2694","targetHints":{"allow":["GET"]}}],"collection":[{"href":"https:\/\/kotlinafishing.pl\/index.php?rest_route=\/wp\/v2\/product"}],"about":[{"href":"https:\/\/kotlinafishing.pl\/index.php?rest_route=\/wp\/v2\/types\/product"}],"wp:featuredmedia":[{"embeddable":true,"href":"https:\/\/kotlinafishing.pl\/index.php?rest_route=\/wp\/v2\/media\/2731"}],"wp:attachment":[{"href":"https:\/\/kotlinafishing.pl\/index.php?rest_route=%2Fwp%2Fv2%2Fmedia&parent=2694"}],"wp:term":[{"taxonomy":"product_brand","embeddable":true,"href":"https:\/\/kotlinafishing.pl\/index.php?rest_route=%2Fwp%2Fv2%2Fproduct_brand&post=2694"},{"taxonomy":"product_cat","embeddable":true,"href":"https:\/\/kotlinafishing.pl\/index.php?rest_route=%2Fwp%2Fv2%2Fproduct_cat&post=2694"},{"taxonomy":"product_tag","embeddable":true,"href":"https:\/\/kotlinafishing.pl\/index.php?rest_route=%2Fwp%2Fv2%2Fproduct_tag&post=2694"}],"curies":[{"name":"wp","href":"https:\/\/api.w.org\/{rel}","templated":true}]}}