{"id":2312,"date":"2025-12-18T15:38:28","date_gmt":"2025-12-18T14:38:28","guid":{"rendered":"http:\/\/kotlinafishing.pl\/?post_type=product&#038;p=2312"},"modified":"2025-12-20T20:34:58","modified_gmt":"2025-12-20T19:34:58","slug":"podporka-lorpio-feeder-rest-400-40cm","status":"publish","type":"product","link":"https:\/\/kotlinafishing.pl\/?product=podporka-lorpio-feeder-rest-400-40cm","title":{"rendered":"Podp\u00f3rka Lorpio Feeder Rest 400 (40cm)"},"content":{"rendered":"<p>Podp\u00f3rka piankowa marki Lorpio przeznaczona pod przedni\u0105 cz\u0119\u015b\u0107 w\u0119dek. D\u0142ugo\u015b\u0107 40cm.<\/p>\n","protected":false},"excerpt":{"rendered":"<p>Podp\u00f3rka piankowa marki Lorpio przeznaczona pod przedni\u0105 cz\u0119\u015b\u0107 w\u0119dek. D\u0142ugo\u015b\u0107 40cm.<\/p>\n","protected":false},"featured_media":2385,"template":"","meta":[],"product_brand":[23],"product_cat":[89,85,19],"product_tag":[],"class_list":{"0":"post-2312","1":"product","2":"type-product","3":"status-publish","4":"has-post-thumbnail","6":"product_brand-lorpio","7":"product_cat-podporki","8":"product_cat-stanowisko-wedkarskie","9":"product_cat-grunt","11":"first","12":"instock","13":"shipping-taxable","14":"purchasable","15":"product-type-simple"},"_links":{"self":[{"href":"https:\/\/kotlinafishing.pl\/index.php?rest_route=\/wp\/v2\/product\/2312","targetHints":{"allow":["GET"]}}],"collection":[{"href":"https:\/\/kotlinafishing.pl\/index.php?rest_route=\/wp\/v2\/product"}],"about":[{"href":"https:\/\/kotlinafishing.pl\/index.php?rest_route=\/wp\/v2\/types\/product"}],"wp:featuredmedia":[{"embeddable":true,"href":"https:\/\/kotlinafishing.pl\/index.php?rest_route=\/wp\/v2\/media\/2385"}],"wp:attachment":[{"href":"https:\/\/kotlinafishing.pl\/index.php?rest_route=%2Fwp%2Fv2%2Fmedia&parent=2312"}],"wp:term":[{"taxonomy":"product_brand","embeddable":true,"href":"https:\/\/kotlinafishing.pl\/index.php?rest_route=%2Fwp%2Fv2%2Fproduct_brand&post=2312"},{"taxonomy":"product_cat","embeddable":true,"href":"https:\/\/kotlinafishing.pl\/index.php?rest_route=%2Fwp%2Fv2%2Fproduct_cat&post=2312"},{"taxonomy":"product_tag","embeddable":true,"href":"https:\/\/kotlinafishing.pl\/index.php?rest_route=%2Fwp%2Fv2%2Fproduct_tag&post=2312"}],"curies":[{"name":"wp","href":"https:\/\/api.w.org\/{rel}","templated":true}]}}