{"id":2309,"date":"2025-12-18T15:31:00","date_gmt":"2025-12-18T14:31:00","guid":{"rendered":"http:\/\/kotlinafishing.pl\/?post_type=product&#038;p=2309"},"modified":"2025-12-20T20:30:04","modified_gmt":"2025-12-20T19:30:04","slug":"fajka-podwojna-loprio-neoprene-rod-rest-rebel-410-double-41cm","status":"publish","type":"product","link":"https:\/\/kotlinafishing.pl\/?product=fajka-podwojna-loprio-neoprene-rod-rest-rebel-410-double-41cm","title":{"rendered":"Fajka podw\u00f3jna Loprio Neoprene Rod Rest Rebel 410 Double (41cm)"},"content":{"rendered":"<p>Fajka marki Loprio pokryta piank\u0105 z dwoma gwintami umo\u017cliwiaj\u0105cym wkr\u0119cenie np. dw\u00f3ch podp\u00f3rek trzymaj\u0105cych ty\u0142 w\u0119dek podczas \u0142owienia na dwa kije. D\u0142ugo\u015b\u0107 to 41cm, pasuje na nogi 25mm, 30mm i 36mm.<\/p>\n","protected":false},"excerpt":{"rendered":"<p>Fajka marki Loprio pokryta piank\u0105 z dwoma gwintami umo\u017cliwiaj\u0105cym wkr\u0119cenie np. dw\u00f3ch podp\u00f3rek trzymaj\u0105cych ty\u0142 w\u0119dek podczas \u0142owienia na dwa kije. D\u0142ugo\u015b\u0107 to 41cm, pasuje na nogi 25mm, 30mm i 36mm.<\/p>\n","protected":false},"featured_media":2382,"template":"","meta":[],"product_brand":[23],"product_cat":[261,85,19],"product_tag":[],"class_list":{"0":"post-2309","1":"product","2":"type-product","3":"status-publish","4":"has-post-thumbnail","6":"product_brand-lorpio","7":"product_cat-fajki","8":"product_cat-stanowisko-wedkarskie","9":"product_cat-grunt","11":"first","12":"instock","13":"shipping-taxable","14":"purchasable","15":"product-type-simple"},"_links":{"self":[{"href":"https:\/\/kotlinafishing.pl\/index.php?rest_route=\/wp\/v2\/product\/2309","targetHints":{"allow":["GET"]}}],"collection":[{"href":"https:\/\/kotlinafishing.pl\/index.php?rest_route=\/wp\/v2\/product"}],"about":[{"href":"https:\/\/kotlinafishing.pl\/index.php?rest_route=\/wp\/v2\/types\/product"}],"wp:featuredmedia":[{"embeddable":true,"href":"https:\/\/kotlinafishing.pl\/index.php?rest_route=\/wp\/v2\/media\/2382"}],"wp:attachment":[{"href":"https:\/\/kotlinafishing.pl\/index.php?rest_route=%2Fwp%2Fv2%2Fmedia&parent=2309"}],"wp:term":[{"taxonomy":"product_brand","embeddable":true,"href":"https:\/\/kotlinafishing.pl\/index.php?rest_route=%2Fwp%2Fv2%2Fproduct_brand&post=2309"},{"taxonomy":"product_cat","embeddable":true,"href":"https:\/\/kotlinafishing.pl\/index.php?rest_route=%2Fwp%2Fv2%2Fproduct_cat&post=2309"},{"taxonomy":"product_tag","embeddable":true,"href":"https:\/\/kotlinafishing.pl\/index.php?rest_route=%2Fwp%2Fv2%2Fproduct_tag&post=2309"}],"curies":[{"name":"wp","href":"https:\/\/api.w.org\/{rel}","templated":true}]}}