{"id":2308,"date":"2025-12-18T15:28:39","date_gmt":"2025-12-18T14:28:39","guid":{"rendered":"http:\/\/kotlinafishing.pl\/?post_type=product&#038;p=2308"},"modified":"2025-12-20T20:27:50","modified_gmt":"2025-12-20T19:27:50","slug":"fajka-lorpio-neopren-rod-rest-rebel-310-31cm","status":"publish","type":"product","link":"https:\/\/kotlinafishing.pl\/?product=fajka-lorpio-neopren-rod-rest-rebel-310-31cm","title":{"rendered":"Fajka Lorpio Neopren Rod Rest Rebel 310 (31cm)"},"content":{"rendered":"<p>Fajka marki Loprio pokryta piank\u0105. D\u0142ugo\u015b\u0107 to 31cm, pasuje na nogi 25mm, 30mm i 36mm.<\/p>\n","protected":false},"excerpt":{"rendered":"<p>Fajka marki Loprio pokryta piank\u0105. D\u0142ugo\u015b\u0107 to 31cm, pasuje na nogi 25mm, 30mm i 36mm.<\/p>\n","protected":false},"featured_media":2381,"template":"","meta":[],"product_brand":[23],"product_cat":[261,85,19],"product_tag":[],"class_list":{"0":"post-2308","1":"product","2":"type-product","3":"status-publish","4":"has-post-thumbnail","6":"product_brand-lorpio","7":"product_cat-fajki","8":"product_cat-stanowisko-wedkarskie","9":"product_cat-grunt","11":"first","12":"instock","13":"shipping-taxable","14":"purchasable","15":"product-type-simple"},"_links":{"self":[{"href":"https:\/\/kotlinafishing.pl\/index.php?rest_route=\/wp\/v2\/product\/2308","targetHints":{"allow":["GET"]}}],"collection":[{"href":"https:\/\/kotlinafishing.pl\/index.php?rest_route=\/wp\/v2\/product"}],"about":[{"href":"https:\/\/kotlinafishing.pl\/index.php?rest_route=\/wp\/v2\/types\/product"}],"wp:featuredmedia":[{"embeddable":true,"href":"https:\/\/kotlinafishing.pl\/index.php?rest_route=\/wp\/v2\/media\/2381"}],"wp:attachment":[{"href":"https:\/\/kotlinafishing.pl\/index.php?rest_route=%2Fwp%2Fv2%2Fmedia&parent=2308"}],"wp:term":[{"taxonomy":"product_brand","embeddable":true,"href":"https:\/\/kotlinafishing.pl\/index.php?rest_route=%2Fwp%2Fv2%2Fproduct_brand&post=2308"},{"taxonomy":"product_cat","embeddable":true,"href":"https:\/\/kotlinafishing.pl\/index.php?rest_route=%2Fwp%2Fv2%2Fproduct_cat&post=2308"},{"taxonomy":"product_tag","embeddable":true,"href":"https:\/\/kotlinafishing.pl\/index.php?rest_route=%2Fwp%2Fv2%2Fproduct_tag&post=2308"}],"curies":[{"name":"wp","href":"https:\/\/api.w.org\/{rel}","templated":true}]}}