{"id":2307,"date":"2025-12-18T15:24:48","date_gmt":"2025-12-18T14:24:48","guid":{"rendered":"http:\/\/kotlinafishing.pl\/?post_type=product&#038;p=2307"},"modified":"2025-12-20T19:42:14","modified_gmt":"2025-12-20T18:42:14","slug":"uchwyt-do-parasola-wbijany-mikado","status":"publish","type":"product","link":"https:\/\/kotlinafishing.pl\/?product=uchwyt-do-parasola-wbijany-mikado","title":{"rendered":"Uchwyt do parasola wbijany Mikado"},"content":{"rendered":"<p>Seria bardzo stabilnych, stalowych uchwyt\u00f3w do stawiania parasola. Produkt zapewnia niezb\u0119dn\u0105 stabilno\u015b\u0107 i dzi\u0119ki odpowiednio wyprofilowanemu ostrzu, pozwala \u0142atwiej wbi\u0107 lub wkr\u0119ci\u0107 stojak w pod\u0142o\u017ce. Skr\u0119cane zabezpieczanie stabilizuje wstawiony parasol.<\/p>\n","protected":false},"excerpt":{"rendered":"<p>Seria bardzo stabilnych, stalowych uchwyt\u00f3w do stawiania parasola. Produkt zapewnia niezb\u0119dn\u0105 stabilno\u015b\u0107 i dzi\u0119ki odpowiednio wyprofilowanemu ostrzu, pozwala \u0142atwiej wbi\u0107 lub wkr\u0119ci\u0107 stojak w pod\u0142o\u017ce. Skr\u0119cane zabezpieczanie stabilizuje wstawiony parasol.<\/p>\n","protected":false},"featured_media":2322,"template":"","meta":[],"product_brand":[22],"product_cat":[95,85,19],"product_tag":[],"class_list":{"0":"post-2307","1":"product","2":"type-product","3":"status-publish","4":"has-post-thumbnail","6":"product_brand-mikado","7":"product_cat-parasole","8":"product_cat-stanowisko-wedkarskie","9":"product_cat-grunt","11":"first","12":"instock","13":"shipping-taxable","14":"purchasable","15":"product-type-simple"},"_links":{"self":[{"href":"https:\/\/kotlinafishing.pl\/index.php?rest_route=\/wp\/v2\/product\/2307","targetHints":{"allow":["GET"]}}],"collection":[{"href":"https:\/\/kotlinafishing.pl\/index.php?rest_route=\/wp\/v2\/product"}],"about":[{"href":"https:\/\/kotlinafishing.pl\/index.php?rest_route=\/wp\/v2\/types\/product"}],"wp:featuredmedia":[{"embeddable":true,"href":"https:\/\/kotlinafishing.pl\/index.php?rest_route=\/wp\/v2\/media\/2322"}],"wp:attachment":[{"href":"https:\/\/kotlinafishing.pl\/index.php?rest_route=%2Fwp%2Fv2%2Fmedia&parent=2307"}],"wp:term":[{"taxonomy":"product_brand","embeddable":true,"href":"https:\/\/kotlinafishing.pl\/index.php?rest_route=%2Fwp%2Fv2%2Fproduct_brand&post=2307"},{"taxonomy":"product_cat","embeddable":true,"href":"https:\/\/kotlinafishing.pl\/index.php?rest_route=%2Fwp%2Fv2%2Fproduct_cat&post=2307"},{"taxonomy":"product_tag","embeddable":true,"href":"https:\/\/kotlinafishing.pl\/index.php?rest_route=%2Fwp%2Fv2%2Fproduct_tag&post=2307"}],"curies":[{"name":"wp","href":"https:\/\/api.w.org\/{rel}","templated":true}]}}