{"id":2306,"date":"2025-12-18T15:23:49","date_gmt":"2025-12-18T14:23:49","guid":{"rendered":"http:\/\/kotlinafishing.pl\/?post_type=product&#038;p=2306"},"modified":"2025-12-20T19:41:01","modified_gmt":"2025-12-20T18:41:01","slug":"uchwyt-do-parasola-mikado-wkrecany","status":"publish","type":"product","link":"https:\/\/kotlinafishing.pl\/?product=uchwyt-do-parasola-mikado-wkrecany","title":{"rendered":"Uchwyt do parasola Mikado wkr\u0119cany"},"content":{"rendered":"<p>Seria bardzo stabilnych, stalowych uchwyt\u00f3w do stawiania parasola. Produkt zapewnia niezb\u0119dn\u0105 stabilno\u015b\u0107 i dzi\u0119ki odpowiednio wyprofilowanemu ostrzu, pozwala \u0142atwiej wbi\u0107 lub wkr\u0119ci\u0107 stojak w pod\u0142o\u017ce. Skr\u0119cane zabezpieczanie stabilizuje wstawiony parasol.<\/p>\n","protected":false},"excerpt":{"rendered":"<p>Seria bardzo stabilnych, stalowych uchwyt\u00f3w do stawiania parasola. Produkt zapewnia niezb\u0119dn\u0105 stabilno\u015b\u0107 i dzi\u0119ki odpowiednio wyprofilowanemu ostrzu, pozwala \u0142atwiej wbi\u0107 lub wkr\u0119ci\u0107 stojak w pod\u0142o\u017ce. Skr\u0119cane zabezpieczanie stabilizuje wstawiony parasol.<\/p>\n","protected":false},"featured_media":2321,"template":"","meta":[],"product_brand":[22],"product_cat":[95,85,19],"product_tag":[],"class_list":{"0":"post-2306","1":"product","2":"type-product","3":"status-publish","4":"has-post-thumbnail","6":"product_brand-mikado","7":"product_cat-parasole","8":"product_cat-stanowisko-wedkarskie","9":"product_cat-grunt","11":"first","12":"instock","13":"shipping-taxable","14":"purchasable","15":"product-type-simple"},"_links":{"self":[{"href":"https:\/\/kotlinafishing.pl\/index.php?rest_route=\/wp\/v2\/product\/2306","targetHints":{"allow":["GET"]}}],"collection":[{"href":"https:\/\/kotlinafishing.pl\/index.php?rest_route=\/wp\/v2\/product"}],"about":[{"href":"https:\/\/kotlinafishing.pl\/index.php?rest_route=\/wp\/v2\/types\/product"}],"wp:featuredmedia":[{"embeddable":true,"href":"https:\/\/kotlinafishing.pl\/index.php?rest_route=\/wp\/v2\/media\/2321"}],"wp:attachment":[{"href":"https:\/\/kotlinafishing.pl\/index.php?rest_route=%2Fwp%2Fv2%2Fmedia&parent=2306"}],"wp:term":[{"taxonomy":"product_brand","embeddable":true,"href":"https:\/\/kotlinafishing.pl\/index.php?rest_route=%2Fwp%2Fv2%2Fproduct_brand&post=2306"},{"taxonomy":"product_cat","embeddable":true,"href":"https:\/\/kotlinafishing.pl\/index.php?rest_route=%2Fwp%2Fv2%2Fproduct_cat&post=2306"},{"taxonomy":"product_tag","embeddable":true,"href":"https:\/\/kotlinafishing.pl\/index.php?rest_route=%2Fwp%2Fv2%2Fproduct_tag&post=2306"}],"curies":[{"name":"wp","href":"https:\/\/api.w.org\/{rel}","templated":true}]}}