{"id":2304,"date":"2025-12-18T15:16:49","date_gmt":"2025-12-18T14:16:49","guid":{"rendered":"http:\/\/kotlinafishing.pl\/?post_type=product&#038;p=2304"},"modified":"2026-03-29T19:51:27","modified_gmt":"2026-03-29T17:51:27","slug":"fajka-delphin-atoma-multi-23cm","status":"publish","type":"product","link":"https:\/\/kotlinafishing.pl\/?product=fajka-delphin-atoma-multi-23cm","title":{"rendered":"Fajka Delphin Atoma Multi (23cm)"},"content":{"rendered":"<p>Uniwersalne fajka do kosza lub fotela w kszta\u0142cie litery L, odpowiednie do u\u017cycia w po\u0142\u0105czeniu z uchwytem na w\u0119dk\u0119 lub jako uchwyt na siatk\u0119. Mo\u017ce by\u0107 r\u00f3wnie\u017c u\u017cywane jako osobne tylne rami\u0119 na w\u0119dk\u0119. Posiada mocowanie o zmiennej \u015brednicy 25, 30 i 36 mm, dzi\u0119ki czemu pasuje do prawie wszystkich krzese\u0142 produkowanych standardowo na rynku. Zalet\u0105 systemu jest r\u00f3wnie\u017c to, \u017ce jest on wyposa\u017cony w klips, dzi\u0119ki czemu nie jest konieczne zdejmowanie ca\u0142ego systemu z krzes\u0142a. Po prostu odblokuj klips i wyci\u0105gnij rami\u0119, podczas gdy reszta systemu pozostaje gotowe na krze\u015ble. Kolejn\u0105 jego zalet\u0105 jest to, \u017ce pasuje do kilku ramion z serii <strong>ATOMA<\/strong>. Dzi\u0119ki temu ramiona mo\u017cna dowolnie zmienia\u0107 bez konieczno\u015bci zdejmowania ca\u0142ego systemu. Rami\u0119 posiada standardowy gwint ale r\u00f3wnie\u017c \u0142\u0105cznik z gwintem o wi\u0119kszej \u015brednicy. Dzi\u0119ki temu ka\u017cdy standardowo produkowany uchwyt na w\u0119dk\u0119 czy siatka &#8222;pasuje&#8221; do niego.<\/p>\n<p><strong>Parametry techniczne:<\/strong><br \/>\nD\u0142ugo\u015b\u0107 ca\u0142kowita: 230mm<br \/>\n\u015arednica: 16mm<br \/>\n\u015arednica uchwytu: 25,30,36mm<\/p>\n","protected":false},"excerpt":{"rendered":"<p>Uniwersalne fajka do kosza lub fotela w kszta\u0142cie litery L, odpowiednie do u\u017cycia w po\u0142\u0105czeniu z uchwytem na w\u0119dk\u0119 lub jako uchwyt na siatk\u0119. Mo\u017ce by\u0107 r\u00f3wnie\u017c u\u017cywane jako osobne tylne rami\u0119 na w\u0119dk\u0119. Posiada mocowanie o zmiennej \u015brednicy 25, 30 i 36 mm, dzi\u0119ki czemu pasuje do prawie wszystkich krzese\u0142 produkowanych standardowo na rynku. Zalet\u0105 systemu jest r\u00f3wnie\u017c to, \u017ce jest on wyposa\u017cony w klips, dzi\u0119ki czemu nie jest konieczne zdejmowanie ca\u0142ego systemu z krzes\u0142a. Po prostu odblokuj klips i wyci\u0105gnij rami\u0119, podczas gdy reszta systemu pozostaje gotowe na krze\u015ble. Kolejn\u0105 jego zalet\u0105 jest to, \u017ce pasuje do kilku ramion z serii <strong>ATOMA<\/strong>. Dzi\u0119ki temu ramiona mo\u017cna dowolnie zmienia\u0107 bez konieczno\u015bci zdejmowania ca\u0142ego systemu. Rami\u0119 posiada standardowy gwint ale r\u00f3wnie\u017c \u0142\u0105cznik z gwintem o wi\u0119kszej \u015brednicy. Dzi\u0119ki temu ka\u017cdy standardowo produkowany uchwyt na w\u0119dk\u0119 czy siatka &#8222;pasuje&#8221; do niego.<\/p>\n<p><strong>Parametry techniczne:<\/strong><br \/>\nD\u0142ugo\u015b\u0107 ca\u0142kowita: 230mm<br \/>\n\u015arednica: 16mm<br \/>\n\u015arednica uchwytu: 25,30,36mm<\/p>\n","protected":false},"featured_media":2334,"template":"","meta":[],"product_brand":[97],"product_cat":[261,85,19],"product_tag":[],"class_list":{"0":"post-2304","1":"product","2":"type-product","3":"status-publish","4":"has-post-thumbnail","6":"product_brand-delphin","7":"product_cat-fajki","8":"product_cat-stanowisko-wedkarskie","9":"product_cat-grunt","11":"first","12":"instock","13":"shipping-taxable","14":"purchasable","15":"product-type-simple"},"_links":{"self":[{"href":"https:\/\/kotlinafishing.pl\/index.php?rest_route=\/wp\/v2\/product\/2304","targetHints":{"allow":["GET"]}}],"collection":[{"href":"https:\/\/kotlinafishing.pl\/index.php?rest_route=\/wp\/v2\/product"}],"about":[{"href":"https:\/\/kotlinafishing.pl\/index.php?rest_route=\/wp\/v2\/types\/product"}],"wp:featuredmedia":[{"embeddable":true,"href":"https:\/\/kotlinafishing.pl\/index.php?rest_route=\/wp\/v2\/media\/2334"}],"wp:attachment":[{"href":"https:\/\/kotlinafishing.pl\/index.php?rest_route=%2Fwp%2Fv2%2Fmedia&parent=2304"}],"wp:term":[{"taxonomy":"product_brand","embeddable":true,"href":"https:\/\/kotlinafishing.pl\/index.php?rest_route=%2Fwp%2Fv2%2Fproduct_brand&post=2304"},{"taxonomy":"product_cat","embeddable":true,"href":"https:\/\/kotlinafishing.pl\/index.php?rest_route=%2Fwp%2Fv2%2Fproduct_cat&post=2304"},{"taxonomy":"product_tag","embeddable":true,"href":"https:\/\/kotlinafishing.pl\/index.php?rest_route=%2Fwp%2Fv2%2Fproduct_tag&post=2304"}],"curies":[{"name":"wp","href":"https:\/\/api.w.org\/{rel}","templated":true}]}}