{"id":2279,"date":"2025-12-10T15:46:25","date_gmt":"2025-12-10T14:46:25","guid":{"rendered":"http:\/\/kotlinafishing.pl\/?post_type=product&#038;p=2279"},"modified":"2026-02-21T19:56:58","modified_gmt":"2026-02-21T18:56:58","slug":"delphin-realix-3d-13cm-trout-1szt","status":"publish","type":"product","link":"https:\/\/kotlinafishing.pl\/?product=delphin-realix-3d-13cm-trout-1szt","title":{"rendered":"Delphin Realix 3D 13cm &#8211; Trout (1szt.)"},"content":{"rendered":"<p><strong>Delphin Realix 3D<\/strong> to sztuczna przyn\u0119ta z mi\u0119kkim ogonkiem, kt\u00f3ra doskonale imituje ma\u0142\u0105 rybk\u0119 w wodzie. Jej rozmiar jest dostosowany do \u0142owienia wi\u0119kszych drapie\u017cnik\u00f3w, takich jak szczupaki, sandacze czy sumy.<\/p>\n<p>Jak sama nazwa wskazuje, jej g\u0142\u00f3wn\u0105 cech\u0105 wyr\u00f3\u017cniaj\u0105c\u0105 jest realistyczny wygl\u0105d, kt\u00f3ry pokazuje nawet najmniejsze szczeg\u00f3\u0142y. Elementami, kt\u00f3re pot\u0119guj\u0105 to wra\u017cenie s\u0105 wypuk\u0142o\u015bci i wg\u0142\u0119bienia imituj\u0105ce \u017cebra, \u0142uki skrzelowe i p\u0142etwy. Aby przyn\u0119ta by\u0142a jeszcze bardziej atrakcyjna i widoczna, jej ogon jest barwiony farbami aktywnymi w \u015bwietle UV.<\/p>\n<p>Podczas prowadzenia przyn\u0119ty, ogon silnie pracuje na boki, tworz\u0105c intensywne wibracje, kt\u00f3re stymuluj\u0105 zmys\u0142y drapie\u017cnik\u00f3w. Przyn\u0119ta sprawdza si\u0119 doskonale nawet przy powolnym zwijaniu i przy u\u017cyciu lekkich g\u0142\u00f3wek.<\/p>\n<p>Warianty kolorystyczne przyn\u0119ty \u015bci\u015ble imituj\u0105 r\u00f3\u017cne gatunki ryb, takie jak szczupak, pstr\u0105g czy oko\u0144. Dost\u0119pne s\u0105 jednak r\u00f3wnie\u017c niekonwencjonalne wersje kolorystyczne, kt\u00f3re na\u015bladuj\u0105 mysz, w\u0119\u017ca lub r\u00f3\u017cow\u0105 kombinacj\u0119 z wzorem graffiti pod nazw\u0105 Urban. Materia\u0142 charakteryzuje si\u0119 wyj\u0105tkow\u0105 trwa\u0142o\u015bci\u0105 , co pozwala przyn\u0119cie wytrzyma\u0107 wielokrotne ataki drapie\u017cnik\u00f3w.<\/p>\n<p>Doskona\u0142y realistyczny design i bezb\u0142\u0119dny ruch przyn\u0119ty mog\u0105 oszuka\u0107 nawet najbardziej ostro\u017cne drapie\u017cniki i zagwarantowa\u0107 cz\u0119ste brania podczas \u0142owienia drapie\u017cnik\u00f3w.<\/p>\n<p><strong>Parametry techniczne:<\/strong><\/p>\n<p>Waga przyn\u0119ty: 16 g<\/p>\n<p><strong>Sprzedawane na sztuki.<\/strong><\/p>\n","protected":false},"excerpt":{"rendered":"<p>Delphin Realix 3D to sztuczna przyn\u0119ta z mi\u0119kkim ogonkiem, kt\u00f3ra doskonale imituje ma\u0142\u0105 rybk\u0119 w wodzie. Jej rozmiar jest dostosowany do \u0142owienia wi\u0119kszych drapie\u017cnik\u00f3w, takich jak szczupaki, sandacze czy sumy.<\/p>\n","protected":false},"featured_media":2361,"template":"","meta":[],"product_brand":[97],"product_cat":[195,196,194,21],"product_tag":[],"class_list":{"0":"post-2279","1":"product","2":"type-product","3":"status-publish","4":"has-post-thumbnail","6":"product_brand-delphin","7":"product_cat-gumy","8":"product_cat-kopyta","9":"product_cat-przynety-spinningowe","10":"product_cat-spinning","11":"pa_dlugosc-13cm","12":"pa_marka-delphin","14":"first","15":"instock","16":"shipping-taxable","17":"purchasable","18":"product-type-simple"},"_links":{"self":[{"href":"https:\/\/kotlinafishing.pl\/index.php?rest_route=\/wp\/v2\/product\/2279","targetHints":{"allow":["GET"]}}],"collection":[{"href":"https:\/\/kotlinafishing.pl\/index.php?rest_route=\/wp\/v2\/product"}],"about":[{"href":"https:\/\/kotlinafishing.pl\/index.php?rest_route=\/wp\/v2\/types\/product"}],"wp:featuredmedia":[{"embeddable":true,"href":"https:\/\/kotlinafishing.pl\/index.php?rest_route=\/wp\/v2\/media\/2361"}],"wp:attachment":[{"href":"https:\/\/kotlinafishing.pl\/index.php?rest_route=%2Fwp%2Fv2%2Fmedia&parent=2279"}],"wp:term":[{"taxonomy":"product_brand","embeddable":true,"href":"https:\/\/kotlinafishing.pl\/index.php?rest_route=%2Fwp%2Fv2%2Fproduct_brand&post=2279"},{"taxonomy":"product_cat","embeddable":true,"href":"https:\/\/kotlinafishing.pl\/index.php?rest_route=%2Fwp%2Fv2%2Fproduct_cat&post=2279"},{"taxonomy":"product_tag","embeddable":true,"href":"https:\/\/kotlinafishing.pl\/index.php?rest_route=%2Fwp%2Fv2%2Fproduct_tag&post=2279"}],"curies":[{"name":"wp","href":"https:\/\/api.w.org\/{rel}","templated":true}]}}