{"id":2109,"date":"2025-12-04T09:06:14","date_gmt":"2025-12-04T08:06:14","guid":{"rendered":"http:\/\/kotlinafishing.pl\/?post_type=product&#038;p=2109"},"modified":"2025-12-07T12:07:18","modified_gmt":"2025-12-07T11:07:18","slug":"wahadlowka-mikado-lazzer-spoon-35g-9","status":"publish","type":"product","link":"https:\/\/kotlinafishing.pl\/?product=wahadlowka-mikado-lazzer-spoon-35g-9","title":{"rendered":"Wahad\u0142\u00f3wka Mikado Lazzer Spoon 3,5g\/9"},"content":{"rendered":"<p>Lazzer spoon to ma\u0142a, uniwersalna wahad\u0142\u00f3wka przeznaczona do po\u0142owu pstr\u0105g\u00f3w, okoni oraz kleni. Uzbrojona w bardzo ostry i mocny hak z mikro zadziorem. W komplecie znajduje si\u0119 r\u00f3wnie\u017c dodatkowy, bezzadziorowy haczyk.<\/p>\n","protected":false},"excerpt":{"rendered":"<p>Lazzer spoon to ma\u0142a, uniwersalna wahad\u0142\u00f3wka przeznaczona do po\u0142owu pstr\u0105g\u00f3w, okoni oraz kleni. Uzbrojona w bardzo ostry i mocny hak z mikro zadziorem. W komplecie znajduje si\u0119 r\u00f3wnie\u017c dodatkowy, bezzadziorowy haczyk.<\/p>\n","protected":false},"featured_media":2202,"template":"","meta":[],"product_brand":[22],"product_cat":[15],"product_tag":[],"class_list":{"0":"post-2109","1":"product","2":"type-product","3":"status-publish","4":"has-post-thumbnail","6":"product_brand-mikado","7":"product_cat-bez-kategorii","9":"first","10":"instock","11":"shipping-taxable","12":"purchasable","13":"product-type-simple"},"_links":{"self":[{"href":"https:\/\/kotlinafishing.pl\/index.php?rest_route=\/wp\/v2\/product\/2109","targetHints":{"allow":["GET"]}}],"collection":[{"href":"https:\/\/kotlinafishing.pl\/index.php?rest_route=\/wp\/v2\/product"}],"about":[{"href":"https:\/\/kotlinafishing.pl\/index.php?rest_route=\/wp\/v2\/types\/product"}],"wp:featuredmedia":[{"embeddable":true,"href":"https:\/\/kotlinafishing.pl\/index.php?rest_route=\/wp\/v2\/media\/2202"}],"wp:attachment":[{"href":"https:\/\/kotlinafishing.pl\/index.php?rest_route=%2Fwp%2Fv2%2Fmedia&parent=2109"}],"wp:term":[{"taxonomy":"product_brand","embeddable":true,"href":"https:\/\/kotlinafishing.pl\/index.php?rest_route=%2Fwp%2Fv2%2Fproduct_brand&post=2109"},{"taxonomy":"product_cat","embeddable":true,"href":"https:\/\/kotlinafishing.pl\/index.php?rest_route=%2Fwp%2Fv2%2Fproduct_cat&post=2109"},{"taxonomy":"product_tag","embeddable":true,"href":"https:\/\/kotlinafishing.pl\/index.php?rest_route=%2Fwp%2Fv2%2Fproduct_tag&post=2109"}],"curies":[{"name":"wp","href":"https:\/\/api.w.org\/{rel}","templated":true}]}}