{"id":2057,"date":"2025-11-28T15:11:36","date_gmt":"2025-11-28T14:11:36","guid":{"rendered":"http:\/\/kotlinafishing.pl\/?post_type=product&#038;p=2057"},"modified":"2026-02-15T19:31:48","modified_gmt":"2026-02-15T18:31:48","slug":"leadcore-esp-45lb-7m","status":"publish","type":"product","link":"https:\/\/kotlinafishing.pl\/?product=leadcore-esp-45lb-7m","title":{"rendered":"Leadcore ESP 45lb 7m"},"content":{"rendered":"<p data-path-to-node=\"1\"><b>Leadcore ESP<\/b> to profesjonalny, gotowy do u\u017cycia, wysokiej jako\u015bci materia\u0142, kt\u00f3ry jest <b>niezb\u0119dny<\/b> do budowania bezpiecznych i maksymalnie zamaskowanych ko\u0144cowych odcink\u00f3w zestaw\u00f3w karpiowych.<\/p>\n<p data-path-to-node=\"2\">Kluczowe Cechy<\/p>\n<ul data-path-to-node=\"3\">\n<li>\n<p data-path-to-node=\"3,0,0\"><b>Ekstremalnie Ci\u0119\u017cki (Leadcore):<\/b> Materia\u0142 zawiera <b>o\u0142owiany rdze\u0144<\/b>, dzi\u0119ki czemu jest <b>niezwykle ci\u0119\u017cki<\/b> i natychmiastowo <b>tonie oraz przylega do dna<\/b>. To kluczowe, by ukry\u0107 ko\u0144cowy odcinek zestawu przed ostro\u017cnymi karpiami.<\/p>\n<\/li>\n<li>\n<p data-path-to-node=\"3,1,0\"><b>Moc 45lb (20,4 kg):<\/b> Wytrzyma\u0142o\u015b\u0107 <b>45 funt\u00f3w<\/b> gwarantuje, \u017ce materia\u0142 wytrzyma najwi\u0119ksze obci\u0105\u017cenia podczas rzut\u00f3w oraz walk\u0119 z rekordowymi okazami karpi.<\/p>\n<\/li>\n<li>\n<p data-path-to-node=\"3,2,0\"><b>Wysoka Odporno\u015b\u0107 na \u015acieranie:<\/b> Zewn\u0119trzna, ciasno pleciona pow\u0142oka jest <b>bardzo odporna na przetarcia i uszkodzenia mechaniczne<\/b>, co jest wa\u017cne na \u017cwirowych, kamienistych i zaro\u015bni\u0119tych \u0142owiskach.<\/p>\n<\/li>\n<li>\n<p data-path-to-node=\"3,3,0\"><b>Doskona\u0142y Kamufla\u017c:<\/b> Leadcore ESP jest dost\u0119pny w stonowanych kolorach (np. kamufla\u017c zielony, br\u0105zowy, piaskowy), kt\u00f3re idealnie wtapiaj\u0105 si\u0119 w otoczenie.<\/p>\n<\/li>\n<li>\n<p data-path-to-node=\"3,4,0\"><b>Bezpiecze\u0144stwo Zestawu:<\/b> U\u017cycie leadcore&#8217;u jest cz\u0119sto <b>wymagane na \u0142owiskach komercyjnych<\/b>, poniewa\u017c pozwala na bezpieczne oddzielenie ci\u0119\u017carka w razie zerwania zestawu, chroni\u0105c ryb\u0119.<\/p>\n<\/li>\n<\/ul>\n<p data-path-to-node=\"4\">Ten 7-metrowy odcinek pozwala na przygotowanie optymalnej liczby lider\u00f3w, zapewniaj\u0105c <b>najwy\u017cszy poziom bezpiecze\u0144stwa i kamufla\u017cu<\/b> Twojego zestawu ko\u0144cowego.<\/p>\n","protected":false},"excerpt":{"rendered":"<p><b>Leadcore ESP<\/b> to profesjonalny, gotowy do u\u017cycia, wysokiej jako\u015bci materia\u0142, kt\u00f3ry jest <b>niezb\u0119dny<\/b> do budowania bezpiecznych i maksymalnie zamaskowanych ko\u0144cowych odcink\u00f3w zestaw\u00f3w karpiowych.<\/p>\n","protected":false},"featured_media":2850,"template":"","meta":[],"product_brand":[234],"product_cat":[236,20,179],"product_tag":[],"class_list":{"0":"post-2057","1":"product","2":"type-product","3":"status-publish","4":"has-post-thumbnail","6":"product_brand-esp","7":"product_cat-leadcory","8":"product_cat-karp","9":"product_cat-zylki-plecionki-linki","11":"first","12":"instock","13":"shipping-taxable","14":"purchasable","15":"product-type-variable"},"_links":{"self":[{"href":"https:\/\/kotlinafishing.pl\/index.php?rest_route=\/wp\/v2\/product\/2057","targetHints":{"allow":["GET"]}}],"collection":[{"href":"https:\/\/kotlinafishing.pl\/index.php?rest_route=\/wp\/v2\/product"}],"about":[{"href":"https:\/\/kotlinafishing.pl\/index.php?rest_route=\/wp\/v2\/types\/product"}],"wp:featuredmedia":[{"embeddable":true,"href":"https:\/\/kotlinafishing.pl\/index.php?rest_route=\/wp\/v2\/media\/2850"}],"wp:attachment":[{"href":"https:\/\/kotlinafishing.pl\/index.php?rest_route=%2Fwp%2Fv2%2Fmedia&parent=2057"}],"wp:term":[{"taxonomy":"product_brand","embeddable":true,"href":"https:\/\/kotlinafishing.pl\/index.php?rest_route=%2Fwp%2Fv2%2Fproduct_brand&post=2057"},{"taxonomy":"product_cat","embeddable":true,"href":"https:\/\/kotlinafishing.pl\/index.php?rest_route=%2Fwp%2Fv2%2Fproduct_cat&post=2057"},{"taxonomy":"product_tag","embeddable":true,"href":"https:\/\/kotlinafishing.pl\/index.php?rest_route=%2Fwp%2Fv2%2Fproduct_tag&post=2057"}],"curies":[{"name":"wp","href":"https:\/\/api.w.org\/{rel}","templated":true}]}}