{"id":2032,"date":"2025-11-24T15:06:46","date_gmt":"2025-11-24T14:06:46","guid":{"rendered":"http:\/\/kotlinafishing.pl\/?post_type=product&#038;p=2032"},"modified":"2025-11-24T15:07:31","modified_gmt":"2025-11-24T14:07:31","slug":"sygnalizator-bran-hanger-led-delphin-lightblock-op-1szt","status":"publish","type":"product","link":"https:\/\/kotlinafishing.pl\/?product=sygnalizator-bran-hanger-led-delphin-lightblock-op-1szt","title":{"rendered":"Sygnalizator bra\u0144 hanger LED Delphin LightBLOCK (op. 1szt.)"},"content":{"rendered":"<p>Sygnalizator bra\u0144 o unikalnej konstrukcji zawieraj\u0105cej diod\u0119 LED. Nie przegapisz \u017cadnego brania, a dodatkowo poprawi wygl\u0105d Twojego sprz\u0119tu. Zaprojektowany w kszta\u0142cie kryszta\u0142u, niespotykany w innych sygnalizatorach bra\u0144 dost\u0119pnych na rynku.<\/p>\n<p>Mechanizm utrzymuj\u0105cy link\u0119 sk\u0142ada si\u0119 z dw\u00f3ch ma\u0142ych kulek, a napi\u0119cie mo\u017cna regulowa\u0107 za pomoc\u0105 ma\u0142ego pokr\u0119t\u0142a.<\/p>\n<p><strong>Delphin LightBLOCK<\/strong> wyposa\u017cony jest w elektroniczne z\u0142\u0105cze sygnalizatora bra\u0144. Po jego pod\u0142\u0105czeniu dioda LED za\u015bwieci przyt\u0142umionym \u015bwiat\u0142em (zgodnie z kolorem g\u0142\u00f3wki), kt\u00f3re pozwala dostrzec sygnalizacj\u0119 brania w nocy.<\/p>\n<p>Wykonany jest z trwa\u0142ego, przezroczystego tworzywa, dost\u0119pny w 7 kolorach, aby wybra\u0107 ten, kt\u00f3ry najbardziej Ci odpowiada.<\/p>\n<p>W przypadku z\u0142ej pogody lub podczas \u0142owienia na du\u017cej odleg\u0142o\u015bci istnieje mo\u017cliwo\u015b\u0107 doci\u0105\u017cenia jej dodatkowymi ci\u0119\u017carkami HeavyBLOCK.<\/p>\n<p><strong>Informacje techniczne:<\/strong><br \/>\nWymiary g\u0142\u00f3wki: 45,5x17x17 mm<br \/>\nD\u0142ugo\u015b\u0107 linki: 17 cm<br \/>\nDodatkowy ci\u0119\u017car: 8 g<br \/>\nWaga ca\u0142kowita: 25 g<\/p>\n","protected":false},"excerpt":{"rendered":"<p>Sygnalizator bra\u0144 o unikalnej konstrukcji zawieraj\u0105cej diod\u0119 LED. Nie przegapisz \u017cadnego brania, a dodatkowo poprawi wygl\u0105d Twojego sprz\u0119tu. Zaprojektowany w kszta\u0142cie kryszta\u0142u, niespotykany w innych sygnalizatorach bra\u0144 dost\u0119pnych na rynku.<\/p>\n","protected":false},"featured_media":0,"template":"","meta":[],"product_brand":[97],"product_cat":[230,232,20],"product_tag":[],"class_list":{"0":"post-2032","1":"product","2":"type-product","3":"status-publish","5":"product_brand-delphin","6":"product_cat-stanowisko-karpiowe","7":"product_cat-swingery-hangery","8":"product_cat-karp","10":"first","11":"instock","12":"shipping-taxable","13":"purchasable","14":"product-type-simple"},"_links":{"self":[{"href":"https:\/\/kotlinafishing.pl\/index.php?rest_route=\/wp\/v2\/product\/2032","targetHints":{"allow":["GET"]}}],"collection":[{"href":"https:\/\/kotlinafishing.pl\/index.php?rest_route=\/wp\/v2\/product"}],"about":[{"href":"https:\/\/kotlinafishing.pl\/index.php?rest_route=\/wp\/v2\/types\/product"}],"wp:attachment":[{"href":"https:\/\/kotlinafishing.pl\/index.php?rest_route=%2Fwp%2Fv2%2Fmedia&parent=2032"}],"wp:term":[{"taxonomy":"product_brand","embeddable":true,"href":"https:\/\/kotlinafishing.pl\/index.php?rest_route=%2Fwp%2Fv2%2Fproduct_brand&post=2032"},{"taxonomy":"product_cat","embeddable":true,"href":"https:\/\/kotlinafishing.pl\/index.php?rest_route=%2Fwp%2Fv2%2Fproduct_cat&post=2032"},{"taxonomy":"product_tag","embeddable":true,"href":"https:\/\/kotlinafishing.pl\/index.php?rest_route=%2Fwp%2Fv2%2Fproduct_tag&post=2032"}],"curies":[{"name":"wp","href":"https:\/\/api.w.org\/{rel}","templated":true}]}}