{"id":1912,"date":"2025-11-13T09:26:12","date_gmt":"2025-11-13T08:26:12","guid":{"rendered":"http:\/\/kotlinafishing.pl\/?post_type=product&#038;p=1912"},"modified":"2025-11-23T12:16:18","modified_gmt":"2025-11-23T11:16:18","slug":"pudelko-na-przypony-karpiowe-delphin-c-rig-box","status":"publish","type":"product","link":"https:\/\/kotlinafishing.pl\/?product=pudelko-na-przypony-karpiowe-delphin-c-rig-box","title":{"rendered":"Pude\u0142ko na przypony karpiowe Delphin C-RIG BOX"},"content":{"rendered":"<p>Bardzo praktyczny twardy pi\u00f3rnik <strong>Delphin C-RIGBOX<\/strong> na karpiowe przypony.Wewn\u0105trz znajduje si\u0119 plastikowa cz\u0119\u015b\u0107 zatrzaskowa do mocowania hak\u00f3w oraz pianka o wymiarach 260&#215;69 mm, w kt\u00f3r\u0105 mo\u017cna przymocowa\u0107 koniec przyponu za pomoc\u0105 do\u0142\u0105czonych szpilek. 20 sztuk \u017c\u00f3\u0142tych szpilek jest w dw\u00f3ch zamykanych przegrodach. Pi\u00f3rnik w kolorze ciemnozielonym zamykany jest szar\u0105, przezroczyst\u0105 pokryw\u0105 na trzech zawiasach z dwoma zamkni\u0119ciami. Na pokrywie znajduje si\u0119 praktyczna skala w centymetrach (30 cm) i calach (12 \u201d). Niedrogi i bardzo praktyczny element wyposa\u017cenia nie tylko dla karpiarzy.<\/p>\n<p><strong>Parametry techniczne:<\/strong><br \/>\nWymiary: 348x85x25mm<br \/>\nPojemno\u015b\u0107 koperty: 20 sztuk z max. 30cm<br \/>\nWaga: 193g<\/p>\n","protected":false},"excerpt":{"rendered":"<p>Bardzo praktyczny twardy pi\u00f3rnik <strong>Delphin C-RIGBOX<\/strong> na karpiowe przypony.Wewn\u0105trz znajduje si\u0119 plastikowa cz\u0119\u015b\u0107 zatrzaskowa do mocowania hak\u00f3w oraz pianka o wymiarach 260&#215;69 mm, w kt\u00f3r\u0105 mo\u017cna przymocowa\u0107 koniec przyponu za pomoc\u0105 do\u0142\u0105czonych szpilek. 20 sztuk \u017c\u00f3\u0142tych szpilek jest w dw\u00f3ch zamykanych przegrodach. Pi\u00f3rnik w kolorze ciemnozielonym zamykany jest szar\u0105, przezroczyst\u0105 pokryw\u0105 na trzech zawiasach z dwoma zamkni\u0119ciami. Na pokrywie znajduje si\u0119 praktyczna skala w centymetrach (30 cm) i calach (12 \u201d). Niedrogi i bardzo praktyczny element wyposa\u017cenia nie tylko dla karpiarzy.<\/p>\n","protected":false},"featured_media":2022,"template":"","meta":[],"product_brand":[97],"product_cat":[225,228,20],"product_tag":[],"class_list":{"0":"post-1912","1":"product","2":"type-product","3":"status-publish","4":"has-post-thumbnail","6":"product_brand-delphin","7":"product_cat-haczyki-karpiowe-przypony-i-akcesoria","8":"product_cat-pudelka-na-przypony-karpiowe","9":"product_cat-karp","11":"first","12":"instock","13":"shipping-taxable","14":"purchasable","15":"product-type-simple"},"_links":{"self":[{"href":"https:\/\/kotlinafishing.pl\/index.php?rest_route=\/wp\/v2\/product\/1912","targetHints":{"allow":["GET"]}}],"collection":[{"href":"https:\/\/kotlinafishing.pl\/index.php?rest_route=\/wp\/v2\/product"}],"about":[{"href":"https:\/\/kotlinafishing.pl\/index.php?rest_route=\/wp\/v2\/types\/product"}],"wp:featuredmedia":[{"embeddable":true,"href":"https:\/\/kotlinafishing.pl\/index.php?rest_route=\/wp\/v2\/media\/2022"}],"wp:attachment":[{"href":"https:\/\/kotlinafishing.pl\/index.php?rest_route=%2Fwp%2Fv2%2Fmedia&parent=1912"}],"wp:term":[{"taxonomy":"product_brand","embeddable":true,"href":"https:\/\/kotlinafishing.pl\/index.php?rest_route=%2Fwp%2Fv2%2Fproduct_brand&post=1912"},{"taxonomy":"product_cat","embeddable":true,"href":"https:\/\/kotlinafishing.pl\/index.php?rest_route=%2Fwp%2Fv2%2Fproduct_cat&post=1912"},{"taxonomy":"product_tag","embeddable":true,"href":"https:\/\/kotlinafishing.pl\/index.php?rest_route=%2Fwp%2Fv2%2Fproduct_tag&post=1912"}],"curies":[{"name":"wp","href":"https:\/\/api.w.org\/{rel}","templated":true}]}}