{"id":1908,"date":"2025-11-13T09:01:16","date_gmt":"2025-11-13T08:01:16","guid":{"rendered":"http:\/\/kotlinafishing.pl\/?post_type=product&#038;p=1908"},"modified":"2025-11-23T10:04:01","modified_gmt":"2025-11-23T09:04:01","slug":"pudelko-spinningowe-dwustronne-h1903","status":"publish","type":"product","link":"https:\/\/kotlinafishing.pl\/?product=pudelko-spinningowe-dwustronne-h1903","title":{"rendered":"Pude\u0142ko spinningowe dwustronne H1903"},"content":{"rendered":"<p>Solidne dwustronne pude\u0142ko na drobne akcesoria, kt\u00f3re u\u0142atwia organizacj\u0119 sprz\u0119tu w\u0119dkarskiego. \u015awietnie sprawdza si\u0119 do przechowywania agrafek, hak\u00f3w czy mniejszych przyn\u0119t. Posiada 10 przegr\u00f3dek o r\u00f3\u017cnej wielko\u015bci.<\/p>\n<p><strong>Wymiary:<\/strong> 10.7&#215;7.4x3cm<\/p>\n","protected":false},"excerpt":{"rendered":"<p>Solidne dwustronne pude\u0142ko na drobne akcesoria, kt\u00f3re u\u0142atwia organizacj\u0119 sprz\u0119tu w\u0119dkarskiego. \u015awietnie sprawdza si\u0119 do przechowywania agrafek, hak\u00f3w czy mniejszych przyn\u0119t. Posiada 10 przegr\u00f3dek o r\u00f3\u017cnej wielko\u015bci.<\/p>\n","protected":false},"featured_media":1979,"template":"","meta":[],"product_brand":[22],"product_cat":[222,21],"product_tag":[],"class_list":{"0":"post-1908","1":"product","2":"type-product","3":"status-publish","4":"has-post-thumbnail","6":"product_brand-mikado","7":"product_cat-pudelka-spinningowe","8":"product_cat-spinning","10":"first","11":"instock","12":"shipping-taxable","13":"purchasable","14":"product-type-simple"},"_links":{"self":[{"href":"https:\/\/kotlinafishing.pl\/index.php?rest_route=\/wp\/v2\/product\/1908","targetHints":{"allow":["GET"]}}],"collection":[{"href":"https:\/\/kotlinafishing.pl\/index.php?rest_route=\/wp\/v2\/product"}],"about":[{"href":"https:\/\/kotlinafishing.pl\/index.php?rest_route=\/wp\/v2\/types\/product"}],"wp:featuredmedia":[{"embeddable":true,"href":"https:\/\/kotlinafishing.pl\/index.php?rest_route=\/wp\/v2\/media\/1979"}],"wp:attachment":[{"href":"https:\/\/kotlinafishing.pl\/index.php?rest_route=%2Fwp%2Fv2%2Fmedia&parent=1908"}],"wp:term":[{"taxonomy":"product_brand","embeddable":true,"href":"https:\/\/kotlinafishing.pl\/index.php?rest_route=%2Fwp%2Fv2%2Fproduct_brand&post=1908"},{"taxonomy":"product_cat","embeddable":true,"href":"https:\/\/kotlinafishing.pl\/index.php?rest_route=%2Fwp%2Fv2%2Fproduct_cat&post=1908"},{"taxonomy":"product_tag","embeddable":true,"href":"https:\/\/kotlinafishing.pl\/index.php?rest_route=%2Fwp%2Fv2%2Fproduct_tag&post=1908"}],"curies":[{"name":"wp","href":"https:\/\/api.w.org\/{rel}","templated":true}]}}