{"id":1907,"date":"2025-11-13T08:57:11","date_gmt":"2025-11-13T07:57:11","guid":{"rendered":"http:\/\/kotlinafishing.pl\/?post_type=product&#038;p=1907"},"modified":"2025-12-20T20:15:59","modified_gmt":"2025-12-20T19:15:59","slug":"nabierak-do-wody-lorpio-eva-water-bucket-200","status":"publish","type":"product","link":"https:\/\/kotlinafishing.pl\/?product=nabierak-do-wody-lorpio-eva-water-bucket-200","title":{"rendered":"Nabierak do wody Lorpio EVA Water Bucket 200"},"content":{"rendered":"<p>Praktyczne i estetyczne wykonane pojemniki z materia\u0142u EVA. Trwa\u0142e, odporne na p\u0119kni\u0119cia zar\u00f3wno w niskich jaki i wysokich temperaturach. Wygodne do rozrabiania i przechowywania zan\u0119t i przyn\u0119t oraz jako pude\u0142ka na r\u00f3\u017cne akcesoria w\u0119dkarskie. Pojemniki z przyciemnionym deklem z PVC ograniczaj\u0105 dost\u0119p \u015bwiat\u0142a i chroni\u0105 zan\u0119ty i przyn\u0119ty przed wysychaniem lub wilgoci\u0105. \u0141atwe do czyszczenia. 100% wodoodporne.<\/p>\n<p>&nbsp;<\/p>\n<p><strong>Pojemno\u015b\u0107: 2l<\/strong><\/p>\n","protected":false},"excerpt":{"rendered":"<p>Praktyczne i estetyczne wykonane pojemniki z materia\u0142u EVA. Trwa\u0142e, odporne na p\u0119kni\u0119cia zar\u00f3wno w niskich jaki i wysokich temperaturach. Wygodne do rozrabiania i przechowywania zan\u0119t i przyn\u0119t oraz jako pude\u0142ka na r\u00f3\u017cne akcesoria w\u0119dkarskie. Pojemniki z przyciemnionym deklem z PVC ograniczaj\u0105 dost\u0119p \u015bwiat\u0142a i chroni\u0105 zan\u0119ty i przyn\u0119ty przed wysychaniem lub wilgoci\u0105. \u0141atwe do czyszczenia. 100% wodoodporne.<\/p>\n","protected":false},"featured_media":2371,"template":"","meta":[],"product_brand":[23],"product_cat":[53,19,49],"product_tag":[],"class_list":{"0":"post-1907","1":"product","2":"type-product","3":"status-publish","4":"has-post-thumbnail","6":"product_brand-lorpio","7":"product_cat-pojemniki-eva","8":"product_cat-grunt","9":"product_cat-wiadra-miski-sita","11":"first","12":"instock","13":"shipping-taxable","14":"purchasable","15":"product-type-simple"},"_links":{"self":[{"href":"https:\/\/kotlinafishing.pl\/index.php?rest_route=\/wp\/v2\/product\/1907","targetHints":{"allow":["GET"]}}],"collection":[{"href":"https:\/\/kotlinafishing.pl\/index.php?rest_route=\/wp\/v2\/product"}],"about":[{"href":"https:\/\/kotlinafishing.pl\/index.php?rest_route=\/wp\/v2\/types\/product"}],"wp:featuredmedia":[{"embeddable":true,"href":"https:\/\/kotlinafishing.pl\/index.php?rest_route=\/wp\/v2\/media\/2371"}],"wp:attachment":[{"href":"https:\/\/kotlinafishing.pl\/index.php?rest_route=%2Fwp%2Fv2%2Fmedia&parent=1907"}],"wp:term":[{"taxonomy":"product_brand","embeddable":true,"href":"https:\/\/kotlinafishing.pl\/index.php?rest_route=%2Fwp%2Fv2%2Fproduct_brand&post=1907"},{"taxonomy":"product_cat","embeddable":true,"href":"https:\/\/kotlinafishing.pl\/index.php?rest_route=%2Fwp%2Fv2%2Fproduct_cat&post=1907"},{"taxonomy":"product_tag","embeddable":true,"href":"https:\/\/kotlinafishing.pl\/index.php?rest_route=%2Fwp%2Fv2%2Fproduct_tag&post=1907"}],"curies":[{"name":"wp","href":"https:\/\/api.w.org\/{rel}","templated":true}]}}