{"id":1906,"date":"2025-11-13T08:43:05","date_gmt":"2025-11-13T07:43:05","guid":{"rendered":"http:\/\/kotlinafishing.pl\/?post_type=product&#038;p=1906"},"modified":"2026-03-28T20:54:32","modified_gmt":"2026-03-28T19:54:32","slug":"pudelko-na-przynety-i-akcesoria-mikado-abm015","status":"publish","type":"product","link":"https:\/\/kotlinafishing.pl\/?product=pudelko-na-przynety-i-akcesoria-mikado-abm015","title":{"rendered":"Pude\u0142ko na przyn\u0119ty i akcesoria Mikado ABM015"},"content":{"rendered":"<p>\u015aredniej wielko\u015bci pude\u0142ka wykonane z trwa\u0142ego i przezroczystego tworzywa przeznaczone do przechowywania zestaw\u00f3w przyn\u0119t czy akcesori\u00f3w do jednej, konkretnej metody po\u0142owu. Zazwyczaj przewo\u017cone i przechowywane w torbach w\u0119dkarskich czy wi\u0119kszych pude\u0142kach. Daj\u0105 mo\u017cliwo\u015b\u0107 dopasowania wewn\u0119trznego podzia\u0142u do wielko\u015bci poszczeg\u00f3lnych wobler\u00f3w czy b\u0142ystek. Najcz\u0119\u015bciej u\u017cywane do segregacji przyn\u0119t spinningowych. Cz\u0119sto wykorzystywane r\u00f3wnie\u017c do przechowywania oliwek o\u0142owianych, wi\u0119kszych kr\u0119tlik\u00f3w czy sp\u0142awik\u00f3w.<\/p>\n<h4><\/h4>\n<p><strong>Wymiary:<\/strong> 17.7&#215;9.4&#215;2.9cm<\/p>\n","protected":false},"excerpt":{"rendered":"<p>\u015aredniej wielko\u015bci pude\u0142ka wykonane z trwa\u0142ego i przezroczystego tworzywa przeznaczone do przechowywania zestaw\u00f3w przyn\u0119t czy akcesori\u00f3w do jednej, konkretnej metody po\u0142owu. Zazwyczaj przewo\u017cone i przechowywane w torbach w\u0119dkarskich czy wi\u0119kszych pude\u0142kach. Daj\u0105 mo\u017cliwo\u015b\u0107 dopasowania wewn\u0119trznego podzia\u0142u do wielko\u015bci poszczeg\u00f3lnych wobler\u00f3w czy b\u0142ystek. Najcz\u0119\u015bciej u\u017cywane do segregacji przyn\u0119t spinningowych. Cz\u0119sto wykorzystywane r\u00f3wnie\u017c do przechowywania oliwek o\u0142owianych, wi\u0119kszych kr\u0119tlik\u00f3w czy sp\u0142awik\u00f3w.<\/p>\n","protected":false},"featured_media":1981,"template":"","meta":[],"product_brand":[22],"product_cat":[216,222,215,19,21],"product_tag":[],"class_list":{"0":"post-1906","1":"product","2":"type-product","3":"status-publish","4":"has-post-thumbnail","6":"product_brand-mikado","7":"product_cat-pudelka-feederowe","8":"product_cat-pudelka-spinningowe","9":"product_cat-skrzynki-pudelka-feederowe","10":"product_cat-grunt","11":"product_cat-spinning","13":"first","14":"outofstock","15":"shipping-taxable","16":"purchasable","17":"product-type-simple"},"_links":{"self":[{"href":"https:\/\/kotlinafishing.pl\/index.php?rest_route=\/wp\/v2\/product\/1906","targetHints":{"allow":["GET"]}}],"collection":[{"href":"https:\/\/kotlinafishing.pl\/index.php?rest_route=\/wp\/v2\/product"}],"about":[{"href":"https:\/\/kotlinafishing.pl\/index.php?rest_route=\/wp\/v2\/types\/product"}],"wp:featuredmedia":[{"embeddable":true,"href":"https:\/\/kotlinafishing.pl\/index.php?rest_route=\/wp\/v2\/media\/1981"}],"wp:attachment":[{"href":"https:\/\/kotlinafishing.pl\/index.php?rest_route=%2Fwp%2Fv2%2Fmedia&parent=1906"}],"wp:term":[{"taxonomy":"product_brand","embeddable":true,"href":"https:\/\/kotlinafishing.pl\/index.php?rest_route=%2Fwp%2Fv2%2Fproduct_brand&post=1906"},{"taxonomy":"product_cat","embeddable":true,"href":"https:\/\/kotlinafishing.pl\/index.php?rest_route=%2Fwp%2Fv2%2Fproduct_cat&post=1906"},{"taxonomy":"product_tag","embeddable":true,"href":"https:\/\/kotlinafishing.pl\/index.php?rest_route=%2Fwp%2Fv2%2Fproduct_tag&post=1906"}],"curies":[{"name":"wp","href":"https:\/\/api.w.org\/{rel}","templated":true}]}}