{"id":1898,"date":"2025-11-12T11:01:10","date_gmt":"2025-11-12T10:01:10","guid":{"rendered":"http:\/\/kotlinafishing.pl\/?post_type=product&#038;p=1898"},"modified":"2026-03-28T12:33:39","modified_gmt":"2026-03-28T11:33:39","slug":"koszyczek-sprezyna-delphin-cybertriple","status":"publish","type":"product","link":"https:\/\/kotlinafishing.pl\/?product=koszyczek-sprezyna-delphin-cybertriple","title":{"rendered":"Koszyczek, spr\u0119\u017cyna Delphin CyberTRIPLE"},"content":{"rendered":"<p>Delphin <strong>CyberTriple<\/strong> jest przeznaczony przede wszystkim dla w\u0119dkarzy, kt\u00f3rzy lubi\u0105 \u0142owi\u0107 z koszyczkiem zan\u0119towym. Jego aerodynamiczny kszta\u0142t zapewnia precyzyjne i niezawodne rzuty, nawet w odleg\u0142e cz\u0119\u015bci \u0142owiska.<\/p>\n<p>Korpus <strong>CyberTriple<\/strong> sk\u0142ada si\u0119 z trzech k\u0105towych \u017ceber, kt\u00f3re zwi\u0119kszaj\u0105 dok\u0142adno\u015b\u0107 rzutu i bezpiecznie utrzymuj\u0105 przyn\u0119t\u0119 w miejscu podczas lotu i po uderzeniu w wod\u0119.<\/p>\n<p>Podczas projektowania wprowadzono kilka innowacji. Istotn\u0105 zalet\u0105 jest gumowa tuleja zabezpieczaj\u0105ca, kt\u00f3ra zapobiega przesuwaniu si\u0119 korpusu podczas rzutu. Rurka jest kompatybilna z kr\u0119tlikami w rozmiarze 4 z naszej oferty, umo\u017cliwiaj\u0105c idealne dopasowanie i zapewniaj\u0105c, \u017ce przyn\u0119ta pozostanie blisko haczyka.<\/p>\n<p>Powierzchnia <strong>CyberTriple<\/strong> jest pokryta naturalnymi odcieniami br\u0105zu z czarnymi plamkami, zapewniaj\u0105c doskona\u0142y kamufla\u017c nawet po rozproszeniu mieszanki zan\u0119towej.<\/p>\n","protected":false},"excerpt":{"rendered":"<p>Delphin <strong>CyberTriple<\/strong> jest przeznaczony przede wszystkim dla w\u0119dkarzy, kt\u00f3rzy lubi\u0105 \u0142owi\u0107 z koszyczkiem zan\u0119towym. Jego aerodynamiczny kszta\u0142t zapewnia precyzyjne i niezawodne rzuty, nawet w odleg\u0142e cz\u0119\u015bci \u0142owiska.<\/p>\n","protected":false},"featured_media":2025,"template":"","meta":[],"product_brand":[97],"product_cat":[34,55,221],"product_tag":[],"class_list":{"0":"post-1898","1":"product","2":"type-product","3":"status-publish","4":"has-post-thumbnail","6":"product_brand-delphin","7":"product_cat-koszyczki-podajniki-foremki","8":"product_cat-podajniki-do-methody","9":"product_cat-sprezyny-zanetowe","11":"first","12":"instock","13":"shipping-taxable","14":"purchasable","15":"product-type-variable"},"_links":{"self":[{"href":"https:\/\/kotlinafishing.pl\/index.php?rest_route=\/wp\/v2\/product\/1898","targetHints":{"allow":["GET"]}}],"collection":[{"href":"https:\/\/kotlinafishing.pl\/index.php?rest_route=\/wp\/v2\/product"}],"about":[{"href":"https:\/\/kotlinafishing.pl\/index.php?rest_route=\/wp\/v2\/types\/product"}],"wp:featuredmedia":[{"embeddable":true,"href":"https:\/\/kotlinafishing.pl\/index.php?rest_route=\/wp\/v2\/media\/2025"}],"wp:attachment":[{"href":"https:\/\/kotlinafishing.pl\/index.php?rest_route=%2Fwp%2Fv2%2Fmedia&parent=1898"}],"wp:term":[{"taxonomy":"product_brand","embeddable":true,"href":"https:\/\/kotlinafishing.pl\/index.php?rest_route=%2Fwp%2Fv2%2Fproduct_brand&post=1898"},{"taxonomy":"product_cat","embeddable":true,"href":"https:\/\/kotlinafishing.pl\/index.php?rest_route=%2Fwp%2Fv2%2Fproduct_cat&post=1898"},{"taxonomy":"product_tag","embeddable":true,"href":"https:\/\/kotlinafishing.pl\/index.php?rest_route=%2Fwp%2Fv2%2Fproduct_tag&post=1898"}],"curies":[{"name":"wp","href":"https:\/\/api.w.org\/{rel}","templated":true}]}}